-- https://www.phpmyadmin.net/
--

START TRANSACTION;



-- --------------------------------------------------------

--
-- Table structure for table `banners`
--

CREATE TABLE `banners` (
  `id` int(11) NOT NULL,
  `name` varchar(100) NOT NULL,
  `image_url` text NOT NULL,
  `action_url` text NOT NULL,
  `action_type` int(11) NOT NULL,
  `visible` int(11) NOT NULL
) ENGINE=InnoDB DEFAULT CHARSET=utf8 COLLATE=utf8_unicode_ci;

--
-- Dumping data for table `banners`
--

INSERT INTO `banners` (`id`, `name`, `image_url`, `action_url`, `action_type`, `visible`) VALUES
(1, 'homeMain', 'https://blogger.googleusercontent.com/img/a/AVvXsEj5I60uoaP7GUKpOxGS4PhIjYczrtIu_oNRD0bVZfXNOmZOiHRN_uY55zpllkS2ASw4g_XbXLnIVPiCsFYyuf5rW4lg4eiCLqRyWr1rOknrlInJji3gX9wvejEapVKgOQRTsgVgPabvyv1W-T8ZcLpsQn1gD9QiGUcibPj6dSxPiz1zv3zZlDvNJZuPpQ=s1600', 'https://youtube.com', 1, 0);

-- --------------------------------------------------------

--
-- Table structure for table `deposit`
--

CREATE TABLE `deposit` (
  `id` int(11) NOT NULL,
  `user_id` int(11) NOT NULL,
  `amount` float NOT NULL,
  `date` date NOT NULL,
  `type` int(11) NOT NULL,
  `manager_id` int(11) NOT NULL,
  `mess_id` int(11) DEFAULT 0
) ENGINE=InnoDB DEFAULT CHARSET=utf8mb4 COLLATE=utf8mb4_general_ci;

--
-- Dumping data for table `deposit`
--

INSERT INTO `deposit` (`id`, `user_id`, `amount`, `date`, `type`, `manager_id`, `mess_id`) VALUES
(1, 1, 2414, '2023-02-14', 0, 2, 1),
(2, 4, 1065, '2023-02-14', 0, 2, 1),
(4, 2, 100, '2023-02-01', 0, 2, 1),
(6, 42, 90166, '2023-02-16', 0, 42, 42),
(7, 53, 35, '2023-02-16', 0, 53, 55),
(8, 53, 35, '2023-02-16', 0, 53, 55),
(9, 53, 35, '2023-02-16', 0, 53, 55),
(10, 53, 35, '2023-02-16', 0, 53, 55),
(12, 102, 1000, '2023-02-20', 0, 102, 110),
(13, 102, 1000, '2023-02-20', 0, 102, 110),
(14, 104, 1000, '2023-02-20', 0, 102, 110),
(15, 103, 2558, '2023-02-20', 0, 102, 110),
(16, 121, 2000, '2023-02-01', 0, 120, 126),
(17, 120, 2000, '2023-02-01', 0, 120, 126),
(18, 122, 10, '2023-02-23', 0, 122, 127),
(19, 131, 36, '2023-02-23', 0, 131, 136),
(20, 133, 1300, '2023-02-23', 0, 133, 138),
(21, 133, 2580, '2023-02-23', 0, 133, 138),
(22, 148, 10000, '2023-02-23', 0, 148, 155),
(23, 150, 500, '2023-02-23', 0, 150, 157),
(24, 156, 10000, '2023-02-23', 0, 156, 162),
(25, 161, 10000, '2023-02-23', 0, 156, 162),
(26, 165, 5727, '2023-02-23', 0, 156, 162),
(27, 167, 140, '2023-02-22', 0, 163, 167),
(28, 155, 2500, '2023-02-23', 0, 155, 161),
(29, 169, 2000, '2023-02-23', 0, 169, 168),
(30, 174, 2000, '2023-02-23', 0, 169, 168),
(31, 190, 561, '2023-02-23', 0, 190, 183),
(32, 181, 1000, '2023-02-23', 0, 181, 175),
(33, 209, 5000, '2023-02-24', 0, 209, 197),
(34, 209, 80, '2023-02-24', 0, 209, 197),
(35, 135, 500, '2023-02-24', 0, 135, 140),
(36, 135, 500, '2023-02-24', 0, 135, 140),
(37, 135, 500, '2023-02-24', 0, 135, 140),
(38, 215, 2000, '2023-02-24', 0, 215, 202),
(39, 228, 50, '2023-02-24', 0, 228, 217),
(40, 247, 50, '2023-02-24', 0, 247, 236),
(41, 247, 50, '2023-02-24', 0, 247, 236),
(42, 246, 318, '2023-02-24', 0, 246, 235),
(43, 246, 110, '2023-02-24', 0, 246, 235),
(44, 202, 170, '2023-02-17', 0, 198, 190),
(45, 198, 2228, '2023-02-15', 0, 198, 190),
(46, 199, 1430, '2023-02-24', 0, 198, 190),
(47, 200, 2215, '2023-02-24', 0, 198, 190),
(48, 217, 500, '2023-02-24', 0, 217, 204),
(49, 3, 104, '2023-02-24', 0, 2, 1),
(50, 259, 550, '2023-02-24', 0, 259, 245),
(51, 263, 2100, '2023-02-24', 0, 263, 248),
(52, 262, 100, '2023-02-24', 0, 259, 245),
(53, 262, 175, '2023-02-24', 0, 259, 245),
(54, 270, 50, '2023-02-24', 0, 270, 253),
(55, 273, 60, '2023-02-24', 0, 270, 253),
(56, 273, 60, '2023-02-24', 0, 270, 253),
(57, 273, 60, '2023-02-25', 0, 270, 253),
(58, 125, 50, '2023-02-24', 0, 125, 130),
(59, 296, 989, '2023-02-24', 0, 296, 281),
(60, 271, 5000, '2023-02-24', 0, 271, 254),
(61, 302, 5000, '2023-02-24', 0, 271, 254),
(62, 305, 350, '2023-02-24', 0, 305, 294),
(63, 305, 350, '2023-02-24', 0, 305, 294),
(64, 325, 80, '2023-02-24', 0, 325, 312),
(65, 328, 208, '2023-02-24', 0, 328, 315),
(66, 309, 1110, '2023-02-03', 0, 309, 301),
(67, 317, 450, '2023-02-24', 0, 305, 294),
(68, 309, 245, '2023-02-08', 0, 309, 301),
(69, 309, 725, '2023-02-24', 0, 309, 301),
(70, 314, 137, '2023-02-12', 0, 309, 301),
(71, 314, 518, '2023-02-13', 0, 309, 301),
(72, 314, 95, '2023-02-15', 0, 309, 301),
(73, 314, 450, '2023-02-24', 0, 309, 301),
(74, 314, 450, '2023-02-03', 0, 309, 301),
(75, 316, 50, '2023-02-03', 0, 309, 301),
(76, 316, 834, '2023-02-01', 0, 309, 301),
(77, 316, 55, '2023-02-02', 0, 309, 301),
(78, 316, 328, '2023-02-03', 0, 309, 301),
(79, 364, 10000, '2023-02-24', 0, 362, 335),
(80, 364, 10, '2023-02-24', 0, 362, 335),
(81, 365, 205000, '2023-02-24', 0, 365, 337),
(82, 365, 205000, '2023-02-24', 0, 365, 337),
(83, 365, 205000, '2023-02-16', 0, 365, 337),
(84, 365, 190000, '2023-02-16', 0, 365, 337),
(85, 377, 7000, '2023-02-24', 0, 377, 350),
(86, 380, 1000, '2023-02-24', 0, 377, 350),
(87, 395, 3500, '2023-02-24', 0, 395, 367),
(88, 383, 500, '2023-02-03', 0, 309, 301),
(89, 383, 930, '2023-02-16', 0, 309, 301),
(90, 383, 325, '2023-02-16', 0, 309, 301),
(91, 383, 315, '2023-02-17', 0, 309, 301),
(92, 383, 55, '2023-02-18', 0, 309, 301),
(93, 383, 350, '2023-02-19', 0, 309, 301),
(94, 319, 500, '2023-02-24', 0, 319, 306),
(95, 422, 100, '2023-02-24', 0, 422, 395),
(96, 424, 50000, '2023-02-24', 0, 424, 397),
(97, 424, 50000, '2023-02-24', 0, 424, 397),
(98, 425, 5000, '2023-02-24', 0, 425, 398),
(99, 425, 100, '2023-02-24', 0, 425, 398),
(100, 425, 200, '2023-02-24', 0, 425, 398),
(101, 433, 50, '2023-02-24', 0, 433, 406),
(102, 434, 25, '2023-02-24', 0, 434, 407),
(103, 436, 1250, '2023-02-24', 0, 436, 409),
(104, 434, 500, '2023-02-24', 0, 434, 407),
(105, 439, 400, '2023-02-24', 0, 432, 405),
(106, 439, 400, '2023-02-24', 0, 432, 405),
(107, 439, 400, '2023-02-24', 0, 432, 405),
(108, 180, 160, '2023-02-24', 0, 178, 174),
(109, 178, 370, '2023-02-24', 0, 178, 174),
(110, 180, 755, '2023-02-24', 0, 178, 174),
(111, 178, 260, '2023-02-24', 0, 178, 174),
(112, 180, 30, '2023-02-24', 0, 178, 174),
(113, 464, 151, '2023-02-25', 0, 464, 436),
(114, 464, 500, '2023-02-25', 0, 464, 436),
(115, 464, 151, '2023-02-25', 0, 464, 436),
(116, 319, 500, '2023-02-25', 0, 319, 306),
(117, 498, 1000, '2023-02-25', 0, 498, 469),
(118, 497, 2000, '2023-02-25', 0, 497, 468),
(119, 516, 1200, '2023-02-25', 0, 498, 469),
(120, 522, 0, '2023-02-25', 0, 498, 469),
(121, 502, 1000, '2023-02-25', 0, 498, 469),
(122, 503, 1200, '2023-02-25', 0, 498, 469),
(123, 523, 700, '2023-02-25', 0, 498, 469),
(124, 517, 1300, '2023-02-25', 0, 498, 469),
(125, 515, 1100, '2023-02-25', 0, 498, 469),
(126, 509, 1100, '2023-02-25', 0, 498, 469),
(127, 511, 1000, '2023-02-25', 0, 498, 469),
(128, 507, 1000, '2023-02-25', 0, 498, 469),
(129, 521, 1000, '2023-02-25', 0, 498, 469),
(130, 514, 1000, '2023-02-25', 0, 498, 469),
(131, 528, 99, '2023-02-25', 0, 527, 478),
(132, 518, 1300, '2023-02-25', 0, 498, 469),
(133, 513, 1200, '2023-02-25', 0, 498, 469),
(134, 520, 1000, '2023-02-25', 0, 498, 469),
(135, 504, 1200, '2023-02-25', 0, 498, 469),
(136, 529, 500, '2023-02-25', 0, 529, 479),
(137, 535, 50000, '2023-02-25', 0, 535, 485),
(138, 543, 500, '2023-02-25', 0, 543, 492),
(139, 568, 500, '2023-02-25', 0, 568, 515),
(140, 571, 100, '2023-02-25', 0, 571, 517),
(141, 571, 100, '2023-02-25', 0, 571, 517),
(142, 571, 100, '2023-02-25', 0, 571, 517),
(143, 586, 1000, '2023-02-25', 0, 586, 531),
(144, 585, 9000, '2023-02-25', 0, 585, 530),
(145, 604, 300, '2023-02-25', 0, 602, 546),
(146, 604, 50, '2023-02-25', 0, 602, 546),
(147, 604, 50, '2023-02-25', 0, 602, 546),
(148, 661, 120, '2023-02-25', 0, 661, 614),
(149, 666, 2740, '2023-02-25', 0, 661, 614),
(150, 676, 1905, '2023-02-01', 0, 661, 614),
(151, 676, 40, '2023-02-04', 0, 661, 614),
(152, 693, 1512, '2023-02-07', 0, 661, 614),
(153, 661, 80, '2023-02-11', 0, 661, 614),
(154, 676, 15, '2023-02-11', 0, 661, 614),
(155, 676, 665, '2023-02-11', 0, 661, 614),
(156, 661, 1980, '2023-02-15', 0, 661, 614),
(157, 661, 580, '2023-02-19', 0, 661, 614),
(158, 695, 3004, '2023-02-25', 0, 695, 640),
(159, 699, 2866, '2023-02-25', 0, 695, 640),
(160, 701, 2199, '2023-02-25', 0, 695, 640),
(161, 700, 3619, '2023-02-25', 0, 695, 640),
(162, 705, 3670, '2023-02-25', 0, 695, 640),
(163, 329, 1334, '2023-02-25', 0, 329, 316),
(164, 715, 500, '2023-02-25', 0, 715, 656),
(165, 716, 1000, '2023-02-25', 0, 716, 657),
(166, 716, 1000, '2023-02-25', 0, 716, 657),
(167, 725, 3900, '2023-02-25', 0, 725, 660),
(168, 574, 925, '2023-02-25', 0, 574, 520),
(169, 725, 500, '2023-02-25', 0, 725, 660),
(170, 718, 1721, '2023-02-25', 0, 574, 520),
(171, 719, 1515, '2023-02-25', 0, 574, 520),
(172, 722, 2424, '2023-02-25', 0, 574, 520),
(173, 721, 1360, '2023-02-25', 0, 574, 520),
(174, 735, 30, '2023-02-25', 0, 735, 668),
(175, 735, 120, '2023-02-25', 0, 735, 668),
(176, 740, 800, '2023-02-25', 0, 740, 674),
(177, 740, 10, '2023-02-25', 0, 740, 674),
(178, 740, 25, '2023-02-25', 0, 740, 674),
(179, 180, 130, '2023-02-25', 0, 178, 174),
(180, 740, 6300, '2023-02-25', 0, 740, 674),
(181, 740, 50, '2023-02-25', 0, 740, 674),
(182, 729, 500, '2023-02-25', 0, 729, 664),
(183, 745, 350, '2023-02-25', 0, 745, 678),
(184, 701, 125, '2023-02-28', 0, 695, 640),
(185, 2, 160, '2023-02-25', 0, 2, 1),
(186, 759, 1000, '2023-02-25', 0, 759, 685),
(187, 765, 500, '2023-02-25', 0, 765, 688),
(188, 201, 1190, '2023-02-25', 0, 198, 190),
(189, 666, 440, '2023-02-25', 0, 661, 614),
(190, 635, 600, '2023-02-25', 0, 635, 589),
(191, 783, 2000, '2023-02-25', 0, 783, 697),
(192, 583, 400, '2023-02-25', 0, 583, 527),
(193, 635, 898, '2023-02-25', 0, 635, 589),
(194, 782, 955, '2023-02-25', 0, 635, 589),
(195, 781, 730, '2023-02-25', 0, 635, 589),
(196, 665, 873, '2023-02-25', 0, 635, 589),
(197, 102, 3333, '2023-02-28', 0, 102, 110),
(198, 104, 3333, '2023-02-28', 0, 102, 110),
(199, 1, 225, '2023-03-03', 0, 1, 1),
(200, 3, 888, '2023-03-03', 0, 1, 1),
(201, 4, 11118, '2023-03-03', 0, 1, 1),
(202, 1, 8888, '2023-03-03', 0, 1, 1),
(203, 2, 588, '2023-03-03', 0, 1, 1),
(204, 2, 100, '2023-03-03', 0, 1, 1);

-- --------------------------------------------------------

--
-- Table structure for table `initiate_user`
--

CREATE TABLE `initiate_user` (
  `id` int(11) NOT NULL,
  `user_id` int(11) NOT NULL,
  `mess_id` int(11) NOT NULL,
  `year` year(4) NOT NULL,
  `month` int(11) NOT NULL,
  `active` int(11) NOT NULL
) ENGINE=InnoDB DEFAULT CHARSET=utf8mb4 COLLATE=utf8mb4_general_ci;

--
-- Dumping data for table `initiate_user`
--

INSERT INTO `initiate_user` (`id`, `user_id`, `mess_id`, `year`, `month`, `active`) VALUES
(1, 1, 1, 2023, 2, 1),
(2, 3, 1, 2023, 2, 1),
(3, 2, 1, 2023, 2, 1),
(4, 4, 1, 2023, 2, 1),
(5, 12, 9, 2023, 2, 1),
(6, 25, 24, 2023, 2, 1),
(7, 42, 42, 2023, 2, 1),
(8, 53, 55, 2023, 2, 1),
(9, 58, 60, 2023, 2, 1),
(10, 82, 89, 2023, 2, 1),
(11, 91, 100, 2023, 2, 1),
(12, 86, 95, 2023, 2, 1),
(13, 102, 110, 2023, 2, 1),
(14, 103, 110, 2023, 2, 1),
(15, 104, 110, 2023, 2, 1),
(16, 107, 115, 2023, 2, 1),
(17, 112, 120, 2023, 2, 1),
(18, 119, 125, 2023, 2, 1),
(19, 121, 126, 2023, 2, 1),
(20, 120, 126, 2023, 2, 1),
(21, 122, 127, 2023, 2, 1),
(22, 125, 130, 2023, 2, 1),
(23, 105, 111, 2023, 2, 1),
(24, 129, 134, 2023, 2, 1),
(25, 131, 136, 2023, 2, 1),
(26, 123, 128, 2023, 2, 1),
(27, 133, 138, 2023, 2, 1),
(28, 138, 145, 2023, 2, 1),
(29, 145, 152, 2023, 2, 1),
(30, 148, 155, 2023, 2, 1),
(31, 150, 157, 2023, 2, 1),
(32, 151, 158, 2023, 2, 1),
(33, 154, 160, 2023, 2, 1),
(34, 160, 165, 2023, 2, 1),
(35, 156, 162, 2023, 2, 1),
(36, 165, 162, 2023, 2, 1),
(37, 161, 162, 2023, 2, 1),
(38, 167, 167, 2023, 2, 1),
(39, 163, 167, 2023, 2, 1),
(40, 157, 155, 2023, 2, 1),
(41, 153, 155, 2023, 2, 1),
(42, 164, 155, 2023, 2, 1),
(43, 170, 169, 2023, 2, 1),
(44, 169, 168, 2023, 2, 1),
(45, 155, 161, 2023, 2, 1),
(46, 166, 161, 2023, 2, 1),
(47, 168, 161, 2023, 2, 1),
(48, 171, 161, 2023, 2, 1),
(49, 172, 161, 2023, 2, 1),
(50, 177, 173, 2023, 2, 1),
(51, 179, 173, 2023, 2, 1),
(52, 182, 173, 2023, 2, 1),
(53, 178, 174, 2023, 2, 1),
(54, 180, 174, 2023, 2, 1),
(55, 183, 176, 2023, 2, 1),
(56, 174, 168, 2023, 2, 1),
(57, 190, 183, 2023, 2, 1),
(58, 181, 175, 2023, 2, 1),
(59, 189, 182, 2023, 2, 1),
(60, 191, 182, 2023, 2, 1),
(61, 195, 187, 2023, 2, 1),
(62, 198, 190, 2023, 2, 1),
(63, 199, 190, 2023, 2, 1),
(64, 200, 190, 2023, 2, 1),
(65, 201, 190, 2023, 2, 1),
(66, 202, 190, 2023, 2, 1),
(67, 208, 196, 2023, 2, 1),
(68, 209, 197, 2023, 2, 1),
(69, 135, 140, 2023, 2, 1),
(70, 213, 140, 2023, 2, 1),
(71, 215, 202, 2023, 2, 1),
(72, 223, 214, 2023, 2, 1),
(73, 225, 215, 2023, 2, 1),
(74, 197, 189, 2023, 2, 1),
(75, 226, 189, 2023, 2, 1),
(76, 228, 217, 2023, 2, 1),
(77, 229, 218, 2023, 2, 1),
(78, 237, 226, 2023, 2, 1),
(79, 239, 228, 2023, 2, 1),
(80, 241, 230, 2023, 2, 1),
(81, 247, 236, 2023, 2, 1),
(82, 246, 235, 2023, 2, 1),
(83, 217, 204, 2023, 2, 1),
(84, 257, 243, 2023, 2, 1),
(85, 259, 245, 2023, 2, 1),
(86, 262, 245, 2023, 2, 1),
(87, 263, 248, 2023, 2, 1),
(88, 264, 248, 2023, 2, 1),
(89, 266, 250, 2023, 2, 1),
(90, 267, 245, 2023, 2, 1),
(91, 272, 253, 2023, 2, 1),
(92, 270, 253, 2023, 2, 1),
(93, 273, 253, 2023, 2, 1),
(94, 276, 256, 2023, 2, 1),
(95, 278, 258, 2023, 2, 1),
(96, 288, 270, 2023, 2, 1),
(97, 289, 272, 2023, 2, 1),
(98, 293, 272, 2023, 2, 1),
(99, 292, 275, 2023, 2, 1),
(100, 294, 276, 2023, 2, 1),
(101, 265, 249, 2023, 2, 1),
(102, 295, 249, 2023, 2, 1),
(103, 296, 281, 2023, 2, 1),
(104, 302, 254, 2023, 2, 1),
(105, 271, 254, 2023, 2, 1),
(106, 303, 285, 2023, 2, 1),
(107, 305, 294, 2023, 2, 1),
(108, 306, 295, 2023, 2, 1),
(109, 313, 294, 2023, 2, 1),
(110, 309, 301, 2023, 2, 1),
(111, 314, 301, 2023, 2, 1),
(112, 316, 301, 2023, 2, 1),
(113, 317, 294, 2023, 2, 1),
(114, 318, 294, 2023, 2, 1),
(115, 322, 309, 2023, 2, 1),
(116, 326, 313, 2023, 2, 1),
(117, 325, 312, 2023, 2, 1),
(118, 328, 315, 2023, 2, 1),
(119, 329, 316, 2023, 2, 1),
(120, 330, 316, 2023, 2, 1),
(121, 331, 316, 2023, 2, 1),
(122, 332, 316, 2023, 2, 1),
(123, 336, 301, 2023, 2, 1),
(124, 341, 324, 2023, 2, 1),
(125, 342, 325, 2023, 2, 1),
(126, 345, 328, 2023, 2, 1),
(127, 350, 328, 2023, 2, 1),
(128, 351, 328, 2023, 2, 1),
(129, 352, 328, 2023, 2, 1),
(130, 354, 328, 2023, 2, 1),
(131, 355, 328, 2023, 2, 1),
(132, 358, 332, 2023, 2, 1),
(133, 353, 316, 2023, 2, 1),
(134, 359, 316, 2023, 2, 1),
(135, 364, 335, 2023, 2, 1),
(136, 362, 335, 2023, 2, 1),
(137, 365, 337, 2023, 2, 1),
(138, 368, 340, 2023, 2, 1),
(139, 372, 341, 2023, 2, 1),
(140, 374, 343, 2023, 2, 1),
(141, 375, 344, 2023, 2, 1),
(142, 377, 350, 2023, 2, 1),
(143, 380, 350, 2023, 2, 1),
(144, 382, 355, 2023, 2, 1),
(145, 383, 301, 2023, 2, 1),
(146, 387, 359, 2023, 2, 1),
(147, 390, 362, 2023, 2, 1),
(148, 391, 363, 2023, 2, 1),
(149, 394, 366, 2023, 2, 1),
(150, 395, 367, 2023, 2, 1),
(151, 397, 369, 2023, 2, 1),
(152, 401, 374, 2023, 2, 1),
(153, 319, 306, 2023, 2, 1),
(154, 408, 381, 2023, 2, 1),
(155, 409, 382, 2023, 2, 1),
(156, 413, 386, 2023, 2, 1),
(157, 416, 389, 2023, 2, 1),
(158, 419, 392, 2023, 2, 1),
(159, 422, 395, 2023, 2, 1),
(160, 424, 397, 2023, 2, 1),
(161, 425, 398, 2023, 2, 1),
(162, 428, 401, 2023, 2, 1),
(163, 433, 406, 2023, 2, 1),
(164, 434, 407, 2023, 2, 1),
(165, 436, 409, 2023, 2, 1),
(166, 432, 405, 2023, 2, 1),
(167, 439, 405, 2023, 2, 1),
(168, 438, 411, 2023, 2, 1),
(169, 441, 412, 2023, 2, 1),
(170, 443, 413, 2023, 2, 1),
(171, 444, 414, 2023, 2, 1),
(172, 447, 417, 2023, 2, 1),
(173, 456, 424, 2023, 2, 1),
(174, 458, 426, 2023, 2, 1),
(175, 464, 436, 2023, 2, 1),
(176, 468, 440, 2023, 2, 1),
(177, 472, 443, 2023, 2, 1),
(178, 474, 445, 2023, 2, 1),
(179, 480, 451, 2023, 2, 1),
(180, 490, 461, 2023, 2, 1),
(181, 497, 468, 2023, 2, 1),
(182, 498, 469, 2023, 2, 1),
(183, 502, 469, 2023, 2, 1),
(184, 503, 469, 2023, 2, 1),
(185, 504, 469, 2023, 2, 1),
(186, 507, 469, 2023, 2, 1),
(187, 509, 469, 2023, 2, 1),
(188, 511, 469, 2023, 2, 1),
(189, 513, 469, 2023, 2, 1),
(190, 514, 469, 2023, 2, 1),
(191, 515, 469, 2023, 2, 1),
(192, 516, 469, 2023, 2, 1),
(193, 517, 469, 2023, 2, 1),
(194, 518, 469, 2023, 2, 1),
(195, 520, 469, 2023, 2, 1),
(196, 521, 469, 2023, 2, 1),
(197, 522, 469, 2023, 2, 1),
(198, 523, 469, 2023, 2, 1),
(199, 527, 478, 2023, 2, 1),
(200, 528, 478, 2023, 2, 1),
(201, 529, 479, 2023, 2, 1),
(202, 510, 473, 2023, 2, 1),
(203, 535, 485, 2023, 2, 1),
(204, 537, 485, 2023, 2, 1),
(205, 541, 490, 2023, 2, 1),
(206, 540, 489, 2023, 2, 1),
(207, 543, 492, 2023, 2, 1),
(208, 545, 494, 2023, 2, 1),
(209, 546, 495, 2023, 2, 1),
(210, 548, 496, 2023, 2, 1),
(211, 554, 501, 2023, 2, 1),
(212, 555, 502, 2023, 2, 1),
(213, 569, 516, 2023, 2, 1),
(214, 568, 515, 2023, 2, 1),
(215, 571, 517, 2023, 2, 1),
(216, 573, 519, 2023, 2, 1),
(217, 574, 520, 2023, 2, 1),
(218, 575, 521, 2023, 2, 1),
(219, 578, 521, 2023, 2, 1),
(220, 580, 521, 2023, 2, 1),
(221, 582, 526, 2023, 2, 1),
(222, 583, 527, 2023, 2, 1),
(223, 586, 531, 2023, 2, 1),
(224, 585, 530, 2023, 2, 1),
(225, 587, 532, 2023, 2, 1),
(226, 602, 546, 2023, 2, 1),
(227, 605, 546, 2023, 2, 1),
(228, 604, 546, 2023, 2, 1),
(229, 609, 553, 2023, 2, 1),
(230, 611, 555, 2023, 2, 1),
(231, 615, 566, 2023, 2, 1),
(232, 630, 584, 2023, 2, 1),
(233, 635, 589, 2023, 2, 1),
(234, 661, 614, 2023, 2, 1),
(235, 286, 268, 2023, 2, 1),
(236, 666, 614, 2023, 2, 1),
(237, 670, 620, 2023, 2, 1),
(238, 673, 623, 2023, 2, 1),
(239, 677, 625, 2023, 2, 1),
(240, 676, 614, 2023, 2, 1),
(241, 685, 633, 2023, 2, 1),
(242, 689, 637, 2023, 2, 1),
(243, 693, 614, 2023, 2, 1),
(244, 692, 638, 2023, 2, 1),
(245, 695, 640, 2023, 2, 1),
(246, 696, 641, 2023, 2, 1),
(247, 697, 640, 2023, 2, 1),
(248, 698, 640, 2023, 2, 1),
(249, 699, 640, 2023, 2, 1),
(250, 700, 640, 2023, 2, 1),
(251, 701, 640, 2023, 2, 1),
(252, 705, 640, 2023, 2, 1),
(253, 706, 640, 2023, 2, 1),
(254, 704, 644, 2023, 2, 1),
(255, 708, 645, 2023, 2, 1),
(256, 709, 645, 2023, 2, 1),
(257, 707, 645, 2023, 2, 1),
(258, 712, 649, 2023, 2, 1),
(259, 715, 656, 2023, 2, 1),
(260, 716, 657, 2023, 2, 1),
(261, 717, 301, 2023, 2, 1),
(262, 718, 520, 2023, 2, 1),
(263, 719, 520, 2023, 2, 1),
(264, 721, 520, 2023, 2, 1),
(265, 722, 520, 2023, 2, 1),
(266, 720, 658, 2023, 2, 1),
(267, 723, 658, 2023, 2, 1),
(268, 725, 660, 2023, 2, 1),
(269, 726, 661, 2023, 2, 1),
(270, 735, 668, 2023, 2, 1),
(271, 740, 674, 2023, 2, 1),
(272, 731, 664, 2023, 2, 1),
(273, 729, 664, 2023, 2, 1),
(274, 745, 678, 2023, 2, 1),
(275, 746, 679, 2023, 2, 1),
(276, 748, 678, 2023, 2, 1),
(277, 760, 683, 2023, 2, 1),
(278, 758, 684, 2023, 2, 1),
(279, 759, 685, 2023, 2, 1),
(280, 761, 686, 2023, 2, 1),
(281, 765, 688, 2023, 2, 1),
(282, 774, 694, 2023, 2, 1),
(283, 767, 689, 2023, 2, 1),
(284, 780, 696, 2023, 2, 1),
(285, 649, 589, 2023, 2, 1),
(286, 664, 589, 2023, 2, 1),
(287, 665, 589, 2023, 2, 1),
(288, 779, 589, 2023, 2, 1),
(289, 781, 589, 2023, 2, 1),
(290, 782, 589, 2023, 2, 1),
(291, 783, 697, 2023, 2, 1),
(292, 787, 701, 2023, 2, 1),
(293, 772, 693, 2023, 2, 1),
(294, 788, 702, 2023, 2, 1),
(295, 791, 705, 2023, 2, 1),
(296, 1, 1, 2023, 3, 0),
(297, 3, 1, 2023, 3, 0),
(298, 2, 1, 2023, 3, 0),
(299, 4, 1, 2023, 3, 0),
(301, 102, 110, 2023, 3, 1),
(302, 4, 1, 2023, 3, 0),
(303, 795, 1, 2023, 3, 0),
(304, 4, 1, 2023, 3, 1),
(305, 796, 1, 2023, 3, 1);

-- --------------------------------------------------------

--
-- Table structure for table `meals`
--

CREATE TABLE `meals` (
  `id` int(11) NOT NULL,
  `user_id` int(11) NOT NULL,
  `mess_id` int(11) NOT NULL,
  `date` date NOT NULL,
  `breakfast` float NOT NULL,
  `lunch` float NOT NULL,
  `dinner` float NOT NULL,
  `manager_id` int(11) NOT NULL
) ENGINE=InnoDB DEFAULT CHARSET=utf8mb4 COLLATE=utf8mb4_general_ci;

--
-- Dumping data for table `meals`
--

INSERT INTO `meals` (`id`, `user_id`, `mess_id`, `date`, `breakfast`, `lunch`, `dinner`, `manager_id`) VALUES
(1, 2, 1, '2023-02-01', 0, 0, 1, 2),
(2, 1, 1, '2023-02-01', 0, 0.5, 1, 2),
(3, 3, 1, '2023-02-01', 0, 0.5, 1, 2),
(4, 2, 1, '2023-02-02', 0, 0.5, 0.5, 2),
(5, 1, 1, '2023-02-02', 0, 1, 0.5, 2),
(6, 3, 1, '2023-02-02', 0, 1, 0, 2),
(7, 4, 1, '2023-02-02', 0, 1, 0.5, 2),
(8, 2, 1, '2023-02-03', 0, 1, 1, 2),
(9, 1, 1, '2023-02-03', 0, 1, 1, 2),
(10, 3, 1, '2023-02-03', 0, 1, 0, 2),
(11, 4, 1, '2023-02-03', 0, 1, 1, 2),
(12, 2, 1, '2023-02-04', 0, 1, 0.5, 2),
(13, 1, 1, '2023-02-04', 0, 1, 1, 2),
(14, 3, 1, '2023-02-04', 0, 1, 1, 2),
(15, 4, 1, '2023-02-04', 0, 2, 1, 2),
(16, 2, 1, '2023-02-05', 0, 1, 1, 2),
(17, 1, 1, '2023-02-05', 0, 1, 1, 2),
(18, 3, 1, '2023-02-05', 0, 1, 1, 2),
(19, 4, 1, '2023-02-05', 0, 0, 1, 2),
(20, 2, 1, '2023-02-06', 0, 1, 0, 2),
(21, 1, 1, '2023-02-06', 0, 1, 0, 2),
(22, 3, 1, '2023-02-06', 0, 1, 0, 2),
(23, 4, 1, '2023-02-06', 0, 1, 0, 2),
(24, 1, 1, '2023-02-07', 0, 1, 1, 2),
(25, 3, 1, '2023-02-07', 0, 1, 1, 2),
(26, 4, 1, '2023-02-07', 0, 1, 1, 2),
(27, 2, 1, '2023-02-08', 0, 0, 2, 2),
(28, 1, 1, '2023-02-08', 0, 1, 1, 2),
(29, 3, 1, '2023-02-08', 0, 1, 1, 2),
(30, 4, 1, '2023-02-08', 0, 1, 1, 2),
(31, 2, 1, '2023-02-09', 0, 1, 1, 2),
(32, 1, 1, '2023-02-09', 0, 1, 1, 2),
(33, 3, 1, '2023-02-09', 0, 1, 1, 2),
(34, 4, 1, '2023-02-09', 0, 1, 1, 2),
(35, 2, 1, '2023-02-10', 0, 1, 0.5, 2),
(36, 1, 1, '2023-02-10', 0, 0, 1, 2),
(37, 3, 1, '2023-02-10', 0, 2, 1, 2),
(38, 4, 1, '2023-02-10', 0, 2, 1, 2),
(39, 2, 1, '2023-02-11', 0, 0.5, 0.5, 2),
(40, 1, 1, '2023-02-11', 0, 1, 1, 2),
(41, 3, 1, '2023-02-11', 0, 1, 1, 2),
(42, 4, 1, '2023-02-11', 0, 1, 1, 2),
(43, 2, 1, '2023-02-12', 0, 1, 1, 2),
(44, 1, 1, '2023-02-12', 0, 0, 0.5, 2),
(45, 3, 1, '2023-02-12', 0, 0, 0.5, 2),
(46, 4, 1, '2023-02-12', 0, 1, 0.5, 2),
(47, 2, 1, '2023-02-13', 0, 0, 2, 2),
(48, 1, 1, '2023-02-13', 0, 1, 1, 2),
(49, 3, 1, '2023-02-13', 0, 1, 1, 2),
(50, 4, 1, '2023-02-13', 0, 1, 1, 2),
(51, 2, 1, '2023-02-15', 0, 1, 1, 2),
(52, 1, 1, '2023-02-15', 0, 1, 0, 2),
(53, 2, 1, '2023-02-14', 0, 1.5, 1, 2),
(54, 1, 1, '2023-02-14', 0, 0.5, 0.5, 2),
(55, 3, 1, '2023-02-14', 0, 0.5, 0.5, 2),
(56, 4, 1, '2023-02-14', 0, 0, 0.5, 2),
(57, 3, 1, '2023-02-15', 0, 1, 1, 2),
(58, 4, 1, '2023-02-15', 0, 1, 1, 2),
(59, 2, 1, '2023-02-16', 0, 1, 1, 2),
(60, 1, 1, '2023-02-16', 0, 0, 1, 2),
(61, 4, 1, '2023-02-16', 0, 1, 1, 2),
(62, 82, 89, '2023-02-17', 0, 0, 0, 82),
(63, 86, 95, '2023-02-17', 0, 1, 1, 86),
(64, 2, 1, '2023-02-17', 0, 1, 0, 2),
(65, 1, 1, '2023-02-17', 0, 1, 0, 2),
(66, 3, 1, '2023-02-17', 0, 0, 1, 2),
(67, 4, 1, '2023-02-17', 0, 0, 1, 2),
(68, 2, 1, '2023-02-18', 0, 1, 1, 2),
(69, 1, 1, '2023-02-18', 0, 1, 1, 2),
(70, 3, 1, '2023-02-18', 0, 1, 1, 2),
(71, 4, 1, '2023-02-18', 0, 1, 1, 2),
(72, 102, 110, '2023-02-17', 1, 1, 1, 102),
(73, 103, 110, '2023-02-17', 1, 1, 1, 102),
(74, 104, 110, '2023-02-17', 0, 1, 0, 102),
(75, 102, 110, '2023-02-18', 0, 1, 0, 102),
(76, 103, 110, '2023-02-18', 0, 1, 1, 102),
(77, 104, 110, '2023-02-18', 0, 1, 1, 102),
(78, 102, 110, '2023-02-19', 0, 3, 1, 102),
(79, 103, 110, '2023-02-19', 0, 1, 0, 102),
(80, 104, 110, '2023-02-19', 0, 1, 0, 102),
(81, 2, 1, '2023-02-19', 0, 1, 0.5, 2),
(82, 1, 1, '2023-02-19', 0, 1, 1, 2),
(83, 3, 1, '2023-02-19', 0, 1, 1, 2),
(84, 4, 1, '2023-02-19', 0, 1, 1, 2),
(85, 2, 1, '2023-02-20', 0, 1, 1, 2),
(86, 1, 1, '2023-02-20', 0, 1, 1, 2),
(87, 3, 1, '2023-02-20', 0, 1, 1, 2),
(88, 4, 1, '2023-02-20', 0, 1, 1, 2),
(89, 2, 1, '2023-02-21', 0, 1, 1, 2),
(90, 1, 1, '2023-02-21', 0, 1, 1, 2),
(91, 3, 1, '2023-02-21', 0, 1, 1, 2),
(92, 4, 1, '2023-02-21', 0, 1, 1, 2),
(93, 112, 120, '2023-02-22', 50, 100, 80, 112),
(94, 121, 126, '2023-02-23', 1, 1, 1, 120),
(95, 120, 126, '2023-02-23', 0, 2, 2, 120),
(96, 2, 1, '2023-02-22', 0, 1, 1, 2),
(97, 1, 1, '2023-02-22', 0, 0, 1, 2),
(98, 3, 1, '2023-02-22', 0, 1, 1, 2),
(99, 4, 1, '2023-02-22', 0, 1, 1, 2),
(100, 129, 134, '2023-02-23', 1, 0, 0, 129),
(101, 133, 138, '2023-02-23', 100, 100, 100, 133),
(102, 148, 155, '2023-02-23', 1, 1, 1, 148),
(103, 148, 155, '2023-02-24', 0, 0, 0, 148),
(104, 150, 157, '2023-02-23', 1, 1, 1, 150),
(105, 156, 162, '2023-02-23', 1, 1, 1, 156),
(106, 161, 162, '2023-02-23', 1, 1, 1, 156),
(107, 165, 162, '2023-02-23', 1, 1, 1, 156),
(108, 167, 167, '2023-02-23', 0, 1, 1, 163),
(109, 163, 167, '2023-02-23', 0, 1, 1, 163),
(110, 157, 155, '2023-02-23', 0, 0, 1, 148),
(111, 163, 167, '2023-02-22', 0, 1, 1, 163),
(112, 167, 167, '2023-02-22', 0, 0, 1, 163),
(113, 169, 168, '2023-02-23', 0.5, 1, 1, 169),
(114, 155, 161, '2023-02-23', 0, 0, 0, 155),
(115, 180, 174, '2023-02-23', 1, 0, 0, 178),
(116, 178, 174, '2023-02-23', 1, 0, 0, 178),
(117, 174, 168, '2023-02-23', 0.5, 1, 1, 169),
(118, 181, 175, '2023-02-23', 4, 4, 4, 181),
(119, 189, 182, '2023-02-23', 1, 1, 1, 189),
(120, 168, 161, '2023-02-23', 0, 1, 1, 155),
(121, 195, 187, '2023-02-23', 1, 1, 1, 195),
(122, 198, 190, '2023-02-01', 0, 1, 1, 198),
(123, 201, 190, '2023-02-01', 0, 1, 1, 198),
(124, 199, 190, '2023-02-01', 0, 1, 1, 198),
(125, 198, 190, '2023-02-02', 0, 1, 1, 198),
(126, 201, 190, '2023-02-02', 0, 1, 1, 198),
(127, 200, 190, '2023-02-02', 0, 1, 1, 198),
(128, 200, 190, '2023-02-01', 0, 1, 1, 198),
(129, 177, 173, '2023-02-24', 0, 1, 1, 177),
(130, 209, 197, '2023-02-24', 10, 1, 0, 209),
(131, 213, 140, '2023-02-24', 1, 1, 1, 135),
(132, 135, 140, '2023-02-24', 1, 1, 1, 135),
(133, 225, 215, '2023-02-24', 10, 10, 10, 225),
(134, 228, 217, '2023-02-24', 1, 1, 1, 228),
(135, 229, 218, '2023-02-24', 0, 0, 0, 229),
(136, 237, 226, '2023-02-24', 0.5, 1, 1, 237),
(137, 2, 1, '2023-02-23', 0, 1, 1, 2),
(138, 1, 1, '2023-02-23', 0, 1, 1, 2),
(139, 3, 1, '2023-02-23', 0, 1, 0, 2),
(140, 4, 1, '2023-02-23', 0, 1, 1, 2),
(141, 247, 236, '2023-02-24', 8, 8, 8, 247),
(142, 246, 235, '2023-02-24', 1, 1, 1, 246),
(143, 200, 190, '2023-02-03', 0, 1, 1, 198),
(144, 200, 190, '2023-02-04', 0, 1, 1, 198),
(145, 200, 190, '2023-02-05', 0, 1, 1, 198),
(146, 200, 190, '2023-02-06', 0, 1, 1, 198),
(147, 200, 190, '2023-02-07', 0, 1, 1, 198),
(148, 200, 190, '2023-02-08', 0, 1, 1, 198),
(149, 200, 190, '2023-02-09', 0, 1, 1, 198),
(150, 200, 190, '2023-02-10', 0, 1, 1, 198),
(151, 200, 190, '2023-02-11', 0, 1, 1, 198),
(152, 200, 190, '2023-02-12', 0, 1, 1, 198),
(153, 200, 190, '2023-02-13', 0, 1, 1, 198),
(154, 200, 190, '2023-02-14', 0, 1, 1, 198),
(155, 200, 190, '2023-02-15', 0, 1, 1, 198),
(156, 200, 190, '2023-02-16', 0, 1, 1, 198),
(157, 200, 190, '2023-02-17', 0, 1, 1, 198),
(158, 200, 190, '2023-02-18', 0, 1, 1, 198),
(159, 200, 190, '2023-02-19', 0, 1, 1, 198),
(160, 200, 190, '2023-02-20', 0, 1, 1, 198),
(161, 200, 190, '2023-02-21', 0, 1, 1, 198),
(162, 200, 190, '2023-02-22', 0, 1, 1, 198),
(163, 200, 190, '2023-02-23', 0, 1, 1, 198),
(164, 202, 190, '2023-02-08', 0, 1, 1, 198),
(165, 202, 190, '2023-02-09', 0, 1, 1, 198),
(166, 202, 190, '2023-02-10', 0, 1, 1, 198),
(167, 202, 190, '2023-02-11', 0, 1, 1, 198),
(168, 202, 190, '2023-02-12', 0, 1, 1, 198),
(169, 202, 190, '2023-02-13', 0, 1, 1, 198),
(170, 202, 190, '2023-02-14', 0, 1, 1, 198),
(171, 202, 190, '2023-02-15', 0, 1, 1, 198),
(172, 202, 190, '2023-02-16', 0, 1, 1, 198),
(173, 202, 190, '2023-02-17', 0, 1, 1, 198),
(174, 202, 190, '2023-02-18', 0, 1, 1, 198),
(175, 202, 190, '2023-02-19', 0, 1, 1, 198),
(176, 202, 190, '2023-02-20', 0, 1, 1, 198),
(177, 202, 190, '2023-02-21', 0, 1, 1, 198),
(178, 202, 190, '2023-02-22', 0, 1, 1, 198),
(179, 202, 190, '2023-02-23', 0, 1, 1, 198),
(180, 199, 190, '2023-02-02', 0, 1, 0, 198),
(181, 199, 190, '2023-02-04', 0, 0, 1, 198),
(182, 199, 190, '2023-02-05', 0, 1, 1, 198),
(183, 199, 190, '2023-02-06', 0, 1, 1, 198),
(184, 199, 190, '2023-02-07', 0, 1, 1, 198),
(185, 199, 190, '2023-02-08', 0, 1, 1, 198),
(186, 199, 190, '2023-02-09', 0, 1, 0, 198),
(187, 199, 190, '2023-02-11', 0, 0, 1, 198),
(188, 199, 190, '2023-02-12', 0, 1, 1, 198),
(189, 199, 190, '2023-02-13', 0, 1, 1, 198),
(190, 199, 190, '2023-02-14', 0, 0, 1, 198),
(191, 199, 190, '2023-02-18', 0, 0, 1, 198),
(192, 199, 190, '2023-02-19', 0, 1, 1, 198),
(193, 199, 190, '2023-02-20', 0, 1, 1, 198),
(194, 199, 190, '2023-02-21', 0, 1, 1, 198),
(195, 199, 190, '2023-02-22', 0, 1, 1, 198),
(196, 199, 190, '2023-02-23', 0, 1, 0, 198),
(197, 201, 190, '2023-02-03', 0, 1, 0, 198),
(198, 201, 190, '2023-02-05', 0, 0, 1, 198),
(199, 201, 190, '2023-02-06', 0, 1, 1, 198),
(200, 201, 190, '2023-02-07', 0, 1, 1, 198),
(201, 201, 190, '2023-02-08', 0, 1, 1, 198),
(202, 201, 190, '2023-02-09', 0, 1, 1, 198),
(203, 201, 190, '2023-02-10', 0, 1, 1, 198),
(204, 201, 190, '2023-02-11', 0, 1, 1, 198),
(205, 201, 190, '2023-02-12', 0, 1, 1, 198),
(206, 201, 190, '2023-02-13', 0, 1, 1, 198),
(207, 201, 190, '2023-02-14', 0, 1, 1, 198),
(208, 201, 190, '2023-02-15', 0, 1, 1, 198),
(209, 201, 190, '2023-02-16', 0, 1, 1, 198),
(210, 201, 190, '2023-02-17', 0, 1, 1, 198),
(211, 201, 190, '2023-02-18', 0, 1, 1, 198),
(212, 201, 190, '2023-02-19', 0, 1, 1, 198),
(213, 201, 190, '2023-02-20', 0, 1, 1, 198),
(214, 201, 190, '2023-02-21', 0, 1, 1, 198),
(215, 201, 190, '2023-02-22', 0, 1, 1, 198),
(216, 201, 190, '2023-02-23', 0, 1, 1, 198),
(217, 198, 190, '2023-02-03', 0, 1, 1, 198),
(218, 198, 190, '2023-02-04', 0, 1, 1, 198),
(219, 198, 190, '2023-02-05', 0, 1, 1, 198),
(220, 198, 190, '2023-02-06', 0, 1, 0, 198),
(221, 198, 190, '2023-02-07', 0, 1, 1, 198),
(222, 198, 190, '2023-02-08', 0, 1, 1, 198),
(223, 198, 190, '2023-02-09', 0, 1, 0, 198),
(224, 198, 190, '2023-02-11', 0, 0, 1, 198),
(225, 198, 190, '2023-02-12', 0, 1, 1, 198),
(226, 198, 190, '2023-02-13', 0, 1, 1, 198),
(227, 198, 190, '2023-02-14', 0, 1, 1, 198),
(228, 198, 190, '2023-02-15', 0, 1, 1, 198),
(229, 198, 190, '2023-02-16', 0, 1, 1, 198),
(230, 198, 190, '2023-02-17', 0, 1, 1, 198),
(231, 198, 190, '2023-02-18', 0, 1, 1, 198),
(232, 198, 190, '2023-02-19', 0, 1, 1, 198),
(233, 198, 190, '2023-02-20', 0, 1, 1, 198),
(234, 198, 190, '2023-02-21', 0, 1, 1, 198),
(235, 198, 190, '2023-02-22', 0, 1, 1, 198),
(236, 198, 190, '2023-02-23', 0, 1, 1, 198),
(237, 217, 204, '2023-02-24', 1, 1, 1, 217),
(238, 262, 245, '2023-02-24', 0, 1, 1, 259),
(239, 263, 248, '2023-02-24', 1, 0, 1, 263),
(240, 264, 248, '2023-02-24', 0, 0, 1, 263),
(241, 259, 245, '2023-02-24', 0, 1, 1, 259),
(242, 266, 250, '2023-02-24', 0, 1, 0, 266),
(243, 267, 245, '2023-02-24', 0, 1, 1, 259),
(244, 270, 253, '2023-02-24', 35, 50, 60, 270),
(245, 273, 253, '2023-02-24', 50, 60, 50, 270),
(246, 288, 270, '2023-02-02', 20, 30, 45, 288),
(247, 293, 272, '2023-02-24', 35, 450, 550, 289),
(248, 271, 254, '2023-02-24', 0, 1, 1, 271),
(249, 302, 254, '2023-02-24', 4, 4, 4, 271),
(250, 305, 294, '2023-02-24', 0, 1, 1, 305),
(251, 309, 301, '2023-02-24', 0, 1, 1, 309),
(252, 314, 301, '2023-02-24', 0.5, 0, 1, 309),
(253, 316, 301, '2023-02-24', 0.5, 1, 1, 309),
(254, 309, 301, '2023-02-01', 0, 0, 1, 309),
(255, 309, 301, '2023-02-02', 0.5, 0, 1, 309),
(256, 309, 301, '2023-02-03', 0.5, 1, 1, 309),
(257, 309, 301, '2023-02-04', 0.5, 0, 1, 309),
(258, 309, 301, '2023-02-05', 0, 0, 1, 309),
(259, 309, 301, '2023-02-06', 0, 0, 1, 309),
(260, 309, 301, '2023-02-07', 0, 0, 1, 309),
(261, 309, 301, '2023-02-08', 0.5, 0, 1, 309),
(262, 309, 301, '2023-02-18', 0, 0, 1, 309),
(263, 309, 301, '2023-02-19', 0, 0, 1, 309),
(264, 309, 301, '2023-02-20', 0, 0, 1, 309),
(265, 309, 301, '2023-02-21', 0, 0, 1, 309),
(266, 309, 301, '2023-02-22', 0, 0, 1, 309),
(267, 309, 301, '2023-02-23', 0, 0, 1, 309),
(268, 314, 301, '2023-02-01', 0, 0, 0, 309),
(269, 314, 301, '2023-02-02', 0, 0, 0, 309),
(270, 314, 301, '2023-02-03', 0, 0, 1, 309),
(271, 314, 301, '2023-02-04', 0.5, 0, 1, 309),
(272, 314, 301, '2023-02-05', 0.5, 0.5, 1, 309),
(273, 314, 301, '2023-02-06', 0.5, 0.5, 1, 309),
(274, 314, 301, '2023-02-07', 0, 1, 1, 309),
(275, 314, 301, '2023-02-08', 0, 0, 1, 309),
(276, 314, 301, '2023-02-09', 0, 0, 1, 309),
(277, 314, 301, '2023-02-10', 0, 1, 1, 309),
(278, 314, 301, '2023-02-11', 0, 0.5, 1, 309),
(279, 314, 301, '2023-02-12', 0, 1, 1, 309),
(280, 314, 301, '2023-02-13', 0.5, 0, 1, 309),
(281, 314, 301, '2023-02-14', 0.5, 0, 1, 309),
(282, 314, 301, '2023-02-15', 0.5, 0, 1, 309),
(283, 314, 301, '2023-02-16', 0.5, 0, 1, 309),
(284, 314, 301, '2023-02-17', 0.5, 1, 1, 309),
(285, 314, 301, '2023-02-18', 0, 0.5, 1, 309),
(286, 314, 301, '2023-02-19', 0.5, 0, 1, 309),
(287, 314, 301, '2023-02-20', 0.5, 0, 1, 309),
(288, 314, 301, '2023-02-21', 0, 1, 1, 309),
(289, 314, 301, '2023-02-22', 0.5, 0, 1, 309),
(290, 314, 301, '2023-02-23', 0.5, 0, 1, 309),
(291, 318, 294, '2023-02-24', 0, 1, 1, 305),
(292, 336, 301, '2023-02-14', 0, 1, 1, 309),
(293, 336, 301, '2023-02-15', 0.5, 1, 1, 309),
(294, 336, 301, '2023-02-16', 0, 1, 1, 309),
(295, 336, 301, '2023-02-17', 0.5, 1, 1, 309),
(296, 336, 301, '2023-02-18', 0, 1, 1, 309),
(297, 336, 301, '2023-02-19', 0, 1, 1, 309),
(298, 336, 301, '2023-02-20', 0, 1, 1, 309),
(299, 336, 301, '2023-02-21', 0, 1, 1, 309),
(300, 336, 301, '2023-02-22', 0, 1, 1, 309),
(301, 336, 301, '2023-02-23', 0, 0, 1, 309),
(302, 336, 301, '2023-02-24', 0.5, 1, 1, 309),
(303, 316, 301, '2023-02-01', 0.5, 0, 1, 309),
(304, 316, 301, '2023-02-02', 0.5, 0, 1, 309),
(305, 316, 301, '2023-02-03', 0.5, 1, 1, 309),
(306, 316, 301, '2023-02-04', 0.5, 0, 1, 309),
(307, 316, 301, '2023-02-05', 0.5, 0, 1, 309),
(308, 316, 301, '2023-02-06', 0.5, 0, 1, 309),
(309, 316, 301, '2023-02-07', 0, 0, 1, 309),
(310, 316, 301, '2023-02-08', 0.5, 0, 1, 309),
(311, 316, 301, '2023-02-13', 0, 0, 1, 309),
(312, 316, 301, '2023-02-14', 0.5, 0, 1, 309),
(313, 316, 301, '2023-02-15', 0.5, 0, 1, 309),
(314, 316, 301, '2023-02-16', 0, 0, 1, 309),
(315, 316, 301, '2023-02-17', 0.5, 1, 1, 309),
(316, 316, 301, '2023-02-18', 0, 0, 1, 309),
(317, 316, 301, '2023-02-19', 0.5, 0, 1, 309),
(318, 316, 301, '2023-02-20', 0.5, 0, 1, 309),
(319, 316, 301, '2023-02-21', 0, 1, 1, 309),
(320, 316, 301, '2023-02-22', 0.5, 0, 1, 309),
(321, 345, 328, '2023-02-24', 0.5, 1, 0, 345),
(322, 354, 328, '2023-02-24', 0.5, 1, 1, 345),
(323, 355, 328, '2023-02-24', 0.5, 1, 1, 345),
(324, 351, 328, '2023-02-24', 0.5, 1, 1, 345),
(325, 352, 328, '2023-02-24', 0.5, 1, 1, 345),
(326, 350, 328, '2023-02-24', 0.5, 1, 1, 345),
(327, 358, 332, '2023-02-24', 1, 1, 1, 358),
(328, 364, 335, '2023-02-24', 100, 0, 0, 362),
(329, 368, 340, '2023-02-24', 50, 100, 120, 368),
(330, 365, 337, '2023-02-24', 1, 1, 1, 365),
(331, 380, 350, '2023-02-24', 30, 30, 30, 377),
(332, 377, 350, '2023-02-24', 30, 30, 30, 377),
(333, 382, 355, '2023-02-24', 0, 1, 1, 382),
(334, 383, 301, '2023-02-01', 0, 0, 0.5, 314),
(335, 383, 301, '2023-02-02', 0, 0, 1, 309),
(336, 383, 301, '2023-02-05', 1, 0, 1, 309),
(337, 383, 301, '2023-02-06', 1, 0, 1, 309),
(338, 383, 301, '2023-02-07', 0, 1, 0, 309),
(339, 383, 301, '2023-02-08', 0, 0, 1, 309),
(340, 383, 301, '2023-02-10', 0, 0, 0.5, 309),
(341, 383, 301, '2023-02-11', 0, 0, 1, 309),
(342, 383, 301, '2023-02-12', 0, 0, 0.5, 309),
(343, 383, 301, '2023-02-13', 0, 0, 1, 309),
(344, 383, 301, '2023-02-14', 0, 1, 0, 309),
(345, 383, 301, '2023-02-15', 0, 1, 1, 309),
(346, 383, 301, '2023-02-16', 0, 1, 1, 309),
(347, 383, 301, '2023-02-17', 0, 2, 1, 309),
(348, 383, 301, '2023-02-18', 0.5, 1, 1, 309),
(349, 383, 301, '2023-02-19', 0.5, 1, 1, 309),
(350, 383, 301, '2023-02-20', 0, 1.5, 1, 314),
(351, 383, 301, '2023-02-22', 0, 1, 1, 314),
(352, 383, 301, '2023-02-21', 0.5, 1, 1, 309),
(353, 383, 301, '2023-02-24', 0.5, 1, 1, 314),
(354, 383, 301, '2023-02-23', 0.5, 1, 1, 309),
(355, 383, 301, '2023-02-03', 0, 0, 0, 309),
(356, 383, 301, '2023-02-04', 0, 0, 0, 309),
(357, 394, 366, '2023-02-24', 0, 1, 1, 394),
(358, 397, 369, '2023-02-24', 0, 1, 0, 397),
(359, 395, 367, '2023-02-24', 0.1, 0.7, 0.2, 395),
(360, 422, 395, '2023-02-24', 1, 1, 0.5, 422),
(361, 425, 398, '2023-02-24', 1, 1, 1, 425),
(362, 425, 398, '2023-02-23', 0, 1, 1, 425),
(363, 433, 406, '2023-02-24', 1, 0, 0, 433),
(364, 434, 407, '2023-02-24', 0, 0, 2, 434),
(365, 438, 411, '2023-02-24', 0, 1, 0, 438),
(366, 443, 413, '2023-02-24', 0, 0, 0, 443),
(367, 464, 436, '2023-02-25', 25, 25, 30, 464),
(368, 319, 306, '2023-02-25', 2500, 2600, 2700, 319),
(369, 395, 367, '2023-02-25', 0.1, 0.7, 0.2, 395),
(370, 498, 469, '2023-02-25', 0, 0, 51, 498),
(371, 528, 478, '2023-02-25', 2, 2, 6, 527),
(372, 529, 479, '2023-02-25', 45, 50, 60, 529),
(373, 198, 190, '2023-02-24', 0, 1, 1, 198),
(374, 201, 190, '2023-02-24', 0, 1, 1, 198),
(375, 202, 190, '2023-02-24', 0, 1, 1, 198),
(376, 200, 190, '2023-02-24', 0, 1, 1, 198),
(377, 498, 469, '2023-02-01', 0, 1, 1, 498),
(378, 516, 469, '2023-02-01', 0, 1, 1, 498),
(379, 522, 469, '2023-02-01', 0, 0, 0, 498),
(380, 502, 469, '2023-02-01', 0, 1, 1, 498),
(381, 504, 469, '2023-02-01', 0, 1, 1, 498),
(382, 503, 469, '2023-02-01', 0, 1, 1, 498),
(383, 523, 469, '2023-02-01', 0, 0, 0, 498),
(384, 517, 469, '2023-02-01', 0, 0, 2, 498),
(385, 515, 469, '2023-02-01', 0, 0, 0, 498),
(386, 509, 469, '2023-02-01', 0, 0, 2, 498),
(387, 511, 469, '2023-02-01', 0, 0, 2, 498),
(388, 507, 469, '2023-02-01', 0, 0, 2, 498),
(389, 521, 469, '2023-02-01', 0, 0, 0, 498),
(390, 514, 469, '2023-02-01', 0, 0, 1, 498),
(391, 518, 469, '2023-02-01', 0, 0, 0, 498),
(392, 513, 469, '2023-02-01', 0, 0, 1, 498),
(393, 520, 469, '2023-02-01', 0, 0, 0, 498),
(394, 498, 469, '2023-02-02', 0, 0, 3, 498),
(395, 516, 469, '2023-02-02', 0, 0, 3, 498),
(396, 522, 469, '2023-02-02', 0, 0, 0, 498),
(397, 502, 469, '2023-02-02', 0, 0, 0, 498),
(398, 504, 469, '2023-02-02', 0, 0, 3, 498),
(399, 503, 469, '2023-02-02', 0, 0, 3, 498),
(400, 517, 469, '2023-02-02', 0, 0, 3, 498),
(401, 509, 469, '2023-02-02', 0, 0, 3, 498),
(402, 511, 469, '2023-02-02', 0, 0, 3, 498),
(403, 507, 469, '2023-02-02', 0, 0, 3, 498),
(404, 514, 469, '2023-02-02', 0, 0, 3, 498),
(405, 513, 469, '2023-02-02', 0, 0, 3, 498),
(406, 498, 469, '2023-02-03', 0, 0, 3, 498),
(407, 516, 469, '2023-02-03', 0, 1, 3, 498),
(408, 504, 469, '2023-02-03', 0, 0, 3, 498),
(409, 503, 469, '2023-02-03', 0, 0, 3, 498),
(410, 517, 469, '2023-02-03', 0, 0, 1, 498),
(411, 509, 469, '2023-02-03', 0, 0, 2, 498),
(412, 511, 469, '2023-02-03', 0, 0, 2, 498),
(413, 507, 469, '2023-02-03', 0, 0, 3, 498),
(414, 514, 469, '2023-02-03', 0, 0, 1, 498),
(415, 513, 469, '2023-02-03', 0, 0, 2, 498),
(416, 535, 485, '2023-02-25', 1, 1, 1, 535),
(417, 537, 485, '2023-02-25', 0, 1, 0, 535),
(418, 543, 492, '2023-02-25', 0, 1, 1, 543),
(419, 546, 495, '2023-02-25', 1, 0, 0, 546),
(420, 554, 501, '2023-02-25', 1, 1, 0, 553),
(421, 568, 515, '2023-02-25', 0, 1, 1, 568),
(422, 580, 521, '2023-02-25', 0.5, 1, 1, 575),
(423, 498, 469, '2023-02-04', 0, 0, 3, 498),
(424, 516, 469, '2023-02-04', 0, 0, 3, 498),
(425, 502, 469, '2023-02-04', 0, 0, 3, 498),
(426, 504, 469, '2023-02-04', 0, 0, 3, 498),
(427, 503, 469, '2023-02-04', 0, 0, 3, 498),
(428, 583, 527, '2023-02-25', 1, 1, 1, 583),
(429, 517, 469, '2023-02-04', 0, 0, 3, 498),
(430, 515, 469, '2023-02-04', 0, 0, 3, 498),
(431, 509, 469, '2023-02-04', 0, 0, 2, 498),
(432, 511, 469, '2023-02-04', 0, 0, 3, 498),
(433, 507, 469, '2023-02-04', 0, 0, 3, 498),
(434, 514, 469, '2023-02-04', 0, 0, 3, 498),
(435, 518, 469, '2023-02-04', 0, 0, 3, 498),
(436, 513, 469, '2023-02-04', 0, 0, 3, 498),
(437, 586, 531, '2023-02-25', 30, 50, 80, 586),
(438, 330, 316, '2023-02-25', 0, 1, 1, 329),
(439, 353, 316, '2023-02-25', 0, 1, 1, 329),
(440, 332, 316, '2023-02-25', 0, 1, 1, 329),
(441, 331, 316, '2023-02-25', 0, 1, 1, 329),
(442, 359, 316, '2023-02-25', 0, 1, 0, 329),
(443, 498, 469, '2023-02-05', 0, 0, 3, 498),
(444, 604, 546, '2023-02-25', 1, 1, 1, 602),
(445, 516, 469, '2023-02-05', 0, 0, 3, 498),
(446, 502, 469, '2023-02-05', 0, 0, 3, 498),
(447, 504, 469, '2023-02-05', 0, 0, 3, 498),
(448, 503, 469, '2023-02-05', 0, 0, 3, 498),
(449, 604, 546, '2023-02-26', 1, 1, 1, 602),
(450, 604, 546, '2023-02-27', 1, 1, 1, 602),
(451, 517, 469, '2023-02-05', 0, 0, 3, 498),
(452, 602, 546, '2023-02-26', 0, 1, 0, 602),
(453, 515, 469, '2023-02-05', 0, 0, 3, 498),
(454, 602, 546, '2023-02-25', 0, 1, 0, 602),
(455, 509, 469, '2023-02-05', 0, 0, 2, 498),
(456, 511, 469, '2023-02-05', 0, 0, 3, 498),
(457, 507, 469, '2023-02-05', 0, 0, 3, 498),
(458, 514, 469, '2023-02-05', 0, 1, 3, 498),
(459, 605, 546, '2023-02-25', 0, 1, 0, 602),
(460, 518, 469, '2023-02-05', 0, 0, 3, 498),
(461, 513, 469, '2023-02-05', 0, 0, 3, 498),
(462, 520, 469, '2023-02-05', 0, 0, 3, 498),
(463, 498, 469, '2023-02-06', 0, 0, 3, 498),
(464, 516, 469, '2023-02-06', 0, 0, 3, 498),
(465, 502, 469, '2023-02-06', 0, 0, 3, 498),
(466, 504, 469, '2023-02-06', 0, 0, 3, 498),
(467, 503, 469, '2023-02-06', 0, 0, 3, 498),
(468, 517, 469, '2023-02-06', 0, 0, 3, 498),
(469, 515, 469, '2023-02-06', 0, 0, 3, 498),
(470, 511, 469, '2023-02-06', 0, 0, 3, 498),
(471, 507, 469, '2023-02-06', 0, 0, 3, 498),
(472, 514, 469, '2023-02-06', 0, 2, 3, 498),
(473, 518, 469, '2023-02-06', 0, 0, 3, 498),
(474, 513, 469, '2023-02-06', 0, 0, 3, 498),
(475, 520, 469, '2023-02-06', 0, 0, 3, 498),
(476, 498, 469, '2023-02-07', 0, 0, 2, 498),
(477, 516, 469, '2023-02-07', 0, 0, 2, 498),
(478, 502, 469, '2023-02-07', 0, 0, 2, 498),
(479, 504, 469, '2023-02-07', 0, 0, 2, 498),
(480, 503, 469, '2023-02-07', 0, 0, 2, 498),
(481, 523, 469, '2023-02-07', 0, 0, 2, 498),
(482, 523, 469, '2023-02-06', 0, 0, 3, 498),
(483, 517, 469, '2023-02-07', 0, 0, 2, 498),
(484, 515, 469, '2023-02-07', 0, 0, 2, 498),
(485, 511, 469, '2023-02-07', 0, 0, 2, 498),
(486, 507, 469, '2023-02-07', 0, 0, 2, 498),
(487, 514, 469, '2023-02-07', 0, 2, 2, 498),
(488, 516, 469, '2023-02-25', 0, 0, 50, 498),
(489, 522, 469, '2023-02-25', 0, 0, 70, 498),
(490, 502, 469, '2023-02-25', 0, 0, 57, 498),
(491, 504, 469, '2023-02-25', 0, 0, 51, 498),
(492, 503, 469, '2023-02-25', 0, 0, 51, 498),
(493, 523, 469, '2023-02-25', 0, 0, 65, 498),
(494, 517, 469, '2023-02-25', 0, 0, 53, 498),
(495, 515, 469, '2023-02-25', 0, 0, 59, 498),
(496, 509, 469, '2023-02-25', 0, 0, 49, 498),
(497, 511, 469, '2023-02-25', 0, 0, 52, 498),
(498, 521, 469, '2023-02-25', 0, 0, 70, 498),
(499, 514, 469, '2023-02-25', 0, 0, 49, 498),
(500, 518, 469, '2023-02-25', 0, 0, 61, 498),
(501, 513, 469, '2023-02-25', 0, 0, 55, 498),
(502, 520, 469, '2023-02-25', 0, 0, 64, 498),
(503, 507, 469, '2023-02-25', 0, 0, 51, 498),
(504, 615, 566, '2023-02-25', 1, 0, 10, 615),
(505, 670, 620, '2023-02-25', 0.5, 1, 1, 670),
(506, 666, 614, '2023-02-25', 1, 1, 1, 661),
(507, 676, 614, '2023-02-25', 1, 1, 1, 661),
(508, 661, 614, '2023-02-01', 0, 0, 0, 661),
(509, 661, 614, '2023-02-04', 0, 0, 0, 661),
(510, 661, 614, '2023-02-05', 0, 0, 0, 661),
(511, 661, 614, '2023-02-06', 0, 0, 0, 661),
(512, 661, 614, '2023-02-24', 29, 29, 30, 661),
(513, 666, 614, '2023-02-24', 19, 20, 20, 661),
(514, 676, 614, '2023-02-24', 21, 21, 22, 661),
(515, 693, 614, '2023-02-25', 1, 1, 1, 661),
(516, 692, 638, '2023-02-25', 1, 1, 1, 692),
(517, 693, 614, '2023-02-24', 20, 21, 21, 661),
(518, 661, 614, '2023-02-25', 2, 2, 3, 661),
(519, 695, 640, '2023-02-25', 0, 1, 1, 695),
(520, 701, 640, '2023-02-01', 0, 1, 1, 695),
(521, 699, 640, '2023-02-01', 0, 1, 1, 695),
(522, 697, 640, '2023-02-01', 0, 1, 1, 695),
(523, 700, 640, '2023-02-01', 0, 1, 1, 695),
(524, 698, 640, '2023-02-01', 0, 1, 1, 695),
(525, 706, 640, '2023-02-01', 0, 1, 1, 695),
(526, 705, 640, '2023-02-01', 0, 1, 1, 695),
(527, 695, 640, '2023-02-01', 0, 1, 1, 695),
(528, 697, 640, '2023-02-02', 0, 0, 0, 695),
(529, 697, 640, '2023-02-03', 0, 0, 0, 695),
(530, 697, 640, '2023-02-04', 0, 0, 0, 695),
(531, 697, 640, '2023-02-05', 0, 1, 1, 695),
(532, 697, 640, '2023-02-06', 0, 0, 1, 695),
(533, 697, 640, '2023-02-10', 0, 0, 1, 695),
(534, 697, 640, '2023-02-22', 0, 1, 0, 695),
(535, 697, 640, '2023-02-23', 0, 0, 1, 695),
(536, 707, 645, '2023-02-25', 0, 20, 20, 707),
(537, 2, 1, '2023-02-24', 0, 1, 0.5, 2),
(538, 3, 1, '2023-02-24', 0, 1, 0.5, 2),
(539, 4, 1, '2023-02-24', 1, 1, 0.5, 2),
(540, 395, 367, '2023-02-21', 0.1, 0.7, 0.2, 395),
(541, 395, 367, '2023-02-22', 0.1, 0.7, 0.2, 395),
(542, 395, 367, '2023-02-23', 0.1, 0.7, 0.2, 395),
(543, 717, 301, '2023-02-20', 0, 1, 1, 309),
(544, 717, 301, '2023-02-21', 0, 1, 1, 309),
(545, 717, 301, '2023-02-22', 0, 1, 1, 309),
(546, 717, 301, '2023-02-23', 0, 1, 1, 309),
(547, 717, 301, '2023-02-24', 0, 1, 1, 309),
(548, 717, 301, '2023-02-25', 0, 1, 1, 309),
(549, 574, 520, '2023-02-06', 0, 0, 1, 574),
(550, 309, 301, '2023-02-25', 0, 0, 1, 309),
(551, 383, 301, '2023-02-25', 0, 1, 1, 309),
(552, 336, 301, '2023-02-25', 0.5, 1, 1, 309),
(553, 314, 301, '2023-02-25', 0.5, 0, 1, 309),
(554, 695, 640, '2023-02-05', 0, 0, 1, 695),
(555, 316, 301, '2023-02-25', 0.5, 0, 1, 309),
(556, 574, 520, '2023-02-25', 0, 1, 1, 574),
(557, 695, 640, '2023-02-13', 0, 0, 1, 695),
(558, 695, 640, '2023-02-16', 0, 0, 0, 695),
(559, 695, 640, '2023-02-17', 0, 0, 0, 695),
(560, 695, 640, '2023-02-18', 0, 0, 0, 695),
(561, 725, 660, '2023-02-25', 50, 50, 50, 725),
(562, 695, 640, '2023-02-19', 0, 0, 1, 695),
(563, 695, 640, '2023-02-21', 0, 1, 0, 695),
(564, 695, 640, '2023-02-23', 0, 0, 0, 695),
(565, 695, 640, '2023-02-24', 0, 1, 0, 695),
(566, 700, 640, '2023-02-03', 0, 0, 0, 695),
(567, 700, 640, '2023-02-04', 0, 0, 0, 695),
(568, 718, 520, '2023-02-06', 0, 0, 1, 574),
(569, 721, 520, '2023-02-06', 0, 0, 0, 574),
(570, 719, 520, '2023-02-06', 0, 0, 1, 574),
(571, 722, 520, '2023-02-06', 0, 0, 1, 574),
(572, 700, 640, '2023-02-21', 0, 1, 0, 695),
(573, 699, 640, '2023-02-03', 0, 1, 0, 695),
(574, 718, 520, '2023-02-07', 0, 1, 1, 574),
(575, 574, 520, '2023-02-07', 0, 1, 1, 574),
(576, 719, 520, '2023-02-07', 0, 1, 1, 574),
(577, 722, 520, '2023-02-07', 0, 1, 1, 574),
(578, 699, 640, '2023-02-08', 0, 0.5, 1, 695),
(579, 705, 640, '2023-02-04', 0, 1, 0, 695),
(580, 705, 640, '2023-02-10', 0, 0, 0, 695),
(581, 705, 640, '2023-02-11', 0, 0, 0, 695),
(582, 705, 640, '2023-02-12', 0, 0, 0, 695),
(583, 705, 640, '2023-02-13', 0, 0, 1, 695),
(584, 698, 640, '2023-02-09', 0, 0, 1, 695),
(585, 698, 640, '2023-02-11', 0, 0, 1, 695),
(586, 698, 640, '2023-02-19', 0, 0, 0, 695),
(587, 698, 640, '2023-02-20', 0, 0, 0, 695),
(588, 718, 520, '2023-02-08', 0, 1, 1, 574),
(589, 698, 640, '2023-02-21', 0, 0, 0, 695),
(590, 574, 520, '2023-02-08', 0, 1, 1, 574),
(591, 719, 520, '2023-02-08', 0, 1, 1, 574),
(592, 722, 520, '2023-02-08', 0, 1, 1, 574),
(593, 706, 640, '2023-02-15', 0, 0, 1, 695),
(594, 701, 640, '2023-02-02', 0, 1, 0, 695),
(595, 574, 520, '2023-02-09', 0, 1, 1, 574),
(596, 718, 520, '2023-02-09', 0, 1, 1, 574),
(597, 701, 640, '2023-02-05', 0, 1, 0, 695),
(598, 719, 520, '2023-02-09', 0, 1, 1, 574),
(599, 722, 520, '2023-02-09', 0, 1, 1, 574),
(600, 701, 640, '2023-02-07', 0, 1, 0, 695),
(601, 718, 520, '2023-02-10', 0, 1, 1, 574),
(602, 701, 640, '2023-02-08', 0, 1, 0, 695),
(603, 574, 520, '2023-02-10', 0, 1, 1, 574),
(604, 722, 520, '2023-02-10', 0, 1, 1, 574),
(605, 718, 520, '2023-02-11', 0, 1, 1, 574),
(606, 721, 520, '2023-02-11', 0, 0, 1, 574),
(607, 701, 640, '2023-02-09', 0, 0, 0, 695),
(608, 574, 520, '2023-02-11', 0, 1, 1, 574),
(609, 722, 520, '2023-02-11', 0, 1, 1, 574),
(610, 701, 640, '2023-02-10', 0, 0, 0, 695),
(611, 718, 520, '2023-02-12', 0, 1, 1, 574),
(612, 721, 520, '2023-02-12', 0, 1, 1, 574),
(613, 701, 640, '2023-02-14', 0, 1, 0, 695),
(614, 574, 520, '2023-02-12', 0, 1, 1, 574),
(615, 722, 520, '2023-02-12', 0, 1, 0, 574),
(616, 701, 640, '2023-02-15', 0, 1, 0, 695),
(617, 718, 520, '2023-02-13', 0, 1, 1, 574),
(618, 701, 640, '2023-02-16', 0, 0, 0, 695),
(619, 721, 520, '2023-02-13', 0, 1, 1, 574),
(620, 574, 520, '2023-02-13', 0, 1, 1, 574),
(621, 722, 520, '2023-02-13', 0, 1, 1, 574),
(622, 701, 640, '2023-02-17', 0, 1, 0, 695),
(623, 718, 520, '2023-02-14', 0, 1, 0, 574),
(624, 721, 520, '2023-02-14', 0, 1, 0, 574),
(625, 574, 520, '2023-02-14', 0, 1, 1, 574),
(626, 722, 520, '2023-02-14', 0, 1, 0, 574),
(627, 699, 640, '2023-02-25', 0, 1, 1, 695),
(628, 574, 520, '2023-02-15', 0, 1, 1, 574),
(629, 697, 640, '2023-02-25', 0, 1, 1, 695),
(630, 700, 640, '2023-02-25', 0, 1, 1, 695),
(631, 574, 520, '2023-02-16', 0, 1, 1, 574),
(632, 698, 640, '2023-02-25', 0, 1, 1, 695),
(633, 719, 520, '2023-02-16', 0, 0, 3, 574),
(634, 701, 640, '2023-02-25', 0, 1, 1, 695),
(635, 721, 520, '2023-02-16', 0, 1, 1, 574),
(636, 706, 640, '2023-02-25', 0, 1, 1, 695),
(637, 722, 520, '2023-02-16', 0, 1, 0, 574),
(638, 705, 640, '2023-02-25', 0, 1, 1, 695),
(639, 721, 520, '2023-02-17', 0, 1, 1, 574),
(640, 574, 520, '2023-02-17', 0, 1, 1, 574),
(641, 719, 520, '2023-02-17', 0, 2, 3, 574),
(642, 722, 520, '2023-02-17', 0, 1, 1, 574),
(643, 718, 520, '2023-02-18', 0, 0, 1, 574),
(644, 721, 520, '2023-02-18', 0, 1, 1, 574),
(645, 699, 640, '2023-02-02', 0, 1, 1, 695),
(646, 574, 520, '2023-02-18', 0, 1, 1, 574),
(647, 719, 520, '2023-02-18', 0, 3, 3, 574),
(648, 722, 520, '2023-02-18', 0, 1, 1, 574),
(649, 718, 520, '2023-02-19', 0, 1, 1, 574),
(650, 721, 520, '2023-02-19', 0, 1, 1, 574),
(651, 574, 520, '2023-02-19', 0, 1, 1, 574),
(652, 719, 520, '2023-02-19', 0, 3, 3, 574),
(653, 722, 520, '2023-02-19', 0, 1, 1, 574),
(654, 718, 520, '2023-02-20', 0, 1, 1, 574),
(655, 721, 520, '2023-02-20', 0, 1, 1, 574),
(656, 574, 520, '2023-02-20', 0, 1, 1, 574),
(657, 719, 520, '2023-02-20', 0, 3, 2, 574),
(658, 722, 520, '2023-02-20', 0, 1, 1, 574),
(659, 718, 520, '2023-02-21', 0, 1, 1, 574),
(660, 721, 520, '2023-02-21', 0, 1, 1, 574),
(661, 574, 520, '2023-02-21', 0, 1, 1, 574),
(662, 722, 520, '2023-02-21', 0, 1, 1, 574),
(663, 719, 520, '2023-02-21', 0, 2, 2, 574),
(664, 718, 520, '2023-02-22', 0, 1, 1, 574),
(665, 721, 520, '2023-02-22', 0, 1, 1, 574),
(666, 574, 520, '2023-02-22', 0, 1, 1, 574),
(667, 719, 520, '2023-02-22', 0, 2, 1, 574),
(668, 722, 520, '2023-02-22', 0, 1, 1, 574),
(669, 705, 640, '2023-02-24', 0, 1, 1, 695),
(670, 718, 520, '2023-02-23', 0, 1, 1, 574),
(671, 706, 640, '2023-02-24', 0, 1, 1, 695),
(672, 721, 520, '2023-02-23', 0, 1, 1, 574),
(673, 701, 640, '2023-02-24', 0, 1, 1, 695),
(674, 574, 520, '2023-02-23', 0, 1, 0, 574),
(675, 698, 640, '2023-02-24', 0, 1, 1, 695),
(676, 719, 520, '2023-02-23', 0, 1, 1, 574),
(677, 722, 520, '2023-02-23', 0, 0, 1, 574),
(678, 700, 640, '2023-02-24', 0, 1, 1, 695),
(679, 697, 640, '2023-02-24', 0, 1, 1, 695),
(680, 699, 640, '2023-02-24', 0, 1, 1, 695),
(681, 705, 640, '2023-02-23', 0, 1, 1, 695),
(682, 706, 640, '2023-02-23', 0, 1, 1, 695),
(683, 701, 640, '2023-02-23', 0, 1, 1, 695),
(684, 718, 520, '2023-02-24', 0, 1, 0, 574),
(685, 698, 640, '2023-02-23', 0, 1, 1, 695),
(686, 721, 520, '2023-02-24', 0, 2, 0, 574),
(687, 700, 640, '2023-02-23', 0, 1, 1, 695),
(688, 699, 640, '2023-02-23', 0, 1, 1, 695),
(689, 718, 520, '2023-02-25', 0, 0, 1, 574),
(690, 699, 640, '2023-02-22', 0, 1, 1, 695),
(691, 700, 640, '2023-02-22', 0, 1, 1, 695),
(692, 698, 640, '2023-02-22', 0, 1, 1, 695),
(693, 701, 640, '2023-02-22', 0, 1, 1, 695),
(694, 706, 640, '2023-02-22', 0, 1, 1, 695),
(695, 695, 640, '2023-02-22', 0, 1, 1, 695),
(696, 705, 640, '2023-02-22', 0, 1, 1, 695),
(697, 699, 640, '2023-02-21', 0, 1, 1, 695),
(698, 697, 640, '2023-02-21', 0, 1, 1, 695),
(699, 701, 640, '2023-02-21', 0, 1, 1, 695),
(700, 706, 640, '2023-02-21', 0, 1, 1, 695),
(701, 705, 640, '2023-02-21', 0, 1, 1, 695),
(702, 699, 640, '2023-02-20', 0, 1, 1, 695),
(703, 697, 640, '2023-02-20', 0, 1, 1, 695),
(704, 700, 640, '2023-02-20', 0, 1, 1, 695),
(705, 701, 640, '2023-02-20', 0, 1, 1, 695),
(706, 706, 640, '2023-02-20', 0, 1, 1, 695),
(707, 695, 640, '2023-02-20', 0, 1, 1, 695),
(708, 705, 640, '2023-02-20', 0, 1, 1, 695),
(709, 705, 640, '2023-02-19', 0, 1, 1, 695),
(710, 706, 640, '2023-02-19', 0, 1, 1, 695),
(711, 701, 640, '2023-02-19', 0, 1, 1, 695),
(712, 700, 640, '2023-02-19', 0, 1, 1, 695),
(713, 697, 640, '2023-02-19', 0, 1, 1, 695),
(714, 699, 640, '2023-02-19', 0, 1, 1, 695),
(715, 699, 640, '2023-02-18', 0, 1, 1, 695),
(716, 697, 640, '2023-02-18', 0, 1, 1, 695),
(717, 700, 640, '2023-02-18', 0, 1, 1, 695),
(718, 698, 640, '2023-02-18', 0, 1, 1, 695),
(719, 701, 640, '2023-02-18', 0, 1, 1, 695),
(720, 706, 640, '2023-02-18', 0, 1, 1, 695),
(721, 705, 640, '2023-02-18', 0, 1, 1, 695),
(722, 706, 640, '2023-02-17', 0, 1, 1, 695),
(723, 705, 640, '2023-02-17', 0, 1, 1, 695),
(724, 698, 640, '2023-02-17', 0, 1, 1, 695),
(725, 700, 640, '2023-02-17', 0, 1, 1, 695),
(726, 697, 640, '2023-02-17', 0, 1, 1, 695),
(727, 699, 640, '2023-02-17', 0, 1, 1, 695),
(728, 705, 640, '2023-02-16', 0, 1, 1, 695),
(729, 706, 640, '2023-02-16', 0, 1, 1, 695),
(730, 698, 640, '2023-02-16', 0, 1, 1, 695),
(731, 700, 640, '2023-02-16', 0, 1, 1, 695),
(732, 697, 640, '2023-02-16', 0, 1, 1, 695),
(733, 699, 640, '2023-02-16', 0, 1, 1, 695),
(734, 695, 640, '2023-02-15', 0, 1, 1, 695),
(735, 705, 640, '2023-02-15', 0, 1, 1, 695),
(736, 698, 640, '2023-02-15', 0, 1, 1, 695),
(737, 700, 640, '2023-02-15', 0, 1, 1, 695),
(738, 697, 640, '2023-02-15', 0, 1, 1, 695),
(739, 699, 640, '2023-02-15', 0, 1, 1, 695),
(740, 706, 640, '2023-02-14', 0, 1, 1, 695),
(741, 735, 668, '2023-02-25', 1, 1, 1, 735),
(742, 695, 640, '2023-02-14', 0, 1, 1, 695),
(743, 705, 640, '2023-02-14', 0, 1, 1, 695),
(744, 698, 640, '2023-02-14', 0, 1, 1, 695),
(745, 700, 640, '2023-02-14', 0, 1, 1, 695),
(746, 697, 640, '2023-02-14', 0, 1, 1, 695),
(747, 699, 640, '2023-02-14', 0, 1, 1, 695),
(748, 706, 640, '2023-02-13', 0, 1, 1, 695),
(749, 701, 640, '2023-02-13', 0, 1, 1, 695),
(750, 698, 640, '2023-02-13', 0, 1, 1, 695),
(751, 700, 640, '2023-02-13', 0, 1, 1, 695),
(752, 697, 640, '2023-02-13', 0, 1, 1, 695),
(753, 699, 640, '2023-02-13', 0, 1, 1, 695),
(754, 695, 640, '2023-02-12', 0, 1, 1, 695),
(755, 699, 640, '2023-02-12', 0, 1, 1, 695),
(756, 697, 640, '2023-02-12', 0, 1, 1, 695),
(757, 700, 640, '2023-02-12', 0, 1, 1, 695),
(758, 698, 640, '2023-02-12', 0, 1, 1, 695),
(759, 701, 640, '2023-02-12', 0, 1, 1, 695),
(760, 706, 640, '2023-02-12', 0, 1, 1, 695),
(761, 700, 640, '2023-02-11', 0, 1, 1, 695),
(762, 697, 640, '2023-02-11', 0, 1, 1, 695),
(763, 699, 640, '2023-02-11', 0, 1, 1, 695),
(764, 701, 640, '2023-02-11', 0, 1, 1, 695),
(765, 706, 640, '2023-02-11', 0, 1, 1, 695),
(766, 695, 640, '2023-02-11', 0, 1, 1, 695),
(767, 695, 640, '2023-02-10', 0, 1, 1, 695),
(768, 706, 640, '2023-02-10', 0, 1, 1, 695),
(769, 698, 640, '2023-02-10', 0, 1, 1, 695),
(770, 700, 640, '2023-02-10', 0, 1, 1, 695),
(771, 699, 640, '2023-02-10', 0, 1, 1, 695),
(772, 706, 640, '2023-02-09', 0, 1, 1, 695),
(773, 695, 640, '2023-02-09', 0, 1, 1, 695),
(774, 705, 640, '2023-02-09', 0, 1, 1, 695),
(775, 700, 640, '2023-02-09', 0, 1, 1, 695),
(776, 697, 640, '2023-02-09', 0, 1, 1, 695),
(777, 699, 640, '2023-02-09', 0, 1, 1, 695),
(778, 697, 640, '2023-02-08', 0, 1, 1, 695),
(779, 700, 640, '2023-02-08', 0, 1, 1, 695),
(780, 698, 640, '2023-02-08', 0, 1, 1, 695),
(781, 706, 640, '2023-02-08', 0, 1, 1, 695),
(782, 695, 640, '2023-02-08', 0, 1, 1, 695),
(783, 705, 640, '2023-02-08', 0, 1, 1, 695),
(784, 699, 640, '2023-02-07', 0, 1, 1, 695),
(785, 697, 640, '2023-02-07', 0, 1, 1, 695),
(786, 700, 640, '2023-02-07', 0, 1, 1, 695),
(787, 698, 640, '2023-02-07', 0, 1, 1, 695),
(788, 706, 640, '2023-02-07', 0, 1, 1, 695),
(789, 695, 640, '2023-02-07', 0, 1, 1, 695),
(790, 705, 640, '2023-02-07', 0, 1, 1, 695),
(791, 699, 640, '2023-02-06', 0, 1, 1, 695),
(792, 700, 640, '2023-02-06', 0, 1, 1, 695),
(793, 698, 640, '2023-02-06', 0, 1, 1, 695),
(794, 701, 640, '2023-02-06', 0, 1, 1, 695),
(795, 706, 640, '2023-02-06', 0, 1, 1, 695),
(796, 695, 640, '2023-02-06', 0, 1, 1, 695),
(797, 705, 640, '2023-02-06', 0, 1, 1, 695),
(798, 706, 640, '2023-02-05', 0, 1, 1, 695),
(799, 705, 640, '2023-02-05', 0, 1, 1, 695),
(800, 698, 640, '2023-02-05', 0, 1, 1, 695),
(801, 700, 640, '2023-02-05', 0, 1, 1, 695),
(802, 699, 640, '2023-02-05', 0, 1, 1, 695),
(803, 700, 640, '2023-02-02', 0, 1, 1, 695),
(804, 698, 640, '2023-02-02', 0, 1, 1, 695),
(805, 706, 640, '2023-02-02', 0, 1, 1, 695),
(806, 695, 640, '2023-02-02', 0, 1, 1, 695),
(807, 705, 640, '2023-02-02', 0, 1, 1, 695),
(808, 698, 640, '2023-02-03', 0, 1, 1, 695),
(809, 701, 640, '2023-02-03', 0, 1, 1, 695),
(810, 706, 640, '2023-02-03', 0, 1, 1, 695),
(811, 695, 640, '2023-02-03', 0, 1, 1, 695),
(812, 705, 640, '2023-02-03', 0, 1, 1, 695),
(813, 699, 640, '2023-02-04', 0, 1, 1, 695),
(814, 698, 640, '2023-02-04', 0, 1, 1, 695),
(815, 701, 640, '2023-02-04', 0, 1, 1, 695),
(816, 706, 640, '2023-02-04', 0, 1, 1, 695),
(817, 695, 640, '2023-02-04', 0, 1, 1, 695),
(818, 740, 674, '2023-02-25', 0, 0, 100, 740),
(819, 729, 664, '2023-02-25', 0, 1, 1, 729),
(820, 745, 678, '2023-02-26', 1, 0, 1, 745),
(821, 745, 678, '2023-02-27', 1, 0, 1, 745),
(822, 748, 678, '2023-02-25', 1, 1, 1, 745),
(823, 748, 678, '2023-02-26', 1, 0, 1, 745),
(824, 748, 678, '2023-02-27', 1, 1, 1, 745),
(825, 745, 678, '2023-02-28', 1, 0, 1, 745),
(826, 748, 678, '2023-02-28', 1, 1, 1, 745),
(827, 198, 190, '2023-02-25', 0, 1, 1, 198),
(828, 201, 190, '2023-02-25', 0, 1, 1, 198),
(829, 199, 190, '2023-02-25', 0, 1, 0, 198),
(830, 202, 190, '2023-02-25', 0, 1, 1, 198),
(831, 200, 190, '2023-02-25', 0, 1, 1, 198),
(832, 635, 589, '2023-02-25', 0, 1, 1, 635),
(833, 782, 589, '2023-02-25', 0, 1, 1, 635),
(834, 781, 589, '2023-02-25', 0, 1, 1, 635),
(835, 779, 589, '2023-02-25', 0, 1, 1, 635),
(836, 665, 589, '2023-02-25', 0, 1, 1, 635),
(837, 664, 589, '2023-02-25', 0, 1, 1, 635),
(838, 649, 589, '2023-02-25', 0, 1, 1, 635),
(839, 783, 697, '2023-02-25', 1, 1, 2, 783),
(840, 787, 701, '2023-02-25', 1, 1, 1, 787),
(841, 782, 589, '2023-02-01', 0, 1, 1, 635),
(842, 635, 589, '2023-02-01', 0, 1, 1, 635),
(843, 781, 589, '2023-02-01', 0, 1, 1, 635),
(844, 779, 589, '2023-02-01', 0, 1, 2, 635),
(845, 665, 589, '2023-02-01', 0, 1, 1, 635),
(846, 664, 589, '2023-02-01', 0, 1, 1, 635),
(847, 649, 589, '2023-02-01', 0, 1, 1, 635),
(848, 782, 589, '2023-02-02', 0, 0, 1, 635),
(849, 635, 589, '2023-02-02', 0, 1, 1, 635),
(850, 781, 589, '2023-02-02', 0, 1, 1, 635),
(851, 779, 589, '2023-02-02', 0, 1, 1, 635),
(852, 665, 589, '2023-02-02', 0, 1, 1, 635),
(853, 664, 589, '2023-02-02', 0, 1, 1, 635),
(854, 649, 589, '2023-02-02', 0, 0, 1, 635),
(855, 782, 589, '2023-02-03', 0, 0, 0, 635),
(856, 635, 589, '2023-02-03', 0, 0, 0, 635),
(857, 781, 589, '2023-02-03', 0, 0, 2, 635),
(858, 779, 589, '2023-02-03', 0, 0, 2, 635),
(859, 665, 589, '2023-02-03', 0, 0, 2, 635),
(860, 664, 589, '2023-02-03', 0, 0, 2, 635),
(861, 649, 589, '2023-02-03', 0, 0, 0, 635),
(862, 635, 589, '2023-02-04', 0, 0, 1, 635),
(863, 649, 589, '2023-02-04', 0, 0, 0, 635),
(864, 664, 589, '2023-02-04', 0, 0, 2, 635),
(865, 665, 589, '2023-02-04', 0, 0, 2, 635),
(866, 779, 589, '2023-02-04', 0, 0, 2, 635),
(867, 782, 589, '2023-02-04', 0, 0, 0, 635),
(868, 781, 589, '2023-02-04', 0, 0, 2, 635),
(869, 635, 589, '2023-02-05', 0, 0, 2, 635),
(870, 649, 589, '2023-02-05', 0, 0, 2, 635),
(871, 664, 589, '2023-02-05', 0, 0, 2, 635),
(872, 665, 589, '2023-02-05', 0, 0, 2, 635),
(873, 779, 589, '2023-02-05', 0, 0, 0, 635),
(874, 782, 589, '2023-02-05', 0, 0, 0, 635),
(875, 781, 589, '2023-02-05', 0, 0, 2, 635),
(876, 635, 589, '2023-02-06', 0, 0, 2, 635),
(877, 649, 589, '2023-02-06', 0, 0, 2, 635),
(878, 664, 589, '2023-02-06', 0, 0, 2, 635),
(879, 665, 589, '2023-02-06', 0, 0, 2, 635),
(880, 779, 589, '2023-02-06', 0, 0, 1, 635),
(881, 782, 589, '2023-02-06', 0, 0, 0, 635),
(882, 781, 589, '2023-02-06', 0, 0, 2, 635),
(883, 635, 589, '2023-02-07', 0, 0, 2, 635),
(884, 649, 589, '2023-02-07', 0, 0, 2, 635),
(885, 664, 589, '2023-02-07', 0, 0, 2, 635),
(886, 665, 589, '2023-02-07', 0, 0, 2, 635),
(887, 779, 589, '2023-02-07', 0, 0, 1, 635),
(888, 782, 589, '2023-02-07', 0, 0, 1, 635),
(889, 781, 589, '2023-02-07', 0, 0, 2, 635),
(890, 635, 589, '2023-02-08', 0, 0, 2, 635),
(891, 649, 589, '2023-02-08', 0, 0, 2, 635),
(892, 664, 589, '2023-02-08', 0, 0, 2, 635),
(893, 665, 589, '2023-02-08', 0, 0, 2, 635),
(894, 779, 589, '2023-02-08', 0, 0, 2, 635),
(895, 782, 589, '2023-02-08', 0, 0, 2, 635),
(896, 781, 589, '2023-02-08', 0, 0, 2, 635),
(897, 635, 589, '2023-02-09', 0, 0, 2, 635),
(898, 649, 589, '2023-02-09', 0, 0, 1, 635),
(899, 664, 589, '2023-02-09', 0, 0, 2, 635),
(900, 665, 589, '2023-02-09', 0, 0, 2, 635),
(901, 779, 589, '2023-02-09', 0, 0, 2, 635),
(902, 782, 589, '2023-02-09', 0, 0, 2, 635),
(903, 781, 589, '2023-02-09', 0, 0, 2, 635),
(904, 635, 589, '2023-02-10', 0, 0, 2, 635),
(905, 649, 589, '2023-02-10', 0, 0, 2, 635),
(906, 664, 589, '2023-02-10', 0, 0, 2, 635),
(907, 665, 589, '2023-02-10', 0, 0, 2, 635),
(908, 779, 589, '2023-02-10', 0, 0, 2, 635),
(909, 782, 589, '2023-02-10', 0, 0, 2, 635),
(910, 781, 589, '2023-02-10', 0, 0, 2, 635),
(911, 635, 589, '2023-02-11', 0, 0, 2, 635),
(912, 649, 589, '2023-02-11', 0, 0, 1, 635),
(913, 664, 589, '2023-02-11', 0, 0, 2, 635),
(914, 665, 589, '2023-02-11', 0, 0, 2, 635),
(915, 779, 589, '2023-02-11', 0, 0, 2, 635),
(916, 782, 589, '2023-02-11', 0, 0, 2, 635),
(917, 781, 589, '2023-02-11', 0, 0, 2, 635),
(918, 635, 589, '2023-02-12', 0, 0, 2, 635),
(919, 649, 589, '2023-02-12', 0, 0, 2, 635),
(920, 664, 589, '2023-02-12', 0, 0, 2, 635),
(921, 665, 589, '2023-02-12', 0, 0, 2, 635),
(922, 779, 589, '2023-02-12', 0, 0, 2, 635),
(923, 782, 589, '2023-02-12', 0, 0, 2, 635),
(924, 781, 589, '2023-02-12', 0, 0, 2, 635),
(925, 635, 589, '2023-02-13', 0, 0, 1, 635),
(926, 649, 589, '2023-02-13', 0, 0, 2, 635),
(927, 664, 589, '2023-02-13', 0, 0, 2, 635),
(928, 665, 589, '2023-02-13', 0, 0, 2, 635),
(929, 779, 589, '2023-02-13', 0, 0, 2, 635),
(930, 782, 589, '2023-02-13', 0, 0, 2, 635),
(931, 781, 589, '2023-02-13', 0, 0, 2, 635),
(932, 635, 589, '2023-02-14', 0, 0, 2, 635),
(933, 649, 589, '2023-02-14', 0, 0, 2, 635),
(934, 664, 589, '2023-02-14', 0, 0, 2, 635),
(935, 665, 589, '2023-02-14', 0, 0, 2, 635),
(936, 779, 589, '2023-02-14', 0, 0, 3, 635),
(937, 782, 589, '2023-02-14', 0, 0, 2, 635),
(938, 781, 589, '2023-02-14', 0, 0, 2, 635),
(939, 635, 589, '2023-02-15', 0, 0, 2, 635),
(940, 649, 589, '2023-02-15', 0, 0, 2, 635),
(941, 664, 589, '2023-02-15', 0, 0, 2, 635),
(942, 665, 589, '2023-02-15', 0, 0, 2, 635),
(943, 779, 589, '2023-02-15', 0, 0, 5, 635),
(944, 782, 589, '2023-02-15', 0, 0, 2, 635),
(945, 781, 589, '2023-02-15', 0, 0, 2, 635),
(946, 635, 589, '2023-02-16', 0, 0, 2, 635),
(947, 649, 589, '2023-02-16', 0, 0, 2, 635),
(948, 664, 589, '2023-02-16', 0, 0, 2, 635),
(949, 665, 589, '2023-02-16', 0, 0, 5, 635),
(950, 779, 589, '2023-02-16', 0, 0, 2, 635),
(951, 782, 589, '2023-02-16', 0, 0, 2, 635),
(952, 781, 589, '2023-02-16', 0, 0, 2, 635),
(953, 635, 589, '2023-02-17', 0, 0, 2, 635),
(954, 649, 589, '2023-02-17', 0, 0, 3, 635),
(955, 665, 589, '2023-02-17', 0, 0, 4, 635),
(956, 779, 589, '2023-02-17', 0, 0, 2, 635),
(957, 664, 589, '2023-02-17', 0, 0, 2, 635),
(958, 782, 589, '2023-02-17', 0, 0, 2, 635),
(959, 781, 589, '2023-02-17', 0, 0, 2, 635),
(960, 635, 589, '2023-02-18', 0, 0, 2, 635),
(961, 649, 589, '2023-02-18', 0, 0, 2, 635),
(962, 664, 589, '2023-02-18', 0, 0, 2, 635),
(963, 665, 589, '2023-02-18', 0, 0, 2, 635),
(964, 779, 589, '2023-02-18', 0, 0, 2, 635),
(965, 782, 589, '2023-02-18', 0, 0, 2, 635),
(966, 781, 589, '2023-02-18', 0, 0, 2, 635),
(967, 635, 589, '2023-02-19', 0, 0, 1, 635),
(968, 649, 589, '2023-02-19', 0, 0, 2, 635),
(969, 664, 589, '2023-02-19', 0, 0, 2, 635),
(970, 665, 589, '2023-02-19', 0, 0, 2, 635),
(971, 779, 589, '2023-02-19', 0, 0, 2, 635),
(972, 782, 589, '2023-02-19', 0, 0, 2, 635),
(973, 781, 589, '2023-02-19', 0, 0, 2, 635),
(974, 635, 589, '2023-02-20', 0, 0, 0, 635),
(975, 649, 589, '2023-02-20', 0, 0, 2, 635),
(976, 664, 589, '2023-02-20', 0, 0, 2, 635),
(977, 665, 589, '2023-02-20', 0, 0, 2, 635),
(978, 779, 589, '2023-02-20', 0, 0, 0, 635),
(979, 782, 589, '2023-02-20', 0, 0, 2, 635),
(980, 781, 589, '2023-02-20', 0, 0, 2, 635),
(981, 635, 589, '2023-02-21', 0, 0, 0, 635),
(982, 649, 589, '2023-02-21', 0, 0, 2, 635),
(983, 664, 589, '2023-02-21', 0, 0, 2, 635),
(984, 665, 589, '2023-02-21', 0, 0, 2, 635),
(985, 779, 589, '2023-02-21', 0, 0, 2, 635),
(986, 782, 589, '2023-02-21', 0, 0, 2, 635),
(987, 781, 589, '2023-02-21', 0, 0, 2, 635),
(988, 635, 589, '2023-02-22', 0, 0, 2, 635),
(989, 649, 589, '2023-02-22', 0, 0, 2, 635),
(990, 664, 589, '2023-02-22', 0, 0, 2, 635),
(991, 665, 589, '2023-02-22', 0, 0, 2, 635),
(992, 779, 589, '2023-02-22', 0, 0, 2, 635),
(993, 782, 589, '2023-02-22', 0, 0, 2, 635),
(994, 781, 589, '2023-02-22', 0, 0, 2, 635),
(995, 635, 589, '2023-02-23', 0, 0, 2, 635),
(996, 649, 589, '2023-02-23', 0, 0, 2, 635),
(997, 664, 589, '2023-02-23', 0, 0, 2, 635),
(998, 665, 589, '2023-02-23', 0, 0, 2, 635),
(999, 779, 589, '2023-02-23', 0, 0, 2, 635),
(1000, 782, 589, '2023-02-23', 0, 0, 2, 635),
(1001, 781, 589, '2023-02-23', 0, 0, 2, 635),
(1002, 635, 589, '2023-02-24', 0, 0, 1, 635),
(1003, 649, 589, '2023-02-24', 0, 0, 3, 635),
(1004, 664, 589, '2023-02-24', 0, 0, 2, 635),
(1005, 665, 589, '2023-02-24', 0, 0, 1, 635),
(1006, 779, 589, '2023-02-24', 0, 0, 2, 635),
(1007, 782, 589, '2023-02-24', 0, 0, 2, 635),
(1008, 781, 589, '2023-02-24', 0, 0, 2, 635),
(1009, 788, 702, '2023-02-25', 0, 0, 0, 788),
(1010, 102, 110, '2023-02-28', 1, 1, 1, 102),
(1011, 2, 1, '2023-03-03', 2, 1, 1, 1),
(1013, 4, 1, '2023-03-03', 0, 30, 1, 1),
(1014, 3, 1, '2023-03-03', 3, 3, 1, 1),
(1015, 796, 1, '2023-03-11', 3, 0, 0, 796),
(1016, 796, 1, '2023-03-13', 1, 0, 0, 796);

-- --------------------------------------------------------

--
-- Table structure for table `mess`
--

CREATE TABLE `mess` (
  `id` bigint(20) NOT NULL,
  `name` varchar(100) NOT NULL,
  `super_user_id` int(11) NOT NULL,
  `status` int(11) NOT NULL,
  `created_at` datetime NOT NULL,
  `ad_free` int(11) NOT NULL DEFAULT 0,
  `all_user_add_meal` int(11) NOT NULL DEFAULT 0
) ENGINE=InnoDB DEFAULT CHARSET=utf8mb4 COLLATE=utf8mb4_general_ci;

--
-- Dumping data for table `mess`
--

INSERT INTO `mess` (`id`, `name`, `super_user_id`, `status`, `created_at`, `ad_free`, `all_user_add_meal`) VALUES
(1, 'Kaga Mess', 1, 1, '2023-02-13 00:48:32', 0, 1),
(2, 'cafe delight', 5, 1, '2023-02-15 19:39:18', 0, 0),
(3, 'Panta', 6, 1, '2023-02-15 20:27:44', 0, 0),
(4, 'yy', 7, 1, '2023-02-16 15:08:37', 0, 0),
(5, 'sonarbangla staff ', 8, 1, '2023-02-16 15:11:52', 0, 0),
(6, 'soumili dutta', 9, 1, '2023-02-16 15:12:47', 0, 0),
(7, 'dabu', 10, 1, '2023-02-16 15:13:05', 0, 0),
(8, 'Suumili dutta', 11, 1, '2023-02-16 15:14:58', 0, 0),
(9, 'shuvamroy', 12, 1, '2023-02-16 15:15:21', 0, 0),
(10, 'Sk sarap Ali', 13, 1, '2023-02-16 15:16:21', 0, 0),
(11, 'Sk sarap Ali', 14, 1, '2023-02-16 15:18:56', 0, 0),
(12, 'Gouranga Poddar', 15, 1, '2023-02-16 15:19:34', 0, 0),
(13, 'kaluroy', 16, 1, '2023-02-16 15:21:11', 0, 0),
(14, 'Mofijul Hoque', 17, 1, '2023-02-16 15:21:52', 0, 0),
(15, 'Azad', 18, 1, '2023-02-16 15:22:59', 0, 0),
(16, 'SAGEN SAREN', 19, 1, '2023-02-16 15:23:16', 0, 0),
(17, 'Nalin', 20, 1, '2023-02-16 15:23:30', 0, 0),
(18, 'Pachu', 21, 1, '2023-02-16 15:24:42', 0, 0),
(21, 'Golam Sk', 22, 1, '2023-02-16 15:26:29', 0, 0),
(22, 'pankaj', 23, 1, '2023-02-16 15:27:57', 0, 0),
(23, 'golam', 24, 1, '2023-02-16 15:28:44', 0, 0),
(24, 'lokenath ', 25, 1, '2023-02-16 15:29:15', 0, 0),
(25, 'kaji bazar', 26, 1, '2023-02-16 15:30:54', 0, 0),
(26, 'ms', 27, 1, '2023-02-16 15:31:32', 0, 0),
(27, 'Sanjay ', 28, 1, '2023-02-16 15:32:09', 0, 0),
(28, 'uma', 29, 1, '2023-02-16 15:32:18', 0, 0),
(29, 'Maktadir Ahmed', 30, 1, '2023-02-16 15:32:57', 0, 0),
(30, 'kaji bazar ', 31, 1, '2023-02-16 15:33:09', 0, 0),
(31, 'Paritosh', 32, 1, '2023-02-16 15:33:46', 0, 0),
(32, 'Tapas kumar Jana', 33, 1, '2023-02-16 15:36:17', 0, 0),
(34, 'Tapas kumar Jana', 34, 1, '2023-02-16 15:39:15', 0, 0),
(35, 'jince', 35, 1, '2023-02-16 15:40:28', 0, 0),
(36, 'sanjit', 36, 1, '2023-02-16 15:41:47', 0, 0),
(37, 'Rojina Khatun', 37, 1, '2023-02-16 15:44:41', 0, 0),
(38, 'sk sarap ali', 38, 1, '2023-02-16 15:48:18', 0, 0),
(39, 'pile', 39, 1, '2023-02-16 16:01:06', 0, 0),
(40, 'r', 40, 1, '2023-02-16 16:04:19', 0, 0),
(41, 'tanmay', 41, 1, '2023-02-16 16:04:30', 0, 0),
(42, 'SURYAKANTA', 42, 1, '2023-02-16 16:05:14', 0, 0),
(43, 'Jayanta Baishya', 43, 1, '2023-02-16 16:15:31', 0, 0),
(44, 'Aditya Das', 44, 1, '2023-02-16 16:17:57', 0, 0),
(45, 'milan', 45, 1, '2023-02-16 16:22:45', 0, 0),
(46, 'Musaddiki', 46, 1, '2023-02-16 16:30:48', 0, 0),
(47, 'Musaddiki', 47, 1, '2023-02-16 16:32:11', 0, 0),
(48, 'pintu', 48, 1, '2023-02-16 16:37:19', 0, 0),
(51, 'sarap', 49, 1, '2023-02-16 16:44:58', 0, 0),
(52, 'akash roy ', 50, 1, '2023-02-16 16:48:11', 0, 0),
(53, 'BALIRAM KUMAR', 51, 1, '2023-02-16 16:58:08', 0, 0),
(54, 'ml', 52, 1, '2023-02-16 17:11:41', 0, 0),
(55, 'S.M', 53, 1, '2023-02-16 17:16:29', 0, 0),
(56, 'Mehebub', 54, 1, '2023-02-16 17:20:03', 0, 0),
(57, 'Amith Bauri', 55, 1, '2023-02-16 17:22:08', 0, 0),
(58, 'gopi', 56, 1, '2023-02-16 17:30:18', 0, 0),
(59, 'avijit das', 57, 1, '2023-02-16 17:40:01', 0, 0),
(60, 'krishna', 58, 1, '2023-02-16 17:43:50', 0, 0),
(61, 'kherwal boyha', 59, 1, '2023-02-16 17:57:28', 0, 0),
(62, 'kherwal mess', 60, 1, '2023-02-16 17:59:29', 0, 0),
(63, 'Sujan Hasda', 61, 1, '2023-02-16 18:07:25', 0, 0),
(64, 'kalur hotel', 62, 1, '2023-02-16 18:11:54', 0, 0),
(65, 'Bipadtaran bagd ', 63, 1, '2023-02-16 18:33:45', 0, 0),
(66, 'bipadtaran bagd ', 64, 1, '2023-02-16 18:45:45', 0, 0),
(67, 'nagalad', 65, 1, '2023-02-16 19:08:22', 0, 0),
(68, 'Jaybhandhu Let', 66, 1, '2023-02-16 19:28:42', 0, 0),
(69, 'home', 67, 1, '2023-02-16 19:33:09', 0, 0),
(70, 'neymar', 68, 1, '2023-02-16 20:10:23', 0, 0),
(71, 'Prem', 69, 1, '2023-02-16 20:35:52', 0, 0),
(72, 'Dulal Bauri', 70, 1, '2023-02-16 20:38:39', 0, 0),
(73, 'soumyadip ', 71, 1, '2023-02-16 20:47:28', 0, 0),
(74, 'Kumar Sourav', 72, 1, '2023-02-16 22:00:31', 0, 0),
(75, 'Gopal Karmakar ', 73, 1, '2023-02-16 22:06:17', 0, 0),
(76, 'lottery ', 74, 1, '2023-02-16 22:43:06', 0, 0),
(77, 'lottery ', 75, 1, '2023-02-16 22:46:25', 0, 0),
(78, 'lottery ', 76, 1, '2023-02-16 22:48:45', 0, 0),
(79, 'Sanjit Roy', 77, 1, '2023-02-16 22:49:22', 0, 0),
(85, 'bumba', 78, 1, '2023-02-16 22:56:30', 0, 0),
(86, '5foron fast food ', 79, 1, '2023-02-17 00:25:59', 0, 0),
(87, 'Sajib Biswas', 80, 1, '2023-02-17 01:04:47', 0, 0),
(88, 'Sajib Biswas', 81, 1, '2023-02-17 01:07:42', 0, 0),
(89, 'Dipankar jana', 82, 1, '2023-02-17 04:09:16', 0, 0),
(90, 'top', 83, 1, '2023-02-17 08:59:07', 0, 0),
(93, 'top', 84, 1, '2023-02-17 09:01:43', 0, 0),
(94, 'shalimar ', 85, 1, '2023-02-17 09:21:00', 0, 0),
(95, 'shalimar', 86, 1, '2023-02-17 09:22:39', 0, 0),
(96, 'chadni', 87, 1, '2023-02-17 10:05:25', 0, 0),
(97, 'জয়তু মা রপময়ী', 88, 1, '2023-02-17 10:45:06', 0, 0),
(98, 'suman', 89, 1, '2023-02-17 11:05:05', 0, 0),
(99, 'Pabitra Roy', 90, 1, '2023-02-17 11:23:53', 0, 0),
(100, 'Sapan Kumar', 91, 1, '2023-02-17 12:31:13', 0, 0),
(101, 'N.S.S ', 92, 1, '2023-02-17 14:18:43', 0, 0),
(102, 'pintu', 93, 1, '2023-02-17 16:29:55', 0, 0),
(103, 'pintu', 94, 1, '2023-02-17 16:32:17', 0, 0),
(104, 'tapas ', 95, 1, '2023-02-17 19:21:37', 0, 0),
(105, 'Gosto Bera', 97, 1, '2023-02-18 11:37:17', 0, 0),
(106, 'gm dalui', 98, 1, '2023-02-18 16:34:31', 0, 0),
(107, 'Tamim', 99, 1, '2023-02-18 19:01:32', 0, 0),
(108, 'Tamim', 100, 1, '2023-02-18 19:03:36', 0, 0),
(109, 'Friends', 101, 1, '2023-02-19 16:20:51', 0, 0),
(110, 'Happy Mess', 102, 1, '2023-02-20 18:28:46', 0, 0),
(111, 'Student Mess', 105, 1, '2023-02-22 08:27:43', 0, 0),
(114, 'ফজলুর', 106, 1, '2023-02-22 09:29:32', 0, 0),
(115, 'SM Food', 107, 1, '2023-02-22 10:13:03', 0, 0),
(116, 'Md', 108, 1, '2023-02-22 16:20:00', 0, 0),
(117, 'Sharifur Rahman', 109, 1, '2023-02-22 16:59:45', 0, 0),
(118, 'MD ARMAN MUNSHI', 110, 1, '2023-02-22 17:30:33', 0, 0),
(119, 'ভুঁইয়া মন্জিল', 111, 1, '2023-02-22 17:59:46', 0, 0),
(120, 'ali baba 1206', 112, 1, '2023-02-22 18:07:27', 0, 0),
(121, 'Nazmul Bhai', 114, 1, '2023-02-22 19:24:00', 0, 0),
(122, 'fathar hotel', 115, 1, '2023-02-22 19:51:12', 0, 0),
(123, 'মুহাম্মাদ সাঈদুল হক্ব হানাফী', 116, 1, '2023-02-22 20:40:05', 0, 0),
(124, 'Anwar Hossain', 118, 1, '2023-02-23 11:38:17', 0, 0),
(125, 'Md uzzal Miah', 119, 1, '2023-02-23 11:49:21', 0, 0),
(126, 'BelaSheshe', 120, 1, '2023-02-23 12:40:50', 0, 0),
(127, 'sss', 122, 1, '2023-02-23 14:11:15', 0, 0),
(128, 'rubel', 123, 1, '2023-02-23 14:23:16', 0, 0),
(129, 'Kaium Hossain', 124, 1, '2023-02-23 16:13:03', 0, 0),
(130, 'nice ', 125, 1, '2023-02-23 17:24:30', 0, 0),
(131, 'PARVES', 126, 1, '2023-02-23 19:16:42', 0, 0),
(132, 'sazzad', 127, 1, '2023-02-23 19:43:37', 0, 0),
(133, 'Lira4471', 128, 1, '2023-02-23 20:14:50', 0, 0),
(134, 'admin', 129, 1, '2023-02-23 20:49:18', 0, 0),
(135, 'ms', 130, 1, '2023-02-23 21:31:14', 0, 0),
(136, 'Test', 131, 1, '2023-02-23 21:49:37', 0, 0),
(137, 'House', 132, 1, '2023-02-23 22:09:15', 0, 0),
(138, 'RUPALY', 133, 1, '2023-02-23 22:15:23', 0, 0),
(139, 'Brac Office msae', 134, 1, '2023-02-23 22:24:50', 0, 0),
(140, 'Ariful Islam', 135, 1, '2023-02-23 22:25:13', 0, 0),
(143, 'Madina', 136, 1, '2023-02-23 22:28:20', 0, 0),
(144, 'Brac Office Mase', 137, 1, '2023-02-23 22:28:24', 0, 0),
(145, 'জারা লেবেল এন্ড প্যাকেজিং ', 138, 1, '2023-02-23 22:29:11', 0, 0),
(146, 'madina', 139, 1, '2023-02-23 22:31:23', 0, 0),
(147, 'Md faisal Ahmed sarker', 140, 1, '2023-02-23 22:31:47', 0, 0),
(148, 'Shanto', 141, 1, '2023-02-23 22:40:40', 0, 0),
(149, 'shanto', 142, 1, '2023-02-23 22:45:18', 0, 0),
(150, 'Abdul Motalab', 143, 1, '2023-02-23 22:45:19', 0, 0),
(152, 'alah mess', 145, 1, '2023-02-23 22:49:00', 0, 0),
(153, 'Saad', 146, 1, '2023-02-23 22:50:38', 0, 0),
(154, 'Anwar Hossain', 147, 1, '2023-02-23 22:51:44', 0, 0),
(155, 'Moral', 148, 1, '2023-02-23 22:52:31', 0, 0),
(156, 'abiar ma mess', 149, 1, '2023-02-23 22:53:20', 0, 0),
(157, 'Psy Dept', 150, 1, '2023-02-23 22:56:06', 0, 0),
(158, 'AtikHazari Official ', 151, 1, '2023-02-23 22:57:39', 0, 0),
(159, 'parvej', 152, 1, '2023-02-23 22:59:44', 0, 0),
(160, 'Grost placr', 154, 1, '2023-02-23 23:02:26', 0, 0),
(161, 'Daimond mess', 155, 1, '2023-02-23 23:02:27', 0, 0),
(162, 'MRH', 156, 1, '2023-02-23 23:03:33', 0, 0),
(163, 'Azizul haque Mishu', 158, 1, '2023-02-23 23:05:17', 0, 0),
(164, 'talukdar mass ', 159, 1, '2023-02-23 23:06:00', 0, 0),
(165, 'Saif', 160, 1, '2023-02-23 23:07:05', 0, 0),
(166, 'talukdar mass ', 162, 1, '2023-02-23 23:07:45', 0, 0),
(167, 'thak.', 163, 1, '2023-02-23 23:08:06', 0, 0),
(168, 'asa', 169, 1, '2023-02-23 23:12:21', 0, 0),
(169, 'Mamun officials', 170, 1, '2023-02-23 23:12:33', 0, 0),
(170, 'Anima Satrabas', 173, 1, '2023-02-23 23:14:45', 0, 0),
(171, 'D', 175, 1, '2023-02-23 23:19:54', 0, 0),
(172, 'KHAN MESS', 176, 1, '2023-02-23 23:19:54', 0, 0),
(173, 'Tom', 177, 1, '2023-02-23 23:21:26', 0, 0),
(174, 'The Kingdom', 178, 1, '2023-02-23 23:22:21', 0, 0),
(175, 'Abdur Rahim Sheikh Vila', 181, 1, '2023-02-23 23:25:08', 0, 0),
(176, 'md Jamal ', 183, 1, '2023-02-23 23:26:04', 0, 0),
(177, 'Nayon Sarker', 184, 1, '2023-02-23 23:27:01', 0, 0),
(178, 'PK Science &ICT Care', 185, 1, '2023-02-23 23:27:55', 0, 0),
(179, 'home sweet home', 186, 1, '2023-02-23 23:29:28', 0, 0),
(180, 'bornaly', 187, 1, '2023-02-23 23:30:03', 0, 0),
(181, 'Md. Mehedi Hasan Mishu', 188, 1, '2023-02-23 23:31:03', 0, 0),
(182, 'MADARIPUR UNIT', 189, 1, '2023-02-23 23:33:24', 0, 0),
(183, 'ABC', 190, 1, '2023-02-23 23:33:48', 0, 0),
(184, 'yusuf', 192, 1, '2023-02-23 23:39:17', 0, 0),
(185, 'All-Amin', 193, 1, '2023-02-23 23:39:54', 0, 0),
(186, 'Shamim Parvez', 194, 1, '2023-02-23 23:42:33', 0, 0),
(187, 'PRIME PUSTI LIMITED ', 195, 1, '2023-02-23 23:44:44', 0, 0),
(188, 'Daimond mess', 196, 1, '2023-02-23 23:45:28', 0, 0),
(189, 'shorif', 197, 1, '2023-02-23 23:46:44', 0, 0),
(190, 'ak rajon', 198, 1, '2023-02-23 23:46:52', 0, 0),
(191, 'Home', 203, 1, '2023-02-23 23:55:48', 0, 0),
(192, 'test', 204, 1, '2023-02-24 00:01:56', 0, 0),
(193, 'Ariful ', 205, 1, '2023-02-24 00:03:16', 0, 0),
(194, 'হিমালয় ', 206, 1, '2023-02-24 00:10:49', 0, 0),
(195, 'sokal mess', 207, 1, '2023-02-24 00:25:39', 0, 0),
(196, 'Bsdk ', 208, 1, '2023-02-24 00:29:09', 0, 0),
(197, 'Alamgir Hossain', 209, 1, '2023-02-24 00:36:57', 0, 0),
(198, 'খাবার ', 210, 1, '2023-02-24 00:39:56', 0, 0),
(199, 'হাসনাহেনা ', 211, 1, '2023-02-24 00:43:43', 0, 0),
(200, 'Mustakim Ahmed', 212, 1, '2023-02-24 00:49:16', 0, 0),
(201, 'jrrmc', 214, 1, '2023-02-24 01:25:32', 0, 0),
(202, 'Anik', 215, 1, '2023-02-24 01:26:22', 0, 0),
(203, 'BILLAL HOSSEN', 216, 1, '2023-02-24 01:27:15', 0, 0),
(204, 'Anis Mess', 217, 1, '2023-02-24 01:34:44', 0, 0),
(205, 'kaaj', 218, 1, '2023-02-24 01:42:51', 0, 0),
(206, 'bb', 219, 1, '2023-02-24 01:47:30', 0, 0),
(207, 'BMFAS', 220, 1, '2023-02-24 02:13:43', 0, 0),
(212, 'Jibon Khan', 221, 1, '2023-02-24 02:17:51', 0, 0),
(213, 'sam', 222, 1, '2023-02-24 03:23:32', 0, 0),
(214, 'dra', 223, 1, '2023-02-24 04:03:18', 0, 0),
(215, 'elite mess', 225, 1, '2023-02-24 04:07:51', 0, 0),
(216, 'House ', 227, 1, '2023-02-24 06:21:02', 0, 0),
(217, 'Jeunesseglobal Bangladesh', 228, 1, '2023-02-24 07:24:49', 0, 0),
(218, 'my family ', 229, 1, '2023-02-24 07:33:45', 0, 0),
(219, 'সৈনিক ছাত্রাবাস ', 230, 1, '2023-02-24 07:50:22', 0, 0),
(220, 'R.A.MONIR', 231, 1, '2023-02-24 08:00:50', 0, 0),
(221, 'Md Iqbal Hossain', 232, 1, '2023-02-24 08:03:10', 0, 0),
(222, 'MD.Sadikul Islam', 233, 1, '2023-02-24 08:03:42', 0, 0),
(223, 'rekha', 234, 1, '2023-02-24 08:09:53', 0, 0),
(224, 'Md Iqbal Hossain', 235, 1, '2023-02-24 08:16:49', 0, 0),
(225, 'ফুলকড়ি', 236, 1, '2023-02-24 08:32:08', 0, 0),
(226, 'Heaven Mess', 237, 1, '2023-02-24 08:51:46', 0, 0),
(227, 'Md.Sirajul ', 238, 1, '2023-02-24 09:13:19', 0, 0),
(228, 'Mokhlesur Rahman', 239, 1, '2023-02-24 09:14:54', 0, 0),
(229, 'Zakir Hossain', 240, 1, '2023-02-24 09:25:47', 0, 0),
(230, 'Malay Biswas', 241, 1, '2023-02-24 09:51:57', 0, 0),
(231, 'Topon Das', 242, 1, '2023-02-24 10:17:07', 0, 0),
(232, 'Topon Das', 243, 1, '2023-02-24 10:20:53', 0, 0),
(233, 'Topon Das', 244, 1, '2023-02-24 10:28:51', 0, 0),
(234, 'nahid', 245, 1, '2023-02-24 11:22:04', 0, 0),
(235, '4', 246, 1, '2023-02-24 11:35:01', 0, 0),
(236, 'POLAS ', 247, 1, '2023-02-24 11:36:15', 0, 0),
(237, 'IDF Boktermunshi', 248, 1, '2023-02-24 11:39:33', 0, 0),
(238, 'সোহাগ', 252, 1, '2023-02-24 11:52:33', 0, 0),
(239, 'Bata taltola family ', 253, 1, '2023-02-24 11:56:58', 0, 0),
(240, 'Bata showroom ', 254, 1, '2023-02-24 12:02:04', 0, 0),
(241, 'MD. MAMUNUR RASHID', 255, 1, '2023-02-24 12:07:19', 0, 0),
(242, 'Md Iqbal Hossain', 256, 1, '2023-02-24 12:14:22', 0, 0),
(243, 'Saroare Hossain Bulbul', 257, 1, '2023-02-24 12:47:18', 0, 0),
(244, 'white house ', 258, 1, '2023-02-24 12:49:26', 0, 0),
(245, 'পায়রা বন্দর মেস', 259, 1, '2023-02-24 12:51:55', 0, 0),
(246, 'Rahmat', 260, 1, '2023-02-24 12:55:25', 0, 0),
(247, 'xyz', 261, 1, '2023-02-24 12:56:04', 0, 0),
(248, 'noyatola', 263, 1, '2023-02-24 12:59:57', 0, 0),
(249, '741/5', 265, 1, '2023-02-24 13:02:44', 0, 0),
(250, 'm.n Tutul', 266, 1, '2023-02-24 13:08:13', 0, 0),
(251, 'মায়া', 268, 1, '2023-02-24 13:09:37', 0, 0),
(252, 'Utshob ', 269, 1, '2023-02-24 13:11:48', 0, 0),
(253, 'খাবার হোটেল', 270, 1, '2023-02-24 13:12:51', 0, 0),
(254, 'Mothers Care', 271, 1, '2023-02-24 13:12:53', 0, 0),
(255, 'এশার রান্নাঘর ', 274, 1, '2023-02-24 13:31:06', 0, 0),
(256, 'master mess', 276, 1, '2023-02-24 13:56:50', 0, 0),
(257, 'shiri niloy', 277, 1, '2023-02-24 14:00:14', 0, 0),
(258, 'Thorns', 278, 1, '2023-02-24 14:05:07', 0, 0),
(259, 'Azad', 279, 1, '2023-02-24 14:14:43', 0, 0),
(260, 'Ambari Mohila College', 281, 1, '2023-02-24 14:36:34', 0, 0),
(261, 'EXCEL Mass', 282, 1, '2023-02-24 14:39:56', 0, 0),
(262, 'amc', 283, 1, '2023-02-24 14:41:04', 0, 0),
(263, 'Kortoya', 284, 1, '2023-02-24 14:41:12', 0, 0),
(267, 'MD. ABDUL MOMIN 192-15-2870', 285, 1, '2023-02-24 14:49:04', 0, 0),
(268, 'New Resuli Apparels', 286, 1, '2023-02-24 14:49:21', 0, 0),
(269, 'Talukder', 287, 1, '2023-02-24 14:50:56', 0, 0),
(270, 'Ali Hossen Shaon ', 288, 1, '2023-02-24 14:53:07', 0, 0),
(272, 'Debashis Chambugong', 289, 1, '2023-02-24 14:56:59', 0, 0),
(273, 'Samad mas', 290, 1, '2023-02-24 14:57:24', 0, 0),
(274, 'MD. NAYAN SHARIF PANNA', 291, 1, '2023-02-24 14:57:32', 0, 0),
(275, 'My Family ', 292, 1, '2023-02-24 14:57:32', 0, 0),
(276, 'Haque House', 294, 1, '2023-02-24 14:59:24', 0, 0),
(281, 'Green House Hostel', 296, 1, '2023-02-24 15:08:02', 0, 0),
(282, 'Uzzal Hasan', 297, 1, '2023-02-24 15:08:09', 0, 0),
(283, 'tanz', 298, 1, '2023-02-24 15:12:41', 0, 0),
(284, 'khelaghor', 299, 1, '2023-02-24 15:14:37', 0, 0),
(285, 'Suman Sarker', 303, 1, '2023-02-24 15:25:04', 0, 0),
(293, 'Afsar manjil ', 304, 1, '2023-02-24 15:35:27', 0, 0),
(294, 'Khawai Dei', 305, 1, '2023-02-24 15:37:02', 0, 0),
(295, '????????', 306, 1, '2023-02-24 15:44:50', 0, 0),
(296, 'ABC', 307, 1, '2023-02-24 15:45:40', 0, 0),
(300, 'Khawai Dei', 308, 1, '2023-02-24 15:52:04', 0, 0),
(301, 'S.M Awal', 309, 1, '2023-02-24 15:52:23', 0, 0),
(302, 'Ashim Chura', 310, 1, '2023-02-24 15:55:37', 0, 0),
(303, 'Home', 311, 1, '2023-02-24 15:56:39', 0, 0),
(304, 'Ashar Alo', 312, 1, '2023-02-24 15:56:40', 0, 0),
(305, 'Masum', 315, 1, '2023-02-24 15:59:04', 0, 0),
(306, 'Shahadat ', 319, 1, '2023-02-24 16:17:23', 0, 0),
(307, 'Shahriar sagor', 320, 1, '2023-02-24 16:17:59', 0, 0),
(308, 'Rashidul Kabir', 321, 1, '2023-02-24 16:18:48', 0, 0),
(309, 'ChatraBas', 322, 1, '2023-02-24 16:23:14', 0, 0),
(310, 'sammi Tlecom ', 323, 1, '2023-02-24 16:24:07', 0, 0),
(311, 'reyad mass', 324, 1, '2023-02-24 16:24:55', 0, 0),
(312, 'খাবার ঘর', 325, 1, '2023-02-24 16:26:32', 0, 0),
(313, 'Bachelor ', 326, 1, '2023-02-24 16:26:53', 0, 0),
(314, 'Md Zahid', 327, 1, '2023-02-24 16:29:01', 0, 0),
(315, 'STUDENT PALACE', 328, 1, '2023-02-24 16:30:47', 0, 0),
(316, 'Khawai Dei', 329, 1, '2023-02-24 16:31:51', 0, 0),
(317, 'SSS', 333, 1, '2023-02-24 16:37:49', 0, 0),
(318, '68D', 334, 1, '2023-02-24 16:45:16', 0, 0),
(319, '‌শে‌খের নগর তদন্ত কেন্দ্র', 335, 1, '2023-02-24 16:51:38', 0, 0),
(320, 'sunar bangla', 337, 1, '2023-02-24 16:59:18', 0, 0),
(321, 'HD', 338, 1, '2023-02-24 17:01:25', 0, 0),
(322, 'Rajan Das', 339, 1, '2023-02-24 17:07:18', 0, 0),
(323, 'general power work', 340, 1, '2023-02-24 17:12:01', 0, 0),
(324, 'general power work', 341, 1, '2023-02-24 17:14:56', 0, 0),
(325, 'tanvir', 342, 1, '2023-02-24 17:18:08', 0, 0),
(326, 'prome', 343, 1, '2023-02-24 17:18:41', 0, 0),
(327, 'Nur mess', 344, 1, '2023-02-24 17:21:37', 0, 0),
(328, 'Addabaz', 345, 1, '2023-02-24 17:37:44', 0, 0),
(329, 'maruf', 346, 1, '2023-02-24 17:38:08', 0, 0),
(330, 'rondhon kuthir', 349, 1, '2023-02-24 17:41:25', 0, 0),
(331, 'mkh', 356, 1, '2023-02-24 17:47:26', 0, 0),
(332, 'Masum Billah', 358, 1, '2023-02-24 17:49:48', 0, 0),
(333, '601', 360, 1, '2023-02-24 17:53:30', 0, 0),
(334, 'nkj', 361, 1, '2023-02-24 17:54:14', 0, 0),
(335, 'fake@gmail.com', 362, 1, '2023-02-24 17:54:50', 0, 0),
(336, 'NS', 363, 1, '2023-02-24 17:56:25', 0, 0),
(337, 'Biplob ', 365, 1, '2023-02-24 18:02:09', 0, 0),
(338, 'Desert Xio', 366, 1, '2023-02-24 18:03:22', 0, 0),
(339, 'Sheba', 367, 1, '2023-02-24 18:05:08', 0, 0),
(340, 'MarUF TeLeCoM ', 368, 1, '2023-02-24 18:05:59', 0, 0),
(341, 'adorsho mess ', 372, 1, '2023-02-24 18:12:52', 0, 0),
(342, 'TMSS', 373, 1, '2023-02-24 18:13:06', 0, 0),
(343, 'Siyam ', 374, 1, '2023-02-24 18:19:54', 0, 0),
(344, 'Service Holder ', 375, 1, '2023-02-24 18:31:16', 0, 0),
(349, 'satyajit sarker', 376, 1, '2023-02-24 18:38:59', 0, 0),
(350, 'Mess khata', 377, 1, '2023-02-24 18:40:00', 0, 0),
(351, 'Shah', 378, 1, '2023-02-24 18:40:52', 0, 0),
(353, 'sharif student vobon', 379, 1, '2023-02-24 18:41:48', 0, 0),
(354, 'joba', 381, 1, '2023-02-24 18:53:14', 0, 0),
(355, 'Julekha ', 382, 1, '2023-02-24 18:55:13', 0, 0),
(356, 'new card', 385, 1, '2023-02-24 18:57:53', 0, 0),
(358, 'Jakaria', 386, 1, '2023-02-24 19:05:40', 0, 0),
(359, 'Self', 387, 1, '2023-02-24 19:14:49', 0, 0),
(360, 'famly', 388, 1, '2023-02-24 19:17:51', 0, 0),
(361, 'ross', 389, 1, '2023-02-24 19:23:11', 0, 0),
(362, 'Exp', 390, 1, '2023-02-24 19:23:41', 0, 0),
(363, 'Brac Office Raychand Bazar ', 391, 1, '2023-02-24 19:24:11', 0, 0),
(364, 'ross', 392, 1, '2023-02-24 19:24:31', 0, 0),
(365, 'Bhai Brothers', 393, 1, '2023-02-24 19:25:39', 0, 0),
(366, 'Shahidur Rahman', 394, 1, '2023-02-24 19:30:23', 0, 0),
(367, 'SCCL', 395, 1, '2023-02-24 19:31:01', 0, 0),
(368, 'Office', 396, 1, '2023-02-24 19:32:37', 0, 0),
(369, 'BNPS MFT', 397, 1, '2023-02-24 19:33:25', 0, 0),
(370, 'fency cottege', 398, 1, '2023-02-24 19:35:52', 0, 0),
(371, 'Munir Masud', 399, 1, '2023-02-24 19:38:11', 0, 0),
(373, 'Munir Masud', 400, 1, '2023-02-24 19:40:16', 0, 0),
(374, 'Arafat Mesa', 401, 1, '2023-02-24 19:44:02', 0, 0),
(375, 'March/April', 402, 1, '2023-02-24 19:44:51', 0, 0),
(376, 'Abdur rahman', 403, 1, '2023-02-24 19:48:06', 0, 0),
(377, 'Bashundhara Ad din mess', 404, 1, '2023-02-24 19:50:30', 0, 0),
(378, 'Afafat Mess', 405, 1, '2023-02-24 19:51:42', 0, 0),
(379, 'two strip ', 406, 1, '2023-02-24 19:55:50', 0, 0),
(380, 'BMS chatrabas', 407, 1, '2023-02-24 19:56:07', 0, 0),
(381, 'Imrul Huqe', 408, 1, '2023-02-24 19:58:05', 0, 0),
(382, 'lebu sattri nibas', 409, 1, '2023-02-24 19:59:28', 0, 0),
(383, 'Buro', 410, 1, '2023-02-24 20:00:12', 0, 0),
(384, 'Abc', 411, 1, '2023-02-24 20:07:55', 0, 0),
(385, 'Abc', 412, 1, '2023-02-24 20:10:55', 0, 0),
(386, 'Mohammad Shohid', 413, 1, '2023-02-24 20:14:22', 0, 0),
(387, 'Mr. Rahman', 414, 1, '2023-02-24 20:14:31', 0, 0),
(388, 'Friends ', 415, 1, '2023-02-24 20:15:13', 0, 0),
(389, 'Anisur Rahman ', 416, 1, '2023-02-24 20:16:54', 0, 0),
(390, 'Taleb Bhaban', 417, 1, '2023-02-24 20:17:21', 0, 0),
(391, 'Friends ', 418, 1, '2023-02-24 20:17:42', 0, 0),
(392, 'Samiha Hotel', 419, 1, '2023-02-24 20:19:27', 0, 0),
(393, 'BORAIHAT', 420, 1, '2023-02-24 20:21:36', 0, 0),
(394, 'Global', 421, 1, '2023-02-24 20:31:41', 0, 0),
(395, 'AICS Md. Jakaria Mollick', 422, 1, '2023-02-24 20:37:14', 0, 0),
(396, 'Mohammad Khalid Shaifullah Shaif', 423, 1, '2023-02-24 20:42:22', 0, 0),
(397, 'MSA MESS', 424, 1, '2023-02-24 20:43:22', 0, 0),
(398, 'MD Kamrul Islam', 425, 1, '2023-02-24 20:43:43', 0, 0),
(399, 'Rakibul Hasan', 426, 1, '2023-02-24 20:44:26', 0, 0),
(400, 'আমাদের বাড়ি', 427, 1, '2023-02-24 20:50:51', 0, 0),
(401, 'Bachelor Mess', 428, 1, '2023-02-24 20:51:12', 0, 0),
(402, 'A mess of professionals', 429, 1, '2023-02-24 20:53:09', 0, 0),
(403, 'writer mess', 430, 1, '2023-02-24 20:59:04', 0, 0),
(404, 'Mdsohel Pahlan', 431, 1, '2023-02-24 21:01:25', 0, 0),
(405, 'writer mess', 432, 1, '2023-02-24 21:01:31', 0, 0),
(406, 'amarmess', 433, 1, '2023-02-24 21:02:36', 0, 0),
(407, 'MBSK', 434, 1, '2023-02-24 21:07:00', 0, 0),
(408, 'paru villa', 435, 1, '2023-02-24 21:09:17', 0, 0),
(409, 'OS New Songsar', 436, 1, '2023-02-24 21:11:27', 0, 0),
(410, 'Roy', 437, 1, '2023-02-24 21:13:01', 0, 0),
(411, 'Aunty Dhaka', 438, 1, '2023-02-24 21:17:55', 0, 0),
(412, 'Exim Langarkhana', 441, 1, '2023-02-24 21:21:56', 0, 0),
(413, 'Mahfuz', 443, 1, '2023-02-24 21:23:50', 0, 0),
(414, 'Md AL Mamun Islam', 444, 1, '2023-02-24 21:31:35', 0, 0),
(415, 'Asikur Rab sabuz ', 445, 1, '2023-02-24 21:52:10', 0, 0),
(416, 'মোঃ  ইসমাইল ', 446, 1, '2023-02-24 21:53:34', 0, 0),
(417, 'Darus salam Boarding ', 447, 1, '2023-02-24 21:54:08', 0, 0),
(418, 'MD  ismail ', 448, 1, '2023-02-24 21:59:05', 0, 0),
(419, 'Salman students home ', 449, 1, '2023-02-24 22:03:36', 0, 0),
(420, 'office', 450, 1, '2023-02-24 22:10:11', 0, 0),
(421, 'Salman students Home(SSH)', 452, 1, '2023-02-24 22:19:02', 0, 0),
(422, 'Rakib ', 453, 1, '2023-02-24 22:23:03', 0, 0),
(423, 'Shyamnahor', 454, 1, '2023-02-24 22:27:53', 0, 0),
(424, 'Amin ', 456, 1, '2023-02-24 22:56:50', 0, 0),
(425, 'TOHIDUL ISLAM', 457, 1, '2023-02-24 23:00:11', 0, 0),
(426, 'MD', 458, 1, '2023-02-24 23:22:28', 0, 0),
(427, 'অনিক', 459, 1, '2023-02-24 23:40:03', 0, 0),
(432, 'MD ANIK BISWAS', 460, 1, '2023-02-24 23:42:33', 0, 0),
(433, 'MD ANIK BISWAS', 461, 1, '2023-02-24 23:43:22', 0, 0),
(434, 'A&T Agro', 462, 1, '2023-02-24 23:46:38', 0, 0),
(435, 'ROPS Mass', 463, 1, '2023-02-24 23:59:25', 0, 0),
(436, 'Salahuddin enterprise ', 464, 1, '2023-02-25 00:09:41', 0, 0),
(437, 'Family ', 465, 1, '2023-02-25 00:27:23', 0, 0),
(438, 'মেম্বার এন্টারপ্রাইজ', 466, 1, '2023-02-25 00:49:24', 0, 0),
(439, 'My Mess', 467, 1, '2023-02-25 06:24:18', 0, 0),
(440, 'MD KHAIRUL ALAM ALINCE', 468, 1, '2023-02-25 06:25:55', 0, 0),
(441, 'MD. ZAHIRUL ISLAM SARKER', 470, 1, '2023-02-25 07:05:05', 0, 0),
(442, 'MD.FORKAN HOSSAIN', 471, 1, '2023-02-25 07:47:57', 0, 0),
(443, 'anik ', 472, 1, '2023-02-25 07:48:09', 0, 0),
(444, 'Ruhul ', 473, 1, '2023-02-25 07:51:17', 0, 0),
(445, 'JAYSON GROUP', 474, 1, '2023-02-25 08:09:41', 0, 0),
(446, 'CODEC CANTEEN', 475, 1, '2023-02-25 08:29:01', 0, 0),
(447, 'Md. Muhibur Rahman', 476, 1, '2023-02-25 08:31:10', 0, 0),
(448, 'Bachelor Mess', 477, 1, '2023-02-25 08:44:12', 0, 0),
(449, 'Bachelor Mess', 478, 1, '2023-02-25 08:48:08', 0, 0),
(450, 'Md. Jahangir Alam', 479, 1, '2023-02-25 08:51:42', 0, 0),
(451, 'BIPLOP BARUA', 480, 1, '2023-02-25 09:00:20', 0, 0),
(452, 'Happy Family ', 481, 1, '2023-02-25 09:19:58', 0, 0),
(453, 'Daily Nead', 482, 1, '2023-02-25 09:23:21', 0, 0),
(454, 'bd', 483, 1, '2023-02-25 09:28:29', 0, 0),
(455, 'my mess', 484, 1, '2023-02-25 09:43:30', 0, 0),
(456, 'Anup Sarkar', 485, 1, '2023-02-25 09:43:48', 0, 0),
(457, 'Savar Dhaka', 486, 1, '2023-02-25 09:59:51', 0, 0),
(458, 'M/S SHAHANARA ENTERPRISE', 487, 1, '2023-02-25 10:15:26', 0, 0),
(459, 'Monir hossain monir', 488, 1, '2023-02-25 10:15:55', 0, 0),
(460, 'খিলক্ষেত মেস', 489, 1, '2023-02-25 10:16:58', 0, 0),
(461, 'Chowdhury Mess', 490, 1, '2023-02-25 10:25:33', 0, 0),
(462, 'Farazy Hospital ', 491, 1, '2023-02-25 10:26:45', 0, 0),
(463, 'Ahamad mia bilding', 492, 1, '2023-02-25 10:32:28', 0, 0),
(464, 'Hazi mass', 493, 1, '2023-02-25 10:34:37', 0, 0),
(465, 'Bacelor point', 494, 1, '2023-02-25 10:34:50', 0, 0),
(466, 'Neribile mess', 495, 1, '2023-02-25 10:34:57', 0, 0),
(467, 'MD ABDUL HAI  ', 496, 1, '2023-02-25 10:36:01', 0, 0),
(468, 'Brac', 497, 1, '2023-02-25 10:36:06', 0, 0),
(469, 'অনিক ছাত্রাবাস ', 498, 1, '2023-02-25 10:36:36', 0, 0),
(470, 'bacelor point', 499, 1, '2023-02-25 10:38:03', 0, 0),
(471, 'ABM Jobaer Hossen', 500, 1, '2023-02-25 10:40:26', 0, 0),
(472, 'bacelor point ', 501, 1, '2023-02-25 10:40:32', 0, 0),
(473, 'DPL Bachelor Point', 510, 1, '2023-02-25 10:45:18', 0, 0),
(474, '96 লেক সার্কাস', 519, 1, '2023-02-25 10:49:22', 0, 0),
(475, 'ব্যাচেলর পয়েন্ট', 524, 1, '2023-02-25 10:55:30', 0, 0),
(476, 'Kings Man', 525, 1, '2023-02-25 10:59:34', 0, 0),
(477, 'DEHPCL', 526, 1, '2023-02-25 11:04:24', 0, 0),
(478, 'test', 527, 1, '2023-02-25 11:06:20', 0, 0),
(479, 'mone nai', 529, 1, '2023-02-25 11:08:36', 0, 0),
(480, 'Engineers', 530, 1, '2023-02-25 11:09:46', 0, 0),
(481, 'akash', 531, 1, '2023-02-25 11:09:54', 0, 0),
(482, 'Insafe', 532, 1, '2023-02-25 11:12:42', 0, 0),
(483, 'Bengal Cement Limited Worker Mess', 533, 1, '2023-02-25 11:19:47', 0, 0),
(484, 'RezaulRana', 534, 1, '2023-02-25 11:25:24', 0, 0),
(485, 'Bachelor Home', 535, 1, '2023-02-25 11:32:08', 0, 0),
(486, 'nabil ', 536, 1, '2023-02-25 11:32:27', 0, 0),
(487, 'Bped', 538, 1, '2023-02-25 11:35:13', 0, 0),
(488, 'Shahin', 539, 1, '2023-02-25 11:40:36', 0, 0),
(489, 'MoM n Me', 540, 1, '2023-02-25 11:40:39', 0, 0),
(490, 'Md. Habibul Islam', 541, 1, '2023-02-25 11:41:35', 0, 0),
(491, 'nabil trading mess', 542, 1, '2023-02-25 11:42:12', 0, 0),
(492, 'nabil trading', 543, 1, '2023-02-25 11:46:31', 0, 0),
(493, 'MyDining', 544, 1, '2023-02-25 11:57:57', 0, 0),
(494, 'TP BGB mess', 545, 1, '2023-02-25 12:01:02', 0, 0),
(495, 'Mehedi', 546, 1, '2023-02-25 12:04:12', 0, 0),
(496, 'Md. Moniruzzaman', 548, 1, '2023-02-25 12:10:51', 0, 0),
(497, 'Himangshu Mandal', 549, 1, '2023-02-25 12:13:58', 0, 0),
(498, 'Wazedur Rahman', 550, 1, '2023-02-25 12:30:45', 0, 0),
(499, 'Shajahanpur KH 50', 551, 1, '2023-02-25 12:32:29', 0, 0),
(500, 'AAB', 552, 1, '2023-02-25 12:38:52', 0, 0),
(501, 'ideal ', 553, 1, '2023-02-25 12:43:32', 0, 0),
(502, 'SSM DMTCL', 555, 1, '2023-02-25 12:48:25', 0, 0),
(503, 'Authentic Mess ', 556, 1, '2023-02-25 12:50:26', 0, 0),
(504, 'LITON MESS', 557, 1, '2023-02-25 12:57:08', 0, 0),
(505, 'muktar', 558, 1, '2023-02-25 13:00:47', 0, 0),
(506, 'limon mess', 559, 1, '2023-02-25 13:04:09', 0, 0),
(507, 'Rakib', 560, 1, '2023-02-25 13:08:18', 0, 0),
(508, 'Green Chilli', 561, 1, '2023-02-25 13:08:23', 0, 0),
(509, 'Brac Sarail', 562, 1, '2023-02-25 13:18:37', 0, 0),
(510, 'RK Nikunjo ', 563, 1, '2023-02-25 13:20:14', 0, 0),
(511, 'islami Bank chandpur branch', 564, 1, '2023-02-25 13:23:09', 0, 0),
(512, 'RK Nikunjo ', 565, 1, '2023-02-25 13:24:45', 0, 0),
(513, 'abul mas', 566, 1, '2023-02-25 13:27:43', 0, 0),
(514, 'my mess', 567, 1, '2023-02-25 13:27:52', 0, 0),
(515, 'Zonal Office', 568, 1, '2023-02-25 13:28:25', 0, 0),
(516, 'Bachelor point', 569, 1, '2023-02-25 13:29:28', 0, 0),
(517, 'মোল্লাহ বাড়ি', 571, 1, '2023-02-25 13:36:10', 0, 0),
(518, 'Bachelor 7', 572, 1, '2023-02-25 13:36:54', 0, 0),
(519, ' Fardus', 573, 1, '2023-02-25 13:38:42', 0, 0),
(520, 'Bachelor Mess', 574, 1, '2023-02-25 13:43:55', 0, 0),
(521, ' 6 member ', 575, 1, '2023-02-25 13:47:52', 0, 0),
(522, 'Mehedi hasan', 576, 1, '2023-02-25 13:48:32', 0, 0),
(523, 'Md Joha Mondal', 577, 1, '2023-02-25 13:48:42', 0, 0),
(524, 'zig zag boys ', 579, 1, '2023-02-25 14:02:10', 0, 0),
(525, 'Sotota Food', 581, 1, '2023-02-25 14:11:41', 0, 0),
(526, 'BD', 582, 1, '2023-02-25 14:18:35', 0, 0),
(527, 'Md.Sujayet Hosen', 583, 1, '2023-02-25 14:21:31', 0, 0),
(529, 'কামরুল মেস ', 584, 1, '2023-02-25 14:28:44', 0, 0),
(530, 'Rana Hossen', 585, 1, '2023-02-25 14:28:45', 0, 0),
(531, 'Master Mind', 586, 1, '2023-02-25 14:33:27', 0, 0),
(532, 'Moshaibur Rahman Shovon', 587, 1, '2023-02-25 14:34:54', 0, 0),
(533, 'GDL', 589, 1, '2023-02-25 14:37:31', 0, 0),
(534, 'ROOMMATE FRIENDS', 590, 1, '2023-02-25 14:39:32', 0, 0),
(535, 'nazrul', 591, 1, '2023-02-25 14:40:33', 0, 0),
(536, 'ref', 592, 1, '2023-02-25 14:41:10', 0, 0),
(537, 'mbsh', 593, 1, '2023-02-25 14:41:51', 0, 0),
(538, 'দীপশিখা', 594, 1, '2023-02-25 14:42:23', 0, 0),
(539, 'নিউরন ', 595, 1, '2023-02-25 14:42:23', 0, 0),
(540, 'Borobag', 596, 1, '2023-02-25 14:44:36', 0, 0),
(541, 'Office Mess', 597, 1, '2023-02-25 14:49:19', 0, 0),
(542, 'camp', 598, 1, '2023-02-25 14:53:35', 0, 0),
(543, 'Mbgc', 599, 1, '2023-02-25 15:05:04', 0, 0),
(544, 'Home Details', 600, 1, '2023-02-25 15:05:07', 0, 0),
(545, 'Asa Office', 601, 1, '2023-02-25 15:07:15', 0, 0),
(546, 'Emon Great Food', 602, 1, '2023-02-25 15:13:11', 0, 0),
(547, 'HAFIZ DAILYS', 603, 1, '2023-02-25 15:13:21', 0, 0),
(548, 'JSKS mess', 606, 1, '2023-02-25 15:23:17', 0, 0),
(549, 'JSKS mess', 607, 1, '2023-02-25 15:26:07', 0, 0),
(552, 'Chanchal Kumar Das', 608, 1, '2023-02-25 15:29:38', 0, 0),
(553, 'Rokeya Mohol', 609, 1, '2023-02-25 15:40:15', 0, 0),
(554, 'Bhi Bhi Tower ', 610, 1, '2023-02-25 15:40:16', 0, 0),
(555, 'Rohima Kobir', 611, 1, '2023-02-25 15:41:43', 0, 0),
(557, 'T A ', 612, 1, '2023-02-25 15:45:51', 0, 0),
(558, 'Nazmul Haque Syekat', 613, 1, '2023-02-25 15:49:15', 0, 0),
(561, 'food kaffe ', 614, 1, '2023-02-25 15:50:35', 0, 0),
(566, 'Vai-brothers', 615, 1, '2023-02-25 15:53:28', 0, 0),
(579, 'Asmania Dining', 625, 1, '2023-02-25 16:01:02', 0, 0),
(580, 'khonikaloy', 626, 1, '2023-02-25 16:07:56', 0, 0),
(584, 'সুবর্ণ কু‌টির', 630, 1, '2023-02-25 16:12:15', 0, 0),
(589, 'Mowbon-18', 635, 1, '2023-02-25 16:13:29', 0, 0),
(600, 'GRMS', 646, 1, '2023-02-25 16:20:24', 0, 0),
(601, 'গাজী ম্যাছ', 647, 1, '2023-02-25 16:20:56', 0, 0),
(602, 'GRMS', 648, 1, '2023-02-25 16:21:58', 0, 0),
(603, '#88,Flat-A2', 650, 1, '2023-02-25 16:24:46', 0, 0),
(604, 'Dream Buzz', 651, 1, '2023-02-25 16:26:10', 0, 0),
(605, 'Rr', 652, 1, '2023-02-25 16:27:18', 0, 0),
(606, 'abul kashem masud', 653, 1, '2023-02-25 16:29:52', 0, 0),
(607, 'শাপলা', 654, 1, '2023-02-25 16:31:01', 0, 0),
(608, 'Noman', 655, 1, '2023-02-25 16:31:33', 0, 0),
(609, 'খাজা ছাত্রাবাস', 656, 1, '2023-02-25 16:31:52', 0, 0),
(610, 'm', 657, 1, '2023-02-25 16:32:08', 0, 0),
(611, 'Saidur Suny', 658, 1, '2023-02-25 16:33:25', 0, 0),
(612, 'Dream Family', 659, 1, '2023-02-25 16:37:51', 0, 0),
(613, 'alamin', 660, 1, '2023-02-25 16:38:43', 0, 0),
(614, 'BACHELOR 5B', 661, 1, '2023-02-25 16:44:30', 0, 0),
(615, 'Room point', 662, 1, '2023-02-25 16:45:15', 0, 0),
(616, 'feni', 663, 1, '2023-02-25 16:51:03', 0, 0),
(617, 'Riyad Hossain', 667, 1, '2023-02-25 16:58:22', 0, 0),
(618, 'নিউ হল', 668, 1, '2023-02-25 17:00:59', 0, 0),
(619, 'Islam Villa ', 669, 1, '2023-02-25 17:01:25', 0, 0),
(620, 'Mehedi Mess', 670, 1, '2023-02-25 17:09:17', 0, 0),
(621, 'Khaled Mosarrof', 671, 1, '2023-02-25 17:12:07', 0, 0),
(622, 'Mohimenul Islam', 672, 1, '2023-02-25 17:12:09', 0, 0),
(623, 'রমজান শোভা', 673, 1, '2023-02-25 17:12:49', 0, 0),
(624, 'Riyad Hossain', 674, 1, '2023-02-25 17:17:28', 0, 0),
(625, 'Narsingdi', 677, 1, '2023-02-25 17:27:06', 0, 0),
(626, 'jasim sarder', 678, 1, '2023-02-25 17:32:11', 0, 0),
(627, 'jakir', 679, 1, '2023-02-25 17:35:10', 0, 0),
(628, 'sarkar villa', 680, 1, '2023-02-25 17:39:20', 0, 0),
(633, 'NpMC', 685, 1, '2023-02-25 17:41:44', 0, 0),
(634, 'Asif', 686, 1, '2023-02-25 17:45:25', 0, 0),
(635, 'ms', 687, 1, '2023-02-25 17:46:11', 0, 0),
(636, 'APJ', 688, 1, '2023-02-25 17:49:54', 0, 0),
(637, 'Dongwoo', 689, 1, '2023-02-25 17:52:37', 0, 0),
(638, 'ব্যাচেলর মেস', 692, 1, '2023-02-25 18:00:57', 0, 0),
(639, 'ARIDOD HSE', 694, 1, '2023-02-25 18:10:09', 0, 0),
(640, 'Md. Sarwar Kamal', 695, 1, '2023-02-25 18:13:44', 0, 0),
(641, 'EU', 696, 1, '2023-02-25 18:15:35', 0, 0),
(642, 'alamin ', 702, 1, '2023-02-25 18:22:29', 0, 0),
(643, 'Lufias ', 703, 1, '2023-02-25 18:23:25', 0, 0),
(644, 'Ibbl Mess', 704, 1, '2023-02-25 18:27:36', 0, 0),
(645, 'E-20', 707, 1, '2023-02-25 18:30:04', 0, 0),
(647, 'Khonika', 710, 1, '2023-02-25 18:36:32', 0, 0),
(648, 'love bird', 711, 1, '2023-02-25 18:41:30', 0, 0),
(649, 'Duad', 712, 1, '2023-02-25 18:43:03', 0, 0),
(650, 'Mobin', 713, 1, '2023-02-25 19:09:29', 0, 0),
(651, 'Skd mach', 714, 1, '2023-02-25 19:15:15', 0, 0),
(656, 'Belal Hossain', 715, 1, '2023-02-25 19:36:57', 0, 0),
(657, 'মোঃ আকরাম হোসেন', 716, 1, '2023-02-25 19:39:57', 0, 0),
(658, 'abc', 720, 1, '2023-02-25 19:50:52', 0, 0),
(659, 'Proyas unit-13', 724, 1, '2023-02-25 19:52:33', 0, 0),
(660, 'zakaria', 725, 1, '2023-02-25 19:52:42', 0, 0),
(661, 'Nadimul Hasan Chy', 726, 1, '2023-02-25 19:54:16', 0, 0),
(662, 'Masum Billah', 727, 1, '2023-02-25 19:54:26', 0, 0),
(663, 'Janani Satrabash ', 728, 1, '2023-02-25 19:56:11', 0, 0),
(664, 'IDF Chakaria Branch', 729, 1, '2023-02-25 19:57:15', 0, 0),
(665, 'Chatgaiya Boys', 730, 1, '2023-02-25 19:57:31', 0, 0),
(666, 'Kazi Ali Emam', 733, 1, '2023-02-25 20:12:16', 0, 0),
(667, 'Kazi Ali Emam', 734, 1, '2023-02-25 20:14:09', 0, 0),
(668, 'khabarghor', 735, 1, '2023-02-25 20:20:28', 0, 0),
(669, 'office ', 736, 1, '2023-02-25 20:25:27', 0, 0),
(670, 'lakeview', 737, 1, '2023-02-25 20:27:38', 0, 0),
(671, 'lakeview', 738, 1, '2023-02-25 20:29:24', 0, 0),
(674, 'siyam', 740, 1, '2023-02-25 20:30:43', 0, 0),
(675, 'own home', 741, 1, '2023-02-25 20:30:48', 0, 0),
(676, 'Family store', 743, 1, '2023-02-25 20:41:17', 0, 0),
(677, 'al musa', 744, 1, '2023-02-25 20:44:18', 0, 0),
(678, 'টি এন ছাত্রাবাস ', 745, 1, '2023-02-25 20:45:13', 0, 0),
(679, 'Asa', 746, 1, '2023-02-25 20:50:36', 0, 0),
(680, 'TTC Barguna', 747, 1, '2023-02-25 20:53:49', 0, 0),
(681, 'khaled ibrahim', 755, 1, '2023-02-25 20:59:48', 0, 0),
(682, 'Sarwar', 756, 1, '2023-02-25 21:00:29', 0, 0),
(683, 'রামকৃষ্ণ মিশন পিরোজপুর', 757, 1, '2023-02-25 21:05:00', 0, 0),
(684, 'BRAC Learning center Dinajpur ', 758, 1, '2023-02-25 21:05:16', 0, 0),
(685, 'House No 420', 759, 1, '2023-02-25 21:05:37', 0, 0),
(686, 'family ', 761, 1, '2023-02-25 21:08:34', 0, 0),
(687, 'Anup Mess', 762, 1, '2023-02-25 21:10:12', 0, 0),
(688, 'Arup Kumar Mondol', 765, 1, '2023-02-25 21:14:43', 0, 0),
(689, 'Field trip', 767, 1, '2023-02-25 21:28:11', 0, 0),
(690, 'Benedict Soikot', 769, 1, '2023-02-25 21:28:11', 0, 0),
(691, 'Md.Shahadat Ali', 768, 1, '2023-02-25 21:28:11', 0, 0),
(692, 'Mitthu Mess', 770, 1, '2023-02-25 21:30:58', 0, 0),
(693, 'Tawhid Shakil', 772, 1, '2023-02-25 21:41:29', 0, 0),
(694, 'Stuff Mass', 774, 1, '2023-02-25 21:44:18', 0, 0),
(695, 'ebrahim khalil', 775, 1, '2023-02-25 21:45:31', 0, 0),
(696, 'mosjid mas', 780, 1, '2023-02-25 21:49:26', 0, 0),
(697, 'Mosle', 783, 1, '2023-02-25 22:06:05', 0, 0),
(698, 'নিয়তি ', 784, 1, '2023-02-25 22:07:01', 0, 0),
(699, 'Bacholor 001', 785, 1, '2023-02-25 22:10:23', 0, 0),
(700, 'Alomgir kobir', 786, 1, '2023-02-25 22:11:16', 0, 0),
(701, 'Tanvir Ahmed', 787, 1, '2023-02-25 22:19:29', 0, 0),
(702, 'Sabuj Biswas', 788, 1, '2023-02-25 23:13:15', 0, 0),
(703, 'মাসিক খরছ', 789, 1, '2023-02-25 23:32:15', 0, 0),
(704, 'rejwanul haque', 790, 1, '2023-02-25 23:43:32', 0, 0),
(705, 'Sayed Ahmed', 791, 1, '2023-02-25 23:45:01', 0, 0),
(706, 'Ahahs*&&#@! +/;\"\'', 794, 1, '2023-02-28 11:23:42', 0, 0),
(707, 'Bachelor Point', 797, 1, '2023-03-12 01:29:50', 0, 0),
(708, 'hshsh', 798, 1, '2023-03-12 01:34:48', 0, 0),
(709, 'hshsh', 799, 1, '2023-03-12 01:35:08', 0, 0),
(710, 'hshsh', 800, 1, '2023-03-12 01:36:08', 0, 0),
(711, 'hshsh', 801, 1, '2023-03-12 01:37:00', 0, 0),
(712, 'mesf hgg', 802, 1, '2023-03-12 01:39:58', 0, 0);

-- --------------------------------------------------------

--
-- Table structure for table `other_cost`
--

CREATE TABLE `other_cost` (
  `id` int(11) NOT NULL,
  `date` date NOT NULL,
  `price` float NOT NULL,
  `product` varchar(255) NOT NULL,
  `user_id` int(11) NOT NULL,
  `mess_id` int(11) NOT NULL DEFAULT 0,
  `manager_id` int(11) NOT NULL
) ENGINE=InnoDB DEFAULT CHARSET=utf8mb4 COLLATE=utf8mb4_general_ci;

--
-- Dumping data for table `other_cost`
--

INSERT INTO `other_cost` (`id`, `date`, `price`, `product`, `user_id`, `mess_id`, `manager_id`) VALUES
(1, '2023-02-14', 50, 'Sandle', 1, 1, 2),
(2, '2023-02-16', 35, 'S.M', 53, 55, 53),
(3, '2023-02-16', 35, 'S.M', 53, 55, 53),
(4, '2023-02-16', 35, 'S.M', 53, 55, 53),
(5, '2023-02-23', 1300, 'চকি', 133, 138, 133),
(6, '2023-02-23', 2580, 'চকি', 133, 138, 133),
(7, '2023-02-23', 35, 'extra', 163, 167, 163),
(8, '2023-02-23', 80, ' করলা ডিম', 193, 185, 193),
(9, '2023-02-24', 500, 'vegetables ', 135, 140, 135),
(10, '2023-02-24', 500, 'vegetables ', 135, 140, 135),
(11, '2023-02-24', 318, 'shwapno bazaar ', 246, 235, 246),
(12, '2023-02-24', 2300, 'rent', 263, 248, 263),
(13, '2023-02-24', 550, 'gggggg', 262, 245, 259),
(14, '2023-02-24', 60, 'shanto', 273, 253, 270),
(15, '2023-02-24', 500, 'khala bill', 198, 190, 198),
(16, '2023-02-24', 500, 'khala bill', 201, 190, 198),
(17, '2023-02-24', 500, 'khala bill', 199, 190, 198),
(18, '2023-02-24', 500, 'khala bill', 202, 190, 198),
(19, '2023-02-24', 500, 'khala bill', 200, 190, 198),
(20, '2023-02-24', 51, 'current bill', 198, 190, 198),
(21, '2023-02-24', 51, 'current bill', 201, 190, 198),
(22, '2023-02-24', 51, 'current bill', 199, 190, 198),
(23, '2023-02-24', 51, 'current bill', 200, 190, 198),
(24, '2023-02-24', 580, 'cock', 313, 294, 305),
(25, '2023-02-24', 500, 'chall', 434, 407, 434),
(26, '2023-02-24', 400, 'all', 439, 405, 432),
(27, '2023-02-24', 400, 'yyu', 439, 405, 432),
(28, '2023-02-25', 151, 'Salahuddin ', 464, 436, 464),
(29, '2023-02-25', 250, 'মিটিং', 498, 469, 498),
(30, '2023-02-25', 140, 'ডাইনিং লাইট', 498, 469, 498),
(31, '2023-02-25', 360, 'দুপুরের বাজার', 498, 469, 498),
(32, '2023-02-25', 125, 'ডাইনিং খরচ', 498, 469, 498),
(33, '2023-02-25', 100, 'পাপ্পুর ফ্রিজ বিল', 498, 469, 498),
(34, '2023-02-25', 30, 'অতিরিক্ত বাজার', 498, 469, 498),
(35, '2023-02-25', 125, 'ডাইনিং মেরামত ', 498, 469, 498),
(36, '2023-02-25', 200, 'মিটিং', 498, 469, 498),
(37, '2023-02-25', 20, 'দুটো সাবান', 498, 469, 498),
(38, '2023-02-25', 100, 'alu', 571, 517, 571),
(39, '2023-02-25', 100, 'alu', 571, 517, 571),
(40, '2023-02-25', 100, 'Others', 602, 546, 602),
(41, '2023-02-25', 50, 'others', 604, 546, 602),
(42, '2023-02-25', 50, 'ggggg', 604, 546, 602),
(43, '2023-02-25', 3200, 'খালা বিল', 498, 469, 498),
(44, '2023-02-25', 100, 'ফ্রিজ বিল', 498, 469, 498),
(45, '2023-02-25', 1200, 'গুড়া', 498, 469, 498),
(46, '2023-02-25', 120, 'Liquid Vimber', 661, 614, 661),
(47, '2023-02-04', 40, 'Vim', 676, 614, 661),
(48, '2023-02-11', 80, 'cleaner', 661, 614, 661),
(49, '2023-02-11', 15, 'others', 676, 614, 661),
(50, '2023-02-25', 8000, 'বাসা ভাড়া', 329, 316, 329),
(51, '2023-02-25', 800, 'le trash walled', 740, 674, 740),
(52, '2023-02-25', 10, 'gd10', 740, 674, 740),
(53, '2023-02-25', 25, 'riksha', 740, 674, 740),
(54, '2023-02-25', 6300, 'bird', 740, 674, 740),
(55, '2023-02-25', 50, 'mobil', 740, 674, 740),
(56, '2023-02-28', 550, 'Khala Bill', 699, 640, 695),
(57, '2023-02-28', 550, 'Khala Bill', 695, 640, 695),
(58, '2023-02-28', 550, 'Khala Bill', 697, 640, 695),
(59, '2023-02-28', 550, 'Khala Bill', 700, 640, 695),
(60, '2023-02-28', 550, 'Khala Bill', 698, 640, 695),
(61, '2023-02-28', 550, 'Khala Bill', 701, 640, 695),
(62, '2023-02-28', 550, 'Khala Bill', 706, 640, 695),
(63, '2023-02-28', 550, 'Khala Bill', 705, 640, 695),
(64, '2023-02-28', 125, 'Net Bill', 699, 640, 695),
(65, '2023-02-28', 125, 'Net Bill', 697, 640, 695),
(66, '2023-02-28', 125, 'Net Bill', 700, 640, 695),
(67, '2023-02-28', 125, 'Net Bill', 698, 640, 695),
(68, '2023-02-28', 125, 'Net Bill', 701, 640, 695),
(69, '2023-02-28', 125, 'Net Bill', 706, 640, 695),
(70, '2023-02-28', 125, 'Net Bill', 695, 640, 695),
(71, '2023-02-28', 125, 'Net Bill', 705, 640, 695),
(72, '2023-02-28', 125, 'Net Bill', 701, 640, 695),
(73, '2023-02-25', 600, 'Current bill', 635, 589, 635),
(74, '2023-02-25', 2000, 'Tea Coffee ', 783, 697, 783),
(75, '2023-02-26', 2500, 'Ranna didi', 635, 589, 635),
(76, '2023-02-28', 125, 'net bill', 695, 640, 695),
(77, '2023-03-03', 888, 'vvv', 3, 1, 1),
(78, '2023-03-03', 100, 'bvvv', 2, 1, 1);

-- --------------------------------------------------------

--
-- Table structure for table `purchase`
--

CREATE TABLE `purchase` (
  `id` int(11) NOT NULL,
  `date` date NOT NULL,
  `user_id` int(11) NOT NULL,
  `mess_id` int(11) NOT NULL DEFAULT 0,
  `price` int(11) NOT NULL,
  `product` varchar(100) DEFAULT NULL,
  `manager_id` int(11) NOT NULL
) ENGINE=InnoDB DEFAULT CHARSET=utf8mb4 COLLATE=utf8mb4_general_ci;

--
-- Dumping data for table `purchase`
--

INSERT INTO `purchase` (`id`, `date`, `user_id`, `mess_id`, `price`, `product`, `manager_id`) VALUES
(2, '2023-02-01', 2, 1, 30, 'bazar', 2),
(3, '2023-02-02', 1, 1, 290, 'chal', 2),
(4, '2023-02-02', 1, 1, 52, 'dim,jhal', 2),
(5, '2023-02-03', 2, 1, 530, 'bazar', 2),
(6, '2023-02-04', 4, 1, 43, 'dim', 2),
(7, '2023-02-04', 3, 1, 44, 'dim', 2),
(8, '2023-02-04', 2, 1, 20, 'saban,vim', 2),
(9, '2023-02-05', 2, 1, 281, 'bazar', 2),
(10, '2023-02-06', 1, 1, 100, 'bazar', 2),
(11, '2023-02-07', 4, 1, 500, 'chal,bazar', 2),
(12, '2023-02-08', 4, 1, 53, 'bazar', 2),
(13, '2023-02-08', 2, 1, 22, 'dim', 2),
(14, '2023-02-09', 2, 1, 568, 'murgi,dim,bazar', 2),
(15, '2023-02-10', 2, 1, 44, 'dim', 2),
(16, '2023-02-11', 2, 1, 181, 'chal,dim', 2),
(17, '2023-02-12', 2, 1, 60, 'dim,bazar', 2),
(18, '2023-02-13', 4, 1, 200, 'bazar', 2),
(19, '2023-02-13', 2, 1, 110, 'chal', 2),
(20, '2023-02-14', 1, 1, 15, ' potato', 2),
(21, '2023-02-14', 1, 1, 20, ' Salt', 2),
(22, '2023-02-15', 2, 1, 330, 'chal,bazar', 2),
(23, '2023-02-16', 42, 42, 90166, 'SURYAKANTA DAS', 42),
(24, '2023-02-16', 42, 42, 90166, 'SURYAKANTA DAS', 42),
(25, '2023-02-16', 42, 42, 90166, 'SURYAKANTA DAS', 42),
(26, '2023-02-16', 53, 55, 35, '56', 53),
(27, '2023-02-16', 53, 55, 35, '56', 53),
(28, '2023-02-16', 53, 55, 35, 'S.M', 53),
(29, '2023-02-16', 2, 1, 24, 'dim', 2),
(30, '2023-02-18', 2, 1, 24, 'dim', 2),
(31, '2023-02-17', 3, 1, 40, 'dim', 2),
(32, '2023-02-18', 2, 1, 300, 'mas,dazar,tel', 2),
(33, '2023-02-19', 2, 1, 110, 'chal', 2),
(34, '2023-02-20', 102, 110, 2648, 'Rice', 102),
(35, '2023-02-20', 103, 110, 238, 'Egg', 102),
(36, '2023-02-20', 2, 1, 165, 'bazar', 2),
(37, '2023-02-21', 2, 1, 185, 'chal', 2),
(38, '2023-02-22', 2, 1, 48, 'dim', 2),
(39, '2023-02-23', 121, 126, 1895, 'Bazaar', 120),
(40, '2023-02-23', 122, 127, 10, 'ডাল', 122),
(41, '2023-02-22', 2, 1, 80, 'dim,jhal,vim', 2),
(42, '2023-02-23', 2, 1, 260, 'bazar', 2),
(43, '2023-02-27', 129, 134, 35, 'rice dal', 129),
(44, '2023-02-23', 131, 136, 36, 'gggg', 131),
(45, '2023-02-23', 148, 155, 10000, 'vvv', 148),
(46, '2023-02-23', 150, 157, 500, 'bbb', 150),
(47, '2023-02-22', 167, 167, 140, 'cal,dla,dim', 163),
(48, '2023-02-23', 156, 162, 500, 'Pay for Meat', 156),
(49, '2023-02-23', 163, 167, 140, 'mach', 163),
(50, '2023-02-23', 155, 161, 2500, 'alo', 155),
(51, '2023-02-23', 190, 183, 561, ' Bonfast cd', 190),
(52, '2023-02-24', 209, 197, 80, 'hjmj', 209),
(53, '2023-02-24', 228, 217, 50, 'hf', 228),
(54, '2023-02-24', 246, 235, 110, 'food\n', 246),
(55, '2023-02-17', 202, 190, 170, 'murgi', 198),
(56, '2023-02-15', 198, 190, 2228, 'montly total khoros', 198),
(57, '2023-02-24', 199, 190, 1430, 'total montly ', 198),
(58, '2023-02-24', 200, 190, 2215, 'montly expensese', 198),
(59, '2023-02-24', 3, 1, 164, 'chal,dim', 2),
(60, '2023-02-24', 259, 245, 550, 'rich', 259),
(61, '2023-02-24', 263, 248, 2100, 'bazar', 263),
(62, '2023-02-24', 125, 130, 50, 'hhhjs', 125),
(63, '2023-02-24', 289, 272, 55, 'gahjjan', 289),
(64, '2023-02-24', 296, 281, 989, ' nn77', 296),
(65, '2023-02-24', 271, 254, 110, 'Gust', 271),
(66, '2023-02-24', 305, 294, 350, 'মুরগি ১ কেজি', 305),
(67, '2023-02-24', 326, 313, 500, 'murgi', 326),
(68, '2023-02-24', 325, 312, 80, 'taka', 325),
(69, '2023-02-03', 309, 301, 1110, 'চাল', 309),
(70, '2023-02-24', 317, 294, 450, 'uchr', 305),
(71, '2023-02-05', 309, 301, 725, 'মাছ (১.৪ কেজি) ৩৬০\nমসুর ডাল (১ কেজি) ১০০\nরসুন (২৫০ গ্রাম) ৪৫\nআলু (০২ কেজি) ৫০\nলবণ (১ কেজি) ৪০\nবাধাকপ', 309),
(72, '2023-02-08', 309, 301, 245, 'পিয়াজ (১ কেজি) ৩৫\nশসা (১ কেজি) ২৫\nকাচামরিচ ৪৫\nটমেটো (৫০০) ২০\nবেগুন (৫০০) ২০\nসিম (৫০০) ২০\nফুলকপি ২০\nব', 309),
(73, '2023-02-12', 314, 301, 137, 'সয়াবিন তেল (.৫ লিটার) ৯৭\nকাচামরিচ (২৫০ গ্রাম) ৪০', 309),
(74, '2023-02-13', 314, 301, 518, 'মাছ (১.৪ কেজি) ৩৭৮\nটমেটো (১ কেজি) ৩০\nফুলকপি ২৫\nসিম (১ কেজি) ৩০\nহলুদ গুড়া ২০\nপিয়াজ (১ কেজি) ৩৫', 309),
(75, '2023-02-15', 314, 301, 95, 'কাচামরিচ ৩০\nটমেটো (১ কেজি) ৩০\nআলু ২০\nসবজি ১৫', 309),
(76, '2023-02-24', 314, 301, 450, 'চাল', 309),
(77, '2023-02-03', 314, 301, 450, 'চাল', 309),
(78, '2023-02-03', 316, 301, 50, 'চাল ', 309),
(79, '2023-02-01', 316, 301, 834, 'চাল (৩ কেজি) ১৭৪\nসবজি ৮০\nমুরগী (১.৫ কেজি) ২৭০\nমাছ (৮৫০ গ্রাম) ১৭০\nডাল ৫০\nআলু (১ কেজি) ৩৫\nম্যাচ + মসল', 309),
(80, '2023-02-02', 316, 301, 55, 'বেগুন (১ কেজি) ৩৫\nশাক ২০', 309),
(81, '2023-02-24', 358, 332, 990, ' Soabin oil', 358),
(82, '2023-02-24', 329, 316, 6034, 'Total', 329),
(83, '2023-02-03', 316, 301, 328, 'তেল (১ লিটার) + মরিচ ২০৫\nশাক + সিম ৩৫\nসরিষার তেল ৪৮', 309),
(84, '2023-02-24', 364, 335, 10, 'কিjs', 362),
(85, '2023-02-24', 380, 350, 4000, 'any', 377),
(86, '2023-02-03', 383, 301, 500, 'চাল', 309),
(87, '2023-02-24', 397, 369, 450, 'gxkh\n', 397),
(88, '2023-02-16', 383, 301, 930, 'মুদি ৩৩০\nমাছ ২৯০\nআলু + পিয়াজ ৮০\nআদা + রসুন ৫০\nবেগুন + সিম ৯০\nটমেটো + বিচি ৫০\nকাচামরিচ + শসা ৬০', 309),
(89, '2023-02-16', 383, 301, 325, 'ডিম ১৫৫\nমিষ্টি কুমড়া ৫০\nআলু + পিয়াজ ৮০\nমুগডাল ৪০\n', 309),
(90, '2023-02-17', 383, 301, 315, 'তেল ১০০\nমুদি ১৩৫\nটমেটো + ব্রুকলিন ৮০', 309),
(91, '2023-02-18', 383, 301, 55, 'ডাল ৫৫', 309),
(92, '2023-02-19', 383, 301, 350, 'মাছ ১৮০\nআলু + পিয়াজ ৫০\nটমেটো ৬০\nসিম + বেগুন ৬০', 309),
(93, '2023-02-24', 259, 245, 120, 'oil', 259),
(94, '2023-02-24', 424, 397, 50000, 'hhh', 424),
(95, '2023-02-24', 425, 398, 100, 'Salt', 425),
(96, '2023-02-24', 425, 398, 200, 'Milk', 425),
(97, '2023-02-24', 433, 406, 50, 'avsjsb', 433),
(98, '2023-02-24', 434, 407, 25, 'oill', 434),
(99, '2023-02-24', 436, 409, 1250, 'চুলা', 436),
(100, '2023-02-24', 180, 174, 160, 'dim+capsicum ', 178),
(101, '2023-02-24', 178, 174, 370, 'chal+dal+piaj+moric', 178),
(102, '2023-02-24', 180, 174, 755, 'bazar', 178),
(103, '2023-02-24', 178, 174, 260, 'bazar', 178),
(104, '2023-02-24', 180, 174, 30, 'kumra', 178),
(105, '2023-02-24', 329, 316, 373, 'চাউল ৫ কেজি, ডিম ৪ টি', 329),
(106, '2023-02-25', 464, 436, 151, 'চানাচুর ২০', 464),
(107, '2023-02-25', 319, 306, 500, 'মুরগী ', 319),
(108, '2023-02-25', 395, 367, 1500, 'bazar', 395),
(109, '2023-02-25', 528, 478, 99, 'h hvyv', 527),
(110, '2023-02-25', 504, 469, 2300, 'প্রথম বাজার ', 498),
(111, '2023-02-25', 498, 469, 2606, '২য় বাজার ', 498),
(112, '2023-02-25', 515, 469, 2310, '৩য় বাজার ', 498),
(113, '2023-02-25', 509, 469, 1865, '৪র্থ বাজার ', 498),
(114, '2023-02-25', 511, 469, 1850, '৫ম বাজার ', 498),
(115, '2023-02-25', 502, 469, 2300, '৬ষ্ঠ বাজার ', 498),
(116, '2023-02-25', 535, 485, 4500, 'Gosto', 535),
(117, '2023-02-25', 568, 515, 500, 'ruce', 568),
(118, '2023-02-25', 573, 519, 350, 'milk\n', 573),
(119, '2023-02-25', 585, 530, 600, 'Oil', 585),
(120, '2023-02-25', 329, 316, 24, 'ডিম ২ টি', 329),
(121, '2023-02-25', 605, 546, 500, 'Coock', 602),
(122, '2023-02-25', 604, 546, 50, 'gg', 602),
(123, '2023-02-25', 504, 469, 2300, '৭ম বাজার', 498),
(124, '2023-02-25', 666, 614, 2740, 'Bazar', 661),
(125, '2023-02-01', 676, 614, 1905, 'Bazar', 661),
(126, '2023-02-07', 693, 614, 1512, 'Bazar', 661),
(127, '2023-02-11', 676, 614, 665, 'bazar', 661),
(128, '2023-02-15', 661, 614, 1980, 'Bazar ', 661),
(129, '2023-02-19', 661, 614, 580, 'Bazar ', 661),
(131, '2023-02-25', 716, 657, 1000, 'চাল', 716),
(132, '2023-02-25', 574, 520, 925, 'Total Bazar', 574),
(133, '2023-02-25', 725, 660, 500, 'চাল', 725),
(134, '2023-02-25', 718, 520, 1721, 'Bazar', 574),
(135, '2023-02-25', 719, 520, 1515, 'Bazar', 574),
(136, '2023-02-25', 722, 520, 2424, 'Bazar', 574),
(137, '2023-02-25', 721, 520, 1360, 'bazar', 574),
(138, '2023-02-25', 735, 668, 30, 'lau kumra', 735),
(139, '2023-02-25', 735, 668, 120, 'rice', 735),
(140, '2023-02-25', 180, 174, 130, 'dal+dim', 178),
(141, '2023-02-25', 729, 664, 500, 'g', 729),
(142, '2023-02-25', 745, 678, 350, '340', 745),
(144, '2023-02-25', 201, 190, 1190, 'total koros ', 198),
(145, '2023-02-25', 666, 614, 440, ' Rice Rosun piaz alu', 661),
(146, '2023-02-25', 783, 697, 80, 'cup raw tea @10/- (8x10)', 783),
(147, '2023-02-25', 583, 527, 400, 'তবব', 583),
(148, '2023-02-25', 635, 589, 898, 'Bazar', 635),
(149, '2023-02-25', 782, 589, 955, 'Bazar', 635),
(150, '2023-02-25', 781, 589, 730, 'Bazar', 635),
(151, '2023-02-25', 665, 589, 873, 'Bazar', 635),
(152, '2023-02-25', 635, 589, 6971, ' Main Bazar', 635),
(153, '2023-02-28', 103, 110, 535, 'kiss+\'\"$5#!)`', 102),
(154, '2023-03-03', 2, 1, 100, 'vvv', 1),
(155, '2023-03-03', 1, 1, 55, 'vvv', 1),
(156, '2023-03-03', 3, 1, 55, 'hbh', 1),
(157, '2023-03-03', 4, 1, 58, '  bbb', 1);

-- --------------------------------------------------------

--
-- Table structure for table `purchase_request`
--

CREATE TABLE `purchase_request` (
  `id` int(11) NOT NULL,
  `date` date NOT NULL,
  `user_id` int(11) NOT NULL,
  `mess_id` int(11) NOT NULL,
  `type` varchar(10) NOT NULL,
  `purchase_type` int(11) NOT NULL DEFAULT 1,
  `price` float NOT NULL,
  `product` text DEFAULT NULL,
  `product_json` longtext CHARACTER SET utf8mb4 COLLATE utf8mb4_bin DEFAULT NULL,
  `deposit_request` tinyint(1) NOT NULL,
  `status` int(11) NOT NULL,
  `comment` varchar(255) DEFAULT NULL
) ENGINE=InnoDB DEFAULT CHARSET=utf8mb4 COLLATE=utf8mb4_general_ci;

--
-- Dumping data for table `purchase_request`
--

INSERT INTO `purchase_request` (`id`, `date`, `user_id`, `mess_id`, `type`, `purchase_type`, `price`, `product`, `product_json`, `deposit_request`, `status`, `comment`) VALUES
(1, '2023-02-13', 1, 1, 'list', 2, 60, NULL, '[{\"name\":\"Snadle\",\"price\":60.0}]', 0, 2, NULL),
(2, '2023-02-14', 1, 1, 'list', 1, 15, NULL, '[{\"name\":\"potato\",\"price\":15.0}]', 0, 1, NULL),
(3, '2023-02-14', 1, 1, 'list', 1, 20, NULL, '[{\"name\":\"Salt\",\"price\":20.0}]', 0, 1, NULL),
(4, '2023-02-15', 1, 1, 'list', 1, 799, NULL, '[{\"name\":\"Vip\",\"price\":799.0}]', 1, 0, NULL),
(5, '2023-02-23', 156, 162, 'list', 1, 25, NULL, '[{\"name\":\"potatoes \",\"price\":25.0}]', 0, 0, NULL),
(6, '2023-02-23', 190, 183, 'list', 1, 561, NULL, '[{\"name\":\"Bonfast cd\",\"price\":561.0}]', 0, 1, NULL),
(7, '2023-02-23', 193, 185, 'list', 2, 80, NULL, '[{\"name\":\"করলা\",\"price\":30.0},{\"name\":\"ডিম\",\"price\":50.0}]', 0, 1, NULL),
(8, '2023-02-24', 135, 140, 'list', 1, 500, NULL, '[{\"name\":\"Rice\",\"price\":500.0}]', 0, 0, NULL),
(9, '2023-02-24', 270, 253, 'list', 2, 60, NULL, '[{\"name\":\"shanto\",\"price\":60.0}]', 1, 0, NULL),
(10, '2023-02-24', 314, 301, 'list', 1, 450, NULL, '[{\"name\":\"RICE\",\"price\":450.0}]', 1, 2, NULL),
(11, '2023-02-24', 358, 332, 'list', 1, 990, NULL, '[{\"name\":\"Soabin oil\",\"price\":990.0}]', 0, 1, NULL),
(12, '2023-02-24', 434, 407, 'list', 1, 6450, NULL, '[{\"name\":\"চাল\",\"price\":2500.0},{\"name\":\"তেল\",\"price\":950.0},{\"name\":\"মাছ\",\"price\":3000.0}]', 0, 0, NULL),
(13, '2023-02-25', 464, 436, 'list', 1, 1789, NULL, '[{\"name\":\"চানাচুর ২০\",\"price\":151.0},{\"name\":\"চানাচুর ৩৫\",\"price\":206.0},{\"name\":\"চানাচুর ৩০০\",\"price\":450.0},{\"name\":\"চানাচুর ১৫০\",\"price\":491.0},{\"name\":\"ঝাল চানাছুর ১৫০\",\"price\":491.0}]', 0, 2, NULL),
(14, '2023-02-23', 464, 436, 'list', 1, 5314, NULL, '[{\"name\":\"চানাচুর ২০ গ্রাম \",\"price\":303.0},{\"name\":\"চিপস ২৮ সি \",\"price\":4445.0},{\"name\":\"চাটনি \",\"price\":566.0}]', 1, 2, NULL),
(15, '2023-02-25', 586, 531, 'list', 1, 50, NULL, '[{\"name\":\"Vat\",\"price\":50.0}]', 1, 0, NULL),
(16, '2023-02-25', 602, 546, 'list', 1, 5, NULL, '[{\"name\":\"gggg\",\"price\":5.0}]', 0, 0, NULL),
(17, '2023-02-25', 666, 614, 'list', 1, 440, NULL, '[{\"name\":\"Rice\",\"price\":375.0},{\"name\":\"Rosun piaz alu\",\"price\":65.0}]', 1, 1, NULL),
(18, '2023-02-25', 635, 589, 'list', 1, 6971, NULL, '[{\"name\":\"Main Bazar\",\"price\":6971.0}]', 1, 1, NULL),
(19, '2023-02-28', 695, 640, 'single', 2, 125, 'net bill', NULL, 0, 2, NULL),
(20, '2023-02-28', 695, 640, 'single', 2, 125, 'net bill', NULL, 0, 1, NULL);

-- --------------------------------------------------------

--
-- Table structure for table `role`
--

CREATE TABLE `role` (
  `id` int(11) NOT NULL,
  `role` varchar(25) NOT NULL,
  `active` tinyint(1) NOT NULL
) ENGINE=InnoDB DEFAULT CHARSET=utf8mb4 COLLATE=utf8mb4_general_ci;

--
-- Dumping data for table `role`
--

INSERT INTO `role` (`id`, `role`, `active`) VALUES
(1, 'User', 1),
(2, 'Manager', 1),
(3, 'Super Admin', 1);

-- --------------------------------------------------------

--
-- Table structure for table `user_guide`
--

CREATE TABLE `user_guide` (
  `id` int(11) NOT NULL,
  `thumb_url` text NOT NULL,
  `action_url` text NOT NULL,
  `title` varchar(255) NOT NULL,
  `status` int(11) NOT NULL
) ENGINE=InnoDB DEFAULT CHARSET=utf8mb4 COLLATE=utf8mb4_general_ci;

--
-- Dumping data for table `user_guide`
--

INSERT INTO `user_guide` (`id`, `thumb_url`, `action_url`, `title`, `status`) VALUES
(1, 'https://blogger.googleusercontent.com/img/b/R29vZ2xl/AVvXsEgvu_YKG0xzEBYWRYNcLwBuFLvrX8r801sMQp16Q8VaWnKtgG4tjbELHHKROlr7GD8jD0tjZ4t3xHmexBAHw1nt-QTDOUDnCANDM6MwYZlTAuydat6VjI07P_4hu24_kKsurNuoSS71DJMF2qlSIwxB44g5K4XInByCkP_TOwm66reiZY58w8tAjfU4vg/s1280/user%20Video%20(1).png', 'https://www.youtube.com/watch?v=dPpRb76PwYU&t=6s', 'How To Use my dining app', 1),
(3, 'https://blogger.googleusercontent.com/img/b/R29vZ2xl/AVvXsEgvu_YKG0xzEBYWRYNcLwBuFLvrX8r801sMQp16Q8VaWnKtgG4tjbELHHKROlr7GD8jD0tjZ4t3xHmexBAHw1nt-QTDOUDnCANDM6MwYZlTAuydat6VjI07P_4hu24_kKsurNuoSS71DJMF2qlSIwxB44g5K4XInByCkP_TOwm66reiZY58w8tAjfU4vg/s1280/user%20Video%20(1).png', 'https://www.youtube.com/watch?v=dPpRb76PwYU&t=6s', 'How To Use my dining app', 1),
(4, 'https://blogger.googleusercontent.com/img/b/R29vZ2xl/AVvXsEgvu_YKG0xzEBYWRYNcLwBuFLvrX8r801sMQp16Q8VaWnKtgG4tjbELHHKROlr7GD8jD0tjZ4t3xHmexBAHw1nt-QTDOUDnCANDM6MwYZlTAuydat6VjI07P_4hu24_kKsurNuoSS71DJMF2qlSIwxB44g5K4XInByCkP_TOwm66reiZY58w8tAjfU4vg/s1280/user%20Video%20(1).png', 'https://www.youtube.com/watch?v=dPpRb76PwYU&t=6s', 'How To Use my dining app', 1),
(5, 'https://blogger.googleusercontent.com/img/b/R29vZ2xl/AVvXsEgvu_YKG0xzEBYWRYNcLwBuFLvrX8r801sMQp16Q8VaWnKtgG4tjbELHHKROlr7GD8jD0tjZ4t3xHmexBAHw1nt-QTDOUDnCANDM6MwYZlTAuydat6VjI07P_4hu24_kKsurNuoSS71DJMF2qlSIwxB44g5K4XInByCkP_TOwm66reiZY58w8tAjfU4vg/s1280/user%20Video%20(1).png', 'https://www.youtube.com/watch?v=dPpRb76PwYU&t=6s', 'How To Use my dining app', 1),
(6, 'https://blogger.googleusercontent.com/img/b/R29vZ2xl/AVvXsEgvu_YKG0xzEBYWRYNcLwBuFLvrX8r801sMQp16Q8VaWnKtgG4tjbELHHKROlr7GD8jD0tjZ4t3xHmexBAHw1nt-QTDOUDnCANDM6MwYZlTAuydat6VjI07P_4hu24_kKsurNuoSS71DJMF2qlSIwxB44g5K4XInByCkP_TOwm66reiZY58w8tAjfU4vg/s1280/user%20Video%20(1).png', 'https://www.youtube.com/watch?v=dPpRb76PwYU&t=6s', 'How To Use my dining app', 1),
(7, 'https://blogger.googleusercontent.com/img/b/R29vZ2xl/AVvXsEgvu_YKG0xzEBYWRYNcLwBuFLvrX8r801sMQp16Q8VaWnKtgG4tjbELHHKROlr7GD8jD0tjZ4t3xHmexBAHw1nt-QTDOUDnCANDM6MwYZlTAuydat6VjI07P_4hu24_kKsurNuoSS71DJMF2qlSIwxB44g5K4XInByCkP_TOwm66reiZY58w8tAjfU4vg/s1280/user%20Video%20(1).png', 'https://www.youtube.com/watch?v=dPpRb76PwYU&t=6s', 'How To Use my dining app', 1),
(8, 'https://blogger.googleusercontent.com/img/b/R29vZ2xl/AVvXsEgvu_YKG0xzEBYWRYNcLwBuFLvrX8r801sMQp16Q8VaWnKtgG4tjbELHHKROlr7GD8jD0tjZ4t3xHmexBAHw1nt-QTDOUDnCANDM6MwYZlTAuydat6VjI07P_4hu24_kKsurNuoSS71DJMF2qlSIwxB44g5K4XInByCkP_TOwm66reiZY58w8tAjfU4vg/s1280/user%20Video%20(1).png', 'https://www.youtube.com/watch?v=dPpRb76PwYU&t=6s', 'How To Use my dining app', 1),
(9, 'https://blogger.googleusercontent.com/img/b/R29vZ2xl/AVvXsEgvu_YKG0xzEBYWRYNcLwBuFLvrX8r801sMQp16Q8VaWnKtgG4tjbELHHKROlr7GD8jD0tjZ4t3xHmexBAHw1nt-QTDOUDnCANDM6MwYZlTAuydat6VjI07P_4hu24_kKsurNuoSS71DJMF2qlSIwxB44g5K4XInByCkP_TOwm66reiZY58w8tAjfU4vg/s1280/user%20Video%20(1).png', 'https://www.youtube.com/watch?v=dPpRb76PwYU&t=6s', 'How To Use my dining app', 1),
(10, 'https://blogger.googleusercontent.com/img/b/R29vZ2xl/AVvXsEgvu_YKG0xzEBYWRYNcLwBuFLvrX8r801sMQp16Q8VaWnKtgG4tjbELHHKROlr7GD8jD0tjZ4t3xHmexBAHw1nt-QTDOUDnCANDM6MwYZlTAuydat6VjI07P_4hu24_kKsurNuoSS71DJMF2qlSIwxB44g5K4XInByCkP_TOwm66reiZY58w8tAjfU4vg/s1280/user%20Video%20(1).png', 'https://www.youtube.com/watch?v=dPpRb76PwYU&t=6s', 'How To Use my dining app', 1),
(11, 'https://blogger.googleusercontent.com/img/b/R29vZ2xl/AVvXsEgvu_YKG0xzEBYWRYNcLwBuFLvrX8r801sMQp16Q8VaWnKtgG4tjbELHHKROlr7GD8jD0tjZ4t3xHmexBAHw1nt-QTDOUDnCANDM6MwYZlTAuydat6VjI07P_4hu24_kKsurNuoSS71DJMF2qlSIwxB44g5K4XInByCkP_TOwm66reiZY58w8tAjfU4vg/s1280/user%20Video%20(1).png', 'https://www.youtube.com/watch?v=dPpRb76PwYU&t=6s', 'How To Use my dining app', 1),
(12, 'https://blogger.googleusercontent.com/img/b/R29vZ2xl/AVvXsEgvu_YKG0xzEBYWRYNcLwBuFLvrX8r801sMQp16Q8VaWnKtgG4tjbELHHKROlr7GD8jD0tjZ4t3xHmexBAHw1nt-QTDOUDnCANDM6MwYZlTAuydat6VjI07P_4hu24_kKsurNuoSS71DJMF2qlSIwxB44g5K4XInByCkP_TOwm66reiZY58w8tAjfU4vg/s1280/user%20Video%20(1).png', 'https://www.youtube.com/watch?v=dPpRb76PwYU&t=6s', 'How To Use my dining app', 1),
(13, 'https://blogger.googleusercontent.com/img/b/R29vZ2xl/AVvXsEgvu_YKG0xzEBYWRYNcLwBuFLvrX8r801sMQp16Q8VaWnKtgG4tjbELHHKROlr7GD8jD0tjZ4t3xHmexBAHw1nt-QTDOUDnCANDM6MwYZlTAuydat6VjI07P_4hu24_kKsurNuoSS71DJMF2qlSIwxB44g5K4XInByCkP_TOwm66reiZY58w8tAjfU4vg/s1280/user%20Video%20(1).png', 'https://www.youtube.com/watch?v=dPpRb76PwYU&t=6s', 'How To Use my dining app', 1),
(14, 'https://blogger.googleusercontent.com/img/b/R29vZ2xl/AVvXsEgvu_YKG0xzEBYWRYNcLwBuFLvrX8r801sMQp16Q8VaWnKtgG4tjbELHHKROlr7GD8jD0tjZ4t3xHmexBAHw1nt-QTDOUDnCANDM6MwYZlTAuydat6VjI07P_4hu24_kKsurNuoSS71DJMF2qlSIwxB44g5K4XInByCkP_TOwm66reiZY58w8tAjfU4vg/s1280/user%20Video%20(1).png', 'https://www.youtube.com/watch?v=dPpRb76PwYU&t=6s', 'How To Use my dining app', 1),
(15, 'https://blogger.googleusercontent.com/img/b/R29vZ2xl/AVvXsEgvu_YKG0xzEBYWRYNcLwBuFLvrX8r801sMQp16Q8VaWnKtgG4tjbELHHKROlr7GD8jD0tjZ4t3xHmexBAHw1nt-QTDOUDnCANDM6MwYZlTAuydat6VjI07P_4hu24_kKsurNuoSS71DJMF2qlSIwxB44g5K4XInByCkP_TOwm66reiZY58w8tAjfU4vg/s1280/user%20Video%20(1).png', 'https://www.youtube.com/watch?v=dPpRb76PwYU&t=6s', 'How To Use my dining app', 1),
(16, 'https://blogger.googleusercontent.com/img/b/R29vZ2xl/AVvXsEgvu_YKG0xzEBYWRYNcLwBuFLvrX8r801sMQp16Q8VaWnKtgG4tjbELHHKROlr7GD8jD0tjZ4t3xHmexBAHw1nt-QTDOUDnCANDM6MwYZlTAuydat6VjI07P_4hu24_kKsurNuoSS71DJMF2qlSIwxB44g5K4XInByCkP_TOwm66reiZY58w8tAjfU4vg/s1280/user%20Video%20(1).png', 'https://www.youtube.com/watch?v=dPpRb76PwYU&t=6s', 'How To Use my dining app', 1),
(17, 'https://blogger.googleusercontent.com/img/b/R29vZ2xl/AVvXsEgvu_YKG0xzEBYWRYNcLwBuFLvrX8r801sMQp16Q8VaWnKtgG4tjbELHHKROlr7GD8jD0tjZ4t3xHmexBAHw1nt-QTDOUDnCANDM6MwYZlTAuydat6VjI07P_4hu24_kKsurNuoSS71DJMF2qlSIwxB44g5K4XInByCkP_TOwm66reiZY58w8tAjfU4vg/s1280/user%20Video%20(1).png', 'https://www.youtube.com/watch?v=dPpRb76PwYU&t=6s', 'How To Use my dining app', 1),
(18, 'https://blogger.googleusercontent.com/img/b/R29vZ2xl/AVvXsEgvu_YKG0xzEBYWRYNcLwBuFLvrX8r801sMQp16Q8VaWnKtgG4tjbELHHKROlr7GD8jD0tjZ4t3xHmexBAHw1nt-QTDOUDnCANDM6MwYZlTAuydat6VjI07P_4hu24_kKsurNuoSS71DJMF2qlSIwxB44g5K4XInByCkP_TOwm66reiZY58w8tAjfU4vg/s1280/user%20Video%20(1).png', 'https://www.youtube.com/watch?v=dPpRb76PwYU&t=6s', 'How To Use my dining app', 1),
(19, 'https://blogger.googleusercontent.com/img/b/R29vZ2xl/AVvXsEgvu_YKG0xzEBYWRYNcLwBuFLvrX8r801sMQp16Q8VaWnKtgG4tjbELHHKROlr7GD8jD0tjZ4t3xHmexBAHw1nt-QTDOUDnCANDM6MwYZlTAuydat6VjI07P_4hu24_kKsurNuoSS71DJMF2qlSIwxB44g5K4XInByCkP_TOwm66reiZY58w8tAjfU4vg/s1280/user%20Video%20(1).png', 'https://www.youtube.com/watch?v=dPpRb76PwYU&t=6s', 'How To Use my dining app', 1),
(20, 'https://blogger.googleusercontent.com/img/b/R29vZ2xl/AVvXsEgvu_YKG0xzEBYWRYNcLwBuFLvrX8r801sMQp16Q8VaWnKtgG4tjbELHHKROlr7GD8jD0tjZ4t3xHmexBAHw1nt-QTDOUDnCANDM6MwYZlTAuydat6VjI07P_4hu24_kKsurNuoSS71DJMF2qlSIwxB44g5K4XInByCkP_TOwm66reiZY58w8tAjfU4vg/s1280/user%20Video%20(1).png', 'https://www.youtube.com/watch?v=dPpRb76PwYU&t=6s', 'How To Use my dining app', 1),
(21, 'https://blogger.googleusercontent.com/img/b/R29vZ2xl/AVvXsEgvu_YKG0xzEBYWRYNcLwBuFLvrX8r801sMQp16Q8VaWnKtgG4tjbELHHKROlr7GD8jD0tjZ4t3xHmexBAHw1nt-QTDOUDnCANDM6MwYZlTAuydat6VjI07P_4hu24_kKsurNuoSS71DJMF2qlSIwxB44g5K4XInByCkP_TOwm66reiZY58w8tAjfU4vg/s1280/user%20Video%20(1).png', 'https://www.youtube.com/watch?v=dPpRb76PwYU&t=6s', 'How To Use my dining app', 1),
(22, 'https://blogger.googleusercontent.com/img/b/R29vZ2xl/AVvXsEgvu_YKG0xzEBYWRYNcLwBuFLvrX8r801sMQp16Q8VaWnKtgG4tjbELHHKROlr7GD8jD0tjZ4t3xHmexBAHw1nt-QTDOUDnCANDM6MwYZlTAuydat6VjI07P_4hu24_kKsurNuoSS71DJMF2qlSIwxB44g5K4XInByCkP_TOwm66reiZY58w8tAjfU4vg/s1280/user%20Video%20(1).png', 'https://www.youtube.com/watch?v=dPpRb76PwYU&t=6s', 'How To Use my dining app', 1),
(23, 'https://blogger.googleusercontent.com/img/b/R29vZ2xl/AVvXsEgvu_YKG0xzEBYWRYNcLwBuFLvrX8r801sMQp16Q8VaWnKtgG4tjbELHHKROlr7GD8jD0tjZ4t3xHmexBAHw1nt-QTDOUDnCANDM6MwYZlTAuydat6VjI07P_4hu24_kKsurNuoSS71DJMF2qlSIwxB44g5K4XInByCkP_TOwm66reiZY58w8tAjfU4vg/s1280/user%20Video%20(1).png', 'https://www.youtube.com/watch?v=dPpRb76PwYU&t=6s', 'How To Use my dining app', 1),
(24, 'https://blogger.googleusercontent.com/img/b/R29vZ2xl/AVvXsEgvu_YKG0xzEBYWRYNcLwBuFLvrX8r801sMQp16Q8VaWnKtgG4tjbELHHKROlr7GD8jD0tjZ4t3xHmexBAHw1nt-QTDOUDnCANDM6MwYZlTAuydat6VjI07P_4hu24_kKsurNuoSS71DJMF2qlSIwxB44g5K4XInByCkP_TOwm66reiZY58w8tAjfU4vg/s1280/user%20Video%20(1).png', 'https://www.youtube.com/watch?v=dPpRb76PwYU&t=6s', 'How To Use my dining app', 1),
(25, 'https://blogger.googleusercontent.com/img/b/R29vZ2xl/AVvXsEgvu_YKG0xzEBYWRYNcLwBuFLvrX8r801sMQp16Q8VaWnKtgG4tjbELHHKROlr7GD8jD0tjZ4t3xHmexBAHw1nt-QTDOUDnCANDM6MwYZlTAuydat6VjI07P_4hu24_kKsurNuoSS71DJMF2qlSIwxB44g5K4XInByCkP_TOwm66reiZY58w8tAjfU4vg/s1280/user%20Video%20(1).png', 'https://www.youtube.com/watch?v=dPpRb76PwYU&t=6s', 'How To Use my dining app', 1),
(26, 'https://blogger.googleusercontent.com/img/b/R29vZ2xl/AVvXsEgvu_YKG0xzEBYWRYNcLwBuFLvrX8r801sMQp16Q8VaWnKtgG4tjbELHHKROlr7GD8jD0tjZ4t3xHmexBAHw1nt-QTDOUDnCANDM6MwYZlTAuydat6VjI07P_4hu24_kKsurNuoSS71DJMF2qlSIwxB44g5K4XInByCkP_TOwm66reiZY58w8tAjfU4vg/s1280/user%20Video%20(1).png', 'https://www.youtube.com/watch?v=dPpRb76PwYU&t=6s', 'How To Use my dining app', 1),
(27, 'https://blogger.googleusercontent.com/img/b/R29vZ2xl/AVvXsEgvu_YKG0xzEBYWRYNcLwBuFLvrX8r801sMQp16Q8VaWnKtgG4tjbELHHKROlr7GD8jD0tjZ4t3xHmexBAHw1nt-QTDOUDnCANDM6MwYZlTAuydat6VjI07P_4hu24_kKsurNuoSS71DJMF2qlSIwxB44g5K4XInByCkP_TOwm66reiZY58w8tAjfU4vg/s1280/user%20Video%20(1).png', 'https://www.youtube.com/watch?v=dPpRb76PwYU&t=6s', 'How To Use my dining app', 1),
(28, 'https://blogger.googleusercontent.com/img/b/R29vZ2xl/AVvXsEgvu_YKG0xzEBYWRYNcLwBuFLvrX8r801sMQp16Q8VaWnKtgG4tjbELHHKROlr7GD8jD0tjZ4t3xHmexBAHw1nt-QTDOUDnCANDM6MwYZlTAuydat6VjI07P_4hu24_kKsurNuoSS71DJMF2qlSIwxB44g5K4XInByCkP_TOwm66reiZY58w8tAjfU4vg/s1280/user%20Video%20(1).png', 'https://www.youtube.com/watch?v=dPpRb76PwYU&t=6s', 'How To Use my dining app', 1),
(29, 'https://blogger.googleusercontent.com/img/b/R29vZ2xl/AVvXsEgvu_YKG0xzEBYWRYNcLwBuFLvrX8r801sMQp16Q8VaWnKtgG4tjbELHHKROlr7GD8jD0tjZ4t3xHmexBAHw1nt-QTDOUDnCANDM6MwYZlTAuydat6VjI07P_4hu24_kKsurNuoSS71DJMF2qlSIwxB44g5K4XInByCkP_TOwm66reiZY58w8tAjfU4vg/s1280/user%20Video%20(1).png', 'https://www.youtube.com/watch?v=dPpRb76PwYU&t=6s', 'How To Use my dining app', 1),
(30, 'https://blogger.googleusercontent.com/img/b/R29vZ2xl/AVvXsEgvu_YKG0xzEBYWRYNcLwBuFLvrX8r801sMQp16Q8VaWnKtgG4tjbELHHKROlr7GD8jD0tjZ4t3xHmexBAHw1nt-QTDOUDnCANDM6MwYZlTAuydat6VjI07P_4hu24_kKsurNuoSS71DJMF2qlSIwxB44g5K4XInByCkP_TOwm66reiZY58w8tAjfU4vg/s1280/user%20Video%20(1).png', 'https://www.youtube.com/watch?v=dPpRb76PwYU&t=6s', 'How To Use my dining app', 1),
(31, 'https://blogger.googleusercontent.com/img/b/R29vZ2xl/AVvXsEgvu_YKG0xzEBYWRYNcLwBuFLvrX8r801sMQp16Q8VaWnKtgG4tjbELHHKROlr7GD8jD0tjZ4t3xHmexBAHw1nt-QTDOUDnCANDM6MwYZlTAuydat6VjI07P_4hu24_kKsurNuoSS71DJMF2qlSIwxB44g5K4XInByCkP_TOwm66reiZY58w8tAjfU4vg/s1280/user%20Video%20(1).png', 'https://www.youtube.com/watch?v=dPpRb76PwYU&t=6s', 'How To Use my dining app', 1),
(32, 'https://blogger.googleusercontent.com/img/b/R29vZ2xl/AVvXsEgvu_YKG0xzEBYWRYNcLwBuFLvrX8r801sMQp16Q8VaWnKtgG4tjbELHHKROlr7GD8jD0tjZ4t3xHmexBAHw1nt-QTDOUDnCANDM6MwYZlTAuydat6VjI07P_4hu24_kKsurNuoSS71DJMF2qlSIwxB44g5K4XInByCkP_TOwm66reiZY58w8tAjfU4vg/s1280/user%20Video%20(1).png', 'https://www.youtube.com/watch?v=dPpRb76PwYU&t=6s', 'How To Use my dining app', 1),
(33, 'https://blogger.googleusercontent.com/img/b/R29vZ2xl/AVvXsEgvu_YKG0xzEBYWRYNcLwBuFLvrX8r801sMQp16Q8VaWnKtgG4tjbELHHKROlr7GD8jD0tjZ4t3xHmexBAHw1nt-QTDOUDnCANDM6MwYZlTAuydat6VjI07P_4hu24_kKsurNuoSS71DJMF2qlSIwxB44g5K4XInByCkP_TOwm66reiZY58w8tAjfU4vg/s1280/user%20Video%20(1).png', 'https://www.youtube.com/watch?v=dPpRb76PwYU&t=6s', 'How To Use my dining app', 1),
(34, 'https://blogger.googleusercontent.com/img/b/R29vZ2xl/AVvXsEgvu_YKG0xzEBYWRYNcLwBuFLvrX8r801sMQp16Q8VaWnKtgG4tjbELHHKROlr7GD8jD0tjZ4t3xHmexBAHw1nt-QTDOUDnCANDM6MwYZlTAuydat6VjI07P_4hu24_kKsurNuoSS71DJMF2qlSIwxB44g5K4XInByCkP_TOwm66reiZY58w8tAjfU4vg/s1280/user%20Video%20(1).png', 'https://www.youtube.com/watch?v=dPpRb76PwYU&t=6s', 'How To Use my dining app', 1),
(35, 'https://blogger.googleusercontent.com/img/b/R29vZ2xl/AVvXsEgvu_YKG0xzEBYWRYNcLwBuFLvrX8r801sMQp16Q8VaWnKtgG4tjbELHHKROlr7GD8jD0tjZ4t3xHmexBAHw1nt-QTDOUDnCANDM6MwYZlTAuydat6VjI07P_4hu24_kKsurNuoSS71DJMF2qlSIwxB44g5K4XInByCkP_TOwm66reiZY58w8tAjfU4vg/s1280/user%20Video%20(1).png', 'https://www.youtube.com/watch?v=dPpRb76PwYU&t=6s', 'How To Use my dining app', 1),
(36, 'https://blogger.googleusercontent.com/img/b/R29vZ2xl/AVvXsEgvu_YKG0xzEBYWRYNcLwBuFLvrX8r801sMQp16Q8VaWnKtgG4tjbELHHKROlr7GD8jD0tjZ4t3xHmexBAHw1nt-QTDOUDnCANDM6MwYZlTAuydat6VjI07P_4hu24_kKsurNuoSS71DJMF2qlSIwxB44g5K4XInByCkP_TOwm66reiZY58w8tAjfU4vg/s1280/user%20Video%20(1).png', 'https://www.youtube.com/watch?v=dPpRb76PwYU&t=6s', 'How To Use my dining app', 1),
(37, 'https://blogger.googleusercontent.com/img/b/R29vZ2xl/AVvXsEgvu_YKG0xzEBYWRYNcLwBuFLvrX8r801sMQp16Q8VaWnKtgG4tjbELHHKROlr7GD8jD0tjZ4t3xHmexBAHw1nt-QTDOUDnCANDM6MwYZlTAuydat6VjI07P_4hu24_kKsurNuoSS71DJMF2qlSIwxB44g5K4XInByCkP_TOwm66reiZY58w8tAjfU4vg/s1280/user%20Video%20(1).png', 'https://www.youtube.com/watch?v=dPpRb76PwYU&t=6s', 'How To Use my dining app', 1),
(38, 'https://blogger.googleusercontent.com/img/b/R29vZ2xl/AVvXsEgvu_YKG0xzEBYWRYNcLwBuFLvrX8r801sMQp16Q8VaWnKtgG4tjbELHHKROlr7GD8jD0tjZ4t3xHmexBAHw1nt-QTDOUDnCANDM6MwYZlTAuydat6VjI07P_4hu24_kKsurNuoSS71DJMF2qlSIwxB44g5K4XInByCkP_TOwm66reiZY58w8tAjfU4vg/s1280/user%20Video%20(1).png', 'https://www.youtube.com/watch?v=dPpRb76PwYU&t=6s', 'How To Use my dining app', 1),
(39, 'https://blogger.googleusercontent.com/img/b/R29vZ2xl/AVvXsEgvu_YKG0xzEBYWRYNcLwBuFLvrX8r801sMQp16Q8VaWnKtgG4tjbELHHKROlr7GD8jD0tjZ4t3xHmexBAHw1nt-QTDOUDnCANDM6MwYZlTAuydat6VjI07P_4hu24_kKsurNuoSS71DJMF2qlSIwxB44g5K4XInByCkP_TOwm66reiZY58w8tAjfU4vg/s1280/user%20Video%20(1).png', 'https://www.youtube.com/watch?v=dPpRb76PwYU&t=6s', 'How To Use my dining app', 1),
(40, 'https://blogger.googleusercontent.com/img/b/R29vZ2xl/AVvXsEgvu_YKG0xzEBYWRYNcLwBuFLvrX8r801sMQp16Q8VaWnKtgG4tjbELHHKROlr7GD8jD0tjZ4t3xHmexBAHw1nt-QTDOUDnCANDM6MwYZlTAuydat6VjI07P_4hu24_kKsurNuoSS71DJMF2qlSIwxB44g5K4XInByCkP_TOwm66reiZY58w8tAjfU4vg/s1280/user%20Video%20(1).png', 'https://www.youtube.com/watch?v=dPpRb76PwYU&t=6s', 'How To Use my dining app', 1),
(41, 'https://blogger.googleusercontent.com/img/b/R29vZ2xl/AVvXsEgvu_YKG0xzEBYWRYNcLwBuFLvrX8r801sMQp16Q8VaWnKtgG4tjbELHHKROlr7GD8jD0tjZ4t3xHmexBAHw1nt-QTDOUDnCANDM6MwYZlTAuydat6VjI07P_4hu24_kKsurNuoSS71DJMF2qlSIwxB44g5K4XInByCkP_TOwm66reiZY58w8tAjfU4vg/s1280/user%20Video%20(1).png', 'https://www.youtube.com/watch?v=dPpRb76PwYU&t=6s', 'How To Use my dining app', 1),
(42, 'https://blogger.googleusercontent.com/img/b/R29vZ2xl/AVvXsEgvu_YKG0xzEBYWRYNcLwBuFLvrX8r801sMQp16Q8VaWnKtgG4tjbELHHKROlr7GD8jD0tjZ4t3xHmexBAHw1nt-QTDOUDnCANDM6MwYZlTAuydat6VjI07P_4hu24_kKsurNuoSS71DJMF2qlSIwxB44g5K4XInByCkP_TOwm66reiZY58w8tAjfU4vg/s1280/user%20Video%20(1).png', 'https://www.youtube.com/watch?v=dPpRb76PwYU&t=6s', 'How To Use my dining app', 1),
(43, 'https://blogger.googleusercontent.com/img/b/R29vZ2xl/AVvXsEgvu_YKG0xzEBYWRYNcLwBuFLvrX8r801sMQp16Q8VaWnKtgG4tjbELHHKROlr7GD8jD0tjZ4t3xHmexBAHw1nt-QTDOUDnCANDM6MwYZlTAuydat6VjI07P_4hu24_kKsurNuoSS71DJMF2qlSIwxB44g5K4XInByCkP_TOwm66reiZY58w8tAjfU4vg/s1280/user%20Video%20(1).png', 'https://www.youtube.com/watch?v=dPpRb76PwYU&t=6s', 'How To Use my dining app', 1),
(44, 'https://blogger.googleusercontent.com/img/b/R29vZ2xl/AVvXsEgvu_YKG0xzEBYWRYNcLwBuFLvrX8r801sMQp16Q8VaWnKtgG4tjbELHHKROlr7GD8jD0tjZ4t3xHmexBAHw1nt-QTDOUDnCANDM6MwYZlTAuydat6VjI07P_4hu24_kKsurNuoSS71DJMF2qlSIwxB44g5K4XInByCkP_TOwm66reiZY58w8tAjfU4vg/s1280/user%20Video%20(1).png', 'https://www.youtube.com/watch?v=dPpRb76PwYU&t=6s', 'How To Use my dining app', 1),
(45, 'https://blogger.googleusercontent.com/img/b/R29vZ2xl/AVvXsEgvu_YKG0xzEBYWRYNcLwBuFLvrX8r801sMQp16Q8VaWnKtgG4tjbELHHKROlr7GD8jD0tjZ4t3xHmexBAHw1nt-QTDOUDnCANDM6MwYZlTAuydat6VjI07P_4hu24_kKsurNuoSS71DJMF2qlSIwxB44g5K4XInByCkP_TOwm66reiZY58w8tAjfU4vg/s1280/user%20Video%20(1).png', 'https://www.youtube.com/watch?v=dPpRb76PwYU&t=6s', 'How To Use my dining app', 1),
(46, 'https://blogger.googleusercontent.com/img/b/R29vZ2xl/AVvXsEgvu_YKG0xzEBYWRYNcLwBuFLvrX8r801sMQp16Q8VaWnKtgG4tjbELHHKROlr7GD8jD0tjZ4t3xHmexBAHw1nt-QTDOUDnCANDM6MwYZlTAuydat6VjI07P_4hu24_kKsurNuoSS71DJMF2qlSIwxB44g5K4XInByCkP_TOwm66reiZY58w8tAjfU4vg/s1280/user%20Video%20(1).png', 'https://www.youtube.com/watch?v=dPpRb76PwYU&t=6s', 'How To Use my dining app', 1),
(47, 'https://blogger.googleusercontent.com/img/b/R29vZ2xl/AVvXsEgvu_YKG0xzEBYWRYNcLwBuFLvrX8r801sMQp16Q8VaWnKtgG4tjbELHHKROlr7GD8jD0tjZ4t3xHmexBAHw1nt-QTDOUDnCANDM6MwYZlTAuydat6VjI07P_4hu24_kKsurNuoSS71DJMF2qlSIwxB44g5K4XInByCkP_TOwm66reiZY58w8tAjfU4vg/s1280/user%20Video%20(1).png', 'https://www.youtube.com/watch?v=dPpRb76PwYU&t=6s', 'How To Use my dining app', 1),
(48, 'https://blogger.googleusercontent.com/img/b/R29vZ2xl/AVvXsEgvu_YKG0xzEBYWRYNcLwBuFLvrX8r801sMQp16Q8VaWnKtgG4tjbELHHKROlr7GD8jD0tjZ4t3xHmexBAHw1nt-QTDOUDnCANDM6MwYZlTAuydat6VjI07P_4hu24_kKsurNuoSS71DJMF2qlSIwxB44g5K4XInByCkP_TOwm66reiZY58w8tAjfU4vg/s1280/user%20Video%20(1).png', 'https://www.youtube.com/watch?v=dPpRb76PwYU&t=6s', 'How To Use my dining app', 1),
(49, 'https://blogger.googleusercontent.com/img/b/R29vZ2xl/AVvXsEgvu_YKG0xzEBYWRYNcLwBuFLvrX8r801sMQp16Q8VaWnKtgG4tjbELHHKROlr7GD8jD0tjZ4t3xHmexBAHw1nt-QTDOUDnCANDM6MwYZlTAuydat6VjI07P_4hu24_kKsurNuoSS71DJMF2qlSIwxB44g5K4XInByCkP_TOwm66reiZY58w8tAjfU4vg/s1280/user%20Video%20(1).png', 'https://www.youtube.com/watch?v=dPpRb76PwYU&t=6s', 'How To Use my dining app', 1),
(50, 'https://blogger.googleusercontent.com/img/b/R29vZ2xl/AVvXsEgvu_YKG0xzEBYWRYNcLwBuFLvrX8r801sMQp16Q8VaWnKtgG4tjbELHHKROlr7GD8jD0tjZ4t3xHmexBAHw1nt-QTDOUDnCANDM6MwYZlTAuydat6VjI07P_4hu24_kKsurNuoSS71DJMF2qlSIwxB44g5K4XInByCkP_TOwm66reiZY58w8tAjfU4vg/s1280/user%20Video%20(1).png', 'https://www.youtube.com/watch?v=dPpRb76PwYU&t=6s', 'How To Use my dining app', 1),
(51, 'https://blogger.googleusercontent.com/img/b/R29vZ2xl/AVvXsEgvu_YKG0xzEBYWRYNcLwBuFLvrX8r801sMQp16Q8VaWnKtgG4tjbELHHKROlr7GD8jD0tjZ4t3xHmexBAHw1nt-QTDOUDnCANDM6MwYZlTAuydat6VjI07P_4hu24_kKsurNuoSS71DJMF2qlSIwxB44g5K4XInByCkP_TOwm66reiZY58w8tAjfU4vg/s1280/user%20Video%20(1).png', 'https://www.youtube.com/watch?v=dPpRb76PwYU&t=6s', 'How To Use my dining app', 1),
(52, 'https://blogger.googleusercontent.com/img/b/R29vZ2xl/AVvXsEgvu_YKG0xzEBYWRYNcLwBuFLvrX8r801sMQp16Q8VaWnKtgG4tjbELHHKROlr7GD8jD0tjZ4t3xHmexBAHw1nt-QTDOUDnCANDM6MwYZlTAuydat6VjI07P_4hu24_kKsurNuoSS71DJMF2qlSIwxB44g5K4XInByCkP_TOwm66reiZY58w8tAjfU4vg/s1280/user%20Video%20(1).png', 'https://www.youtube.com/watch?v=dPpRb76PwYU&t=6s', 'How To Use my dining app', 1),
(53, 'https://blogger.googleusercontent.com/img/b/R29vZ2xl/AVvXsEgvu_YKG0xzEBYWRYNcLwBuFLvrX8r801sMQp16Q8VaWnKtgG4tjbELHHKROlr7GD8jD0tjZ4t3xHmexBAHw1nt-QTDOUDnCANDM6MwYZlTAuydat6VjI07P_4hu24_kKsurNuoSS71DJMF2qlSIwxB44g5K4XInByCkP_TOwm66reiZY58w8tAjfU4vg/s1280/user%20Video%20(1).png', 'https://www.youtube.com/watch?v=dPpRb76PwYU&t=6s', 'How To Use my dining app', 1),
(54, 'https://blogger.googleusercontent.com/img/b/R29vZ2xl/AVvXsEgvu_YKG0xzEBYWRYNcLwBuFLvrX8r801sMQp16Q8VaWnKtgG4tjbELHHKROlr7GD8jD0tjZ4t3xHmexBAHw1nt-QTDOUDnCANDM6MwYZlTAuydat6VjI07P_4hu24_kKsurNuoSS71DJMF2qlSIwxB44g5K4XInByCkP_TOwm66reiZY58w8tAjfU4vg/s1280/user%20Video%20(1).png', 'https://www.youtube.com/watch?v=dPpRb76PwYU&t=6s', 'How To Use my dining app', 1),
(55, 'https://blogger.googleusercontent.com/img/b/R29vZ2xl/AVvXsEgvu_YKG0xzEBYWRYNcLwBuFLvrX8r801sMQp16Q8VaWnKtgG4tjbELHHKROlr7GD8jD0tjZ4t3xHmexBAHw1nt-QTDOUDnCANDM6MwYZlTAuydat6VjI07P_4hu24_kKsurNuoSS71DJMF2qlSIwxB44g5K4XInByCkP_TOwm66reiZY58w8tAjfU4vg/s1280/user%20Video%20(1).png', 'https://www.youtube.com/watch?v=dPpRb76PwYU&t=6s', 'How To Use my dining app', 1),
(56, 'https://blogger.googleusercontent.com/img/b/R29vZ2xl/AVvXsEgvu_YKG0xzEBYWRYNcLwBuFLvrX8r801sMQp16Q8VaWnKtgG4tjbELHHKROlr7GD8jD0tjZ4t3xHmexBAHw1nt-QTDOUDnCANDM6MwYZlTAuydat6VjI07P_4hu24_kKsurNuoSS71DJMF2qlSIwxB44g5K4XInByCkP_TOwm66reiZY58w8tAjfU4vg/s1280/user%20Video%20(1).png', 'https://www.youtube.com/watch?v=dPpRb76PwYU&t=6s', 'How To Use my dining app', 1),
(57, 'https://blogger.googleusercontent.com/img/b/R29vZ2xl/AVvXsEgvu_YKG0xzEBYWRYNcLwBuFLvrX8r801sMQp16Q8VaWnKtgG4tjbELHHKROlr7GD8jD0tjZ4t3xHmexBAHw1nt-QTDOUDnCANDM6MwYZlTAuydat6VjI07P_4hu24_kKsurNuoSS71DJMF2qlSIwxB44g5K4XInByCkP_TOwm66reiZY58w8tAjfU4vg/s1280/user%20Video%20(1).png', 'https://www.youtube.com/watch?v=dPpRb76PwYU&t=6s', 'How To Use my dining app', 1),
(58, 'https://blogger.googleusercontent.com/img/b/R29vZ2xl/AVvXsEgvu_YKG0xzEBYWRYNcLwBuFLvrX8r801sMQp16Q8VaWnKtgG4tjbELHHKROlr7GD8jD0tjZ4t3xHmexBAHw1nt-QTDOUDnCANDM6MwYZlTAuydat6VjI07P_4hu24_kKsurNuoSS71DJMF2qlSIwxB44g5K4XInByCkP_TOwm66reiZY58w8tAjfU4vg/s1280/user%20Video%20(1).png', 'https://www.youtube.com/watch?v=dPpRb76PwYU&t=6s', 'How To Use my dining app', 1),
(59, 'https://blogger.googleusercontent.com/img/b/R29vZ2xl/AVvXsEgvu_YKG0xzEBYWRYNcLwBuFLvrX8r801sMQp16Q8VaWnKtgG4tjbELHHKROlr7GD8jD0tjZ4t3xHmexBAHw1nt-QTDOUDnCANDM6MwYZlTAuydat6VjI07P_4hu24_kKsurNuoSS71DJMF2qlSIwxB44g5K4XInByCkP_TOwm66reiZY58w8tAjfU4vg/s1280/user%20Video%20(1).png', 'https://www.youtube.com/watch?v=dPpRb76PwYU&t=6s', 'How To Use my dining app', 1),
(60, 'https://blogger.googleusercontent.com/img/b/R29vZ2xl/AVvXsEgvu_YKG0xzEBYWRYNcLwBuFLvrX8r801sMQp16Q8VaWnKtgG4tjbELHHKROlr7GD8jD0tjZ4t3xHmexBAHw1nt-QTDOUDnCANDM6MwYZlTAuydat6VjI07P_4hu24_kKsurNuoSS71DJMF2qlSIwxB44g5K4XInByCkP_TOwm66reiZY58w8tAjfU4vg/s1280/user%20Video%20(1).png', 'https://www.youtube.com/watch?v=dPpRb76PwYU&t=6s', 'How To Use my dining app', 1),
(61, 'https://blogger.googleusercontent.com/img/b/R29vZ2xl/AVvXsEgvu_YKG0xzEBYWRYNcLwBuFLvrX8r801sMQp16Q8VaWnKtgG4tjbELHHKROlr7GD8jD0tjZ4t3xHmexBAHw1nt-QTDOUDnCANDM6MwYZlTAuydat6VjI07P_4hu24_kKsurNuoSS71DJMF2qlSIwxB44g5K4XInByCkP_TOwm66reiZY58w8tAjfU4vg/s1280/user%20Video%20(1).png', 'https://www.youtube.com/watch?v=dPpRb76PwYU&t=6s', 'How To Use my dining app', 1),
(62, 'https://blogger.googleusercontent.com/img/b/R29vZ2xl/AVvXsEgvu_YKG0xzEBYWRYNcLwBuFLvrX8r801sMQp16Q8VaWnKtgG4tjbELHHKROlr7GD8jD0tjZ4t3xHmexBAHw1nt-QTDOUDnCANDM6MwYZlTAuydat6VjI07P_4hu24_kKsurNuoSS71DJMF2qlSIwxB44g5K4XInByCkP_TOwm66reiZY58w8tAjfU4vg/s1280/user%20Video%20(1).png', 'https://www.youtube.com/watch?v=dPpRb76PwYU&t=6s', 'How To Use my dining app', 1),
(63, 'https://blogger.googleusercontent.com/img/b/R29vZ2xl/AVvXsEgvu_YKG0xzEBYWRYNcLwBuFLvrX8r801sMQp16Q8VaWnKtgG4tjbELHHKROlr7GD8jD0tjZ4t3xHmexBAHw1nt-QTDOUDnCANDM6MwYZlTAuydat6VjI07P_4hu24_kKsurNuoSS71DJMF2qlSIwxB44g5K4XInByCkP_TOwm66reiZY58w8tAjfU4vg/s1280/user%20Video%20(1).png', 'https://www.youtube.com/watch?v=dPpRb76PwYU&t=6s', 'How To Use my dining app', 1),
(64, 'https://blogger.googleusercontent.com/img/b/R29vZ2xl/AVvXsEgvu_YKG0xzEBYWRYNcLwBuFLvrX8r801sMQp16Q8VaWnKtgG4tjbELHHKROlr7GD8jD0tjZ4t3xHmexBAHw1nt-QTDOUDnCANDM6MwYZlTAuydat6VjI07P_4hu24_kKsurNuoSS71DJMF2qlSIwxB44g5K4XInByCkP_TOwm66reiZY58w8tAjfU4vg/s1280/user%20Video%20(1).png', 'https://www.youtube.com/watch?v=dPpRb76PwYU&t=6s', 'How To Use my dining app', 1),
(65, 'https://blogger.googleusercontent.com/img/b/R29vZ2xl/AVvXsEgvu_YKG0xzEBYWRYNcLwBuFLvrX8r801sMQp16Q8VaWnKtgG4tjbELHHKROlr7GD8jD0tjZ4t3xHmexBAHw1nt-QTDOUDnCANDM6MwYZlTAuydat6VjI07P_4hu24_kKsurNuoSS71DJMF2qlSIwxB44g5K4XInByCkP_TOwm66reiZY58w8tAjfU4vg/s1280/user%20Video%20(1).png', 'https://www.youtube.com/watch?v=dPpRb76PwYU&t=6s', 'How To Use my dining app', 1),
(66, 'https://blogger.googleusercontent.com/img/b/R29vZ2xl/AVvXsEgvu_YKG0xzEBYWRYNcLwBuFLvrX8r801sMQp16Q8VaWnKtgG4tjbELHHKROlr7GD8jD0tjZ4t3xHmexBAHw1nt-QTDOUDnCANDM6MwYZlTAuydat6VjI07P_4hu24_kKsurNuoSS71DJMF2qlSIwxB44g5K4XInByCkP_TOwm66reiZY58w8tAjfU4vg/s1280/user%20Video%20(1).png', 'https://www.youtube.com/watch?v=dPpRb76PwYU&t=6s', 'How To Use my dining app', 1),
(67, 'https://blogger.googleusercontent.com/img/b/R29vZ2xl/AVvXsEgvu_YKG0xzEBYWRYNcLwBuFLvrX8r801sMQp16Q8VaWnKtgG4tjbELHHKROlr7GD8jD0tjZ4t3xHmexBAHw1nt-QTDOUDnCANDM6MwYZlTAuydat6VjI07P_4hu24_kKsurNuoSS71DJMF2qlSIwxB44g5K4XInByCkP_TOwm66reiZY58w8tAjfU4vg/s1280/user%20Video%20(1).png', 'https://www.youtube.com/watch?v=dPpRb76PwYU&t=6s', 'How To Use my dining app', 1),
(68, 'https://blogger.googleusercontent.com/img/b/R29vZ2xl/AVvXsEgvu_YKG0xzEBYWRYNcLwBuFLvrX8r801sMQp16Q8VaWnKtgG4tjbELHHKROlr7GD8jD0tjZ4t3xHmexBAHw1nt-QTDOUDnCANDM6MwYZlTAuydat6VjI07P_4hu24_kKsurNuoSS71DJMF2qlSIwxB44g5K4XInByCkP_TOwm66reiZY58w8tAjfU4vg/s1280/user%20Video%20(1).png', 'https://www.youtube.com/watch?v=dPpRb76PwYU&t=6s', 'How To Use my dining app', 1),
(69, 'https://blogger.googleusercontent.com/img/b/R29vZ2xl/AVvXsEgvu_YKG0xzEBYWRYNcLwBuFLvrX8r801sMQp16Q8VaWnKtgG4tjbELHHKROlr7GD8jD0tjZ4t3xHmexBAHw1nt-QTDOUDnCANDM6MwYZlTAuydat6VjI07P_4hu24_kKsurNuoSS71DJMF2qlSIwxB44g5K4XInByCkP_TOwm66reiZY58w8tAjfU4vg/s1280/user%20Video%20(1).png', 'https://www.youtube.com/watch?v=dPpRb76PwYU&t=6s', 'How To Use my dining app', 1),
(70, 'https://blogger.googleusercontent.com/img/b/R29vZ2xl/AVvXsEgvu_YKG0xzEBYWRYNcLwBuFLvrX8r801sMQp16Q8VaWnKtgG4tjbELHHKROlr7GD8jD0tjZ4t3xHmexBAHw1nt-QTDOUDnCANDM6MwYZlTAuydat6VjI07P_4hu24_kKsurNuoSS71DJMF2qlSIwxB44g5K4XInByCkP_TOwm66reiZY58w8tAjfU4vg/s1280/user%20Video%20(1).png', 'https://www.youtube.com/watch?v=dPpRb76PwYU&t=6s', 'How To Use my dining app', 1);

--
-- Indexes for table `banners`
--
ALTER TABLE `banners`
  ADD PRIMARY KEY (`id`);

--
-- Indexes for table `deposit`
--
ALTER TABLE `deposit`
  ADD PRIMARY KEY (`id`);

--
-- Indexes for table `initiate_user`
--
ALTER TABLE `initiate_user`
  ADD PRIMARY KEY (`id`);

--
-- Indexes for table `meals`
--
ALTER TABLE `meals`
  ADD PRIMARY KEY (`id`);

--
-- Indexes for table `mess`
--
ALTER TABLE `mess`
  ADD PRIMARY KEY (`id`);

--
-- Indexes for table `other_cost`
--
ALTER TABLE `other_cost`
  ADD PRIMARY KEY (`id`);

--
-- Indexes for table `purchase`
--
ALTER TABLE `purchase`
  ADD PRIMARY KEY (`id`);

--
-- Indexes for table `purchase_request`
--
ALTER TABLE `purchase_request`
  ADD PRIMARY KEY (`id`);

--
-- Indexes for table `role`
--
ALTER TABLE `role`
  ADD PRIMARY KEY (`id`);

--
-- Indexes for table `user_guide`
--
ALTER TABLE `user_guide`
  ADD PRIMARY KEY (`id`);

--
-- AUTO_INCREMENT for table `banners`
--
ALTER TABLE `banners`
  MODIFY `id` int(11) NOT NULL AUTO_INCREMENT, AUTO_INCREMENT=2;

--
-- AUTO_INCREMENT for table `deposit`
--
ALTER TABLE `deposit`
  MODIFY `id` int(11) NOT NULL AUTO_INCREMENT, AUTO_INCREMENT=205;

--
-- AUTO_INCREMENT for table `initiate_user`
--
ALTER TABLE `initiate_user`
  MODIFY `id` int(11) NOT NULL AUTO_INCREMENT, AUTO_INCREMENT=306;

--
-- AUTO_INCREMENT for table `meals`
--
ALTER TABLE `meals`
  MODIFY `id` int(11) NOT NULL AUTO_INCREMENT, AUTO_INCREMENT=1017;

--
-- AUTO_INCREMENT for table `mess`
--
ALTER TABLE `mess`
  MODIFY `id` bigint(20) NOT NULL AUTO_INCREMENT, AUTO_INCREMENT=713;

--
-- AUTO_INCREMENT for table `other_cost`
--
ALTER TABLE `other_cost`
  MODIFY `id` int(11) NOT NULL AUTO_INCREMENT, AUTO_INCREMENT=79;

--
-- AUTO_INCREMENT for table `purchase`
--
ALTER TABLE `purchase`
  MODIFY `id` int(11) NOT NULL AUTO_INCREMENT, AUTO_INCREMENT=158;

--
-- AUTO_INCREMENT for table `purchase_request`
--
ALTER TABLE `purchase_request`
  MODIFY `id` int(11) NOT NULL AUTO_INCREMENT, AUTO_INCREMENT=21;

--
-- AUTO_INCREMENT for table `role`
--
ALTER TABLE `role`
  MODIFY `id` int(11) NOT NULL AUTO_INCREMENT, AUTO_INCREMENT=4;

--
-- AUTO_INCREMENT for table `user_guide`
--
ALTER TABLE `user_guide`
  MODIFY `id` int(11) NOT NULL AUTO_INCREMENT, AUTO_INCREMENT=71;
COMMIT;

